{"id":19,"date":"2018-06-12T20:57:17","date_gmt":"2018-06-12T23:57:17","guid":{"rendered":"http:\/\/blog.ufes.br\/neples\/?page_id=19"},"modified":"2026-04-30T11:18:39","modified_gmt":"2026-04-30T14:18:39","slug":"eventos","status":"publish","type":"page","link":"https:\/\/blog.ufes.br\/neples\/?page_id=19","title":{"rendered":"Eventos"},"content":{"rendered":"<h3><strong>Brav@s Companheir@s e Fantasmas: XII Semin\u00e1rio Sobre o(a) Autor(a) Capixaba<\/strong><\/h3>\n<div class=\"field field-name-body field-type-text-with-summary field-label-hidden\">\n<div class=\"field-items\">\n<div class=\"field-item even\">\n<p class=\"rtejustify\">No anivers\u00e1rio de 30 anos do Neples \u2013 N\u00facleo de Estudos e Pesquisas da Literatura do Esp\u00edrito Santo, est\u00e1 aberta a chamada para trabalhos do evento\u00a0<strong>Bravos\/as companheiros\/as e fantasmas: XII Semin\u00e1rio sobre o\/a autor\/a capixaba,<\/strong>\u00a0em homenagem a Hudson Ribeiro (1961-2021).<\/p>\n<p class=\"rtejustify\">Para participar da sess\u00e3o de comunica\u00e7\u00f5es, pedimos \u00e0s interessadas e interessados que enviem ao endere\u00e7o\u00a0<a class=\"spamspan\" href=\"mailto:neples.ppgl@gmail.com\" data-extlink=\"\">neples.ppgl@gmail.com<\/a>, at\u00e9 o dia 01 de junho de 2026, o resumo, entre 600 e 800 caracteres com espa\u00e7o, das suas comunica\u00e7\u00f5es sobre a obra do autor homenageado ou de qualquer outra\/o capixaba de sua prefer\u00eancia. No arquivo nomeado do resumo dever\u00e3o constar t\u00edtulo, autoria com cr\u00e9ditos acad\u00eamicos e profissionais, o texto do resumo (com indica\u00e7\u00e3o clara do tema, dos objetivos, da fundamenta\u00e7\u00e3o te\u00f3rica) e tr\u00eas palavras-chave. A vers\u00e3o final e revisada da comunica\u00e7\u00e3o, de no m\u00ednimo seis e no m\u00e1ximo dez p\u00e1ginas, em margem A4, espa\u00e7amento 1,5, fonte Times, com cita\u00e7\u00f5es e refer\u00eancias de acordo com as normas da ABNT, dever\u00e1 ser enviada ao Neples at\u00e9 o dia 3 de novembro de 2026.<\/p>\n<p class=\"rtejustify\">A chamada completa segue <a href=\"http:\/\/blog.ufes.br\/neples\/files\/2026\/04\/Chamada-de-trabalhos-para-o-Bravos-companheiros-e-fantasmas-XII-Seminario-sobre-o-autor-capixaba.-2026-PRONTA.pdf\" target=\"_blank\" rel=\"noopener\">em anexo<\/a>, com informa\u00e7\u00f5es e orienta\u00e7\u00f5es. Agradecemos-lhes a gentileza de divulg\u00e1-la em suas redes sociais.<\/p>\n<\/div>\n<\/div>\n<\/div>\n<div class=\"field-label\"><\/div>\n<div><\/div>\n<h3><strong>Brav@s Companheir@s e Fantasmas: XI Semin\u00e1rio Sobre o(a) Autor(a) Capixaba<\/strong><\/h3>\n<p><img loading=\"lazy\" decoding=\"async\" class=\"alignnone size-medium wp-image-1125\" src=\"http:\/\/blog.ufes.br\/neples\/files\/2024\/04\/Cartaz-Bravos-2024-300x300.png\" alt=\"\" width=\"300\" height=\"300\" srcset=\"https:\/\/blog.ufes.br\/neples\/files\/2024\/04\/Cartaz-Bravos-2024-300x300.png 300w, https:\/\/blog.ufes.br\/neples\/files\/2024\/04\/Cartaz-Bravos-2024-1024x1024.png 1024w, https:\/\/blog.ufes.br\/neples\/files\/2024\/04\/Cartaz-Bravos-2024-150x150.png 150w, https:\/\/blog.ufes.br\/neples\/files\/2024\/04\/Cartaz-Bravos-2024-768x768.png 768w, https:\/\/blog.ufes.br\/neples\/files\/2024\/04\/Cartaz-Bravos-2024.png 1080w\" sizes=\"auto, (max-width: 300px) 100vw, 300px\" \/><img loading=\"lazy\" decoding=\"async\" class=\"alignnone size-medium wp-image-1180\" src=\"http:\/\/blog.ufes.br\/neples\/files\/2024\/10\/Programacao-Bravos-2024-300x300.jpg\" alt=\"\" width=\"300\" height=\"300\" srcset=\"https:\/\/blog.ufes.br\/neples\/files\/2024\/10\/Programacao-Bravos-2024-300x300.jpg 300w, https:\/\/blog.ufes.br\/neples\/files\/2024\/10\/Programacao-Bravos-2024-1024x1024.jpg 1024w, https:\/\/blog.ufes.br\/neples\/files\/2024\/10\/Programacao-Bravos-2024-150x150.jpg 150w, https:\/\/blog.ufes.br\/neples\/files\/2024\/10\/Programacao-Bravos-2024-768x768.jpg 768w, https:\/\/blog.ufes.br\/neples\/files\/2024\/10\/Programacao-Bravos-2024.jpg 1080w\" sizes=\"auto, (max-width: 300px) 100vw, 300px\" \/><\/p>\n<p>Audit\u00f3rio do IC-2 do CCHN-Ufes \u2013 22 de agosto, quinta-feira, 2024.<\/p>\n<p><a href=\"https:\/\/blog.ufes.br\/neples\/files\/2024\/04\/Chamada-de-trabalhos-para-o-Bravos-companheiros-e-fantasmas-XI-Seminario-sobre-o-autor-capixaba.-2024.pdf\">Chamada para publica\u00e7\u00e3o<\/a>.<\/p>\n<p><strong>Chamada revisada para publica\u00e7\u00e3o no livro referente ao Bravos X<\/strong><\/p>\n<p><img loading=\"lazy\" decoding=\"async\" class=\"alignnone size-medium wp-image-919\" src=\"http:\/\/blog.ufes.br\/neples\/files\/2022\/10\/Novo-lembrete-Bravos-X-2022-298x300.png\" alt=\"\" width=\"298\" height=\"300\" srcset=\"https:\/\/blog.ufes.br\/neples\/files\/2022\/10\/Novo-lembrete-Bravos-X-2022-298x300.png 298w, https:\/\/blog.ufes.br\/neples\/files\/2022\/10\/Novo-lembrete-Bravos-X-2022-150x150.png 150w, https:\/\/blog.ufes.br\/neples\/files\/2022\/10\/Novo-lembrete-Bravos-X-2022.png 553w\" sizes=\"auto, (max-width: 298px) 100vw, 298px\" \/><\/p>\n<p><a href=\"http:\/\/blog.ufes.br\/neples\/files\/2022\/10\/Chamada-revisada-de-trabalhos-para-o-Bravos-companheiros-e-fantasmas-X-Seminario-sobre-o-autor-capixaba.-2022.pdf\">Chamada revisada de trabalhos para o Bravos companheiros e fantasmas &#8211; X Semin\u00e1rio sobre o autor capixaba. 2022<\/a><\/p>\n<p><strong>PROGRAMA\u00c7\u00c3O DO BRAVOS X\u00a0<\/strong><\/p>\n<p><strong>IC-2 do CCHN-Ufes &#8211; 16 de setembro, sexta-feira, 2022<\/strong><\/p>\n<p><a href=\"http:\/\/blog.ufes.br\/neples\/files\/2022\/09\/Programacao-Bravos-X.pdf\">Programa\u00e7\u00e3o Bravos X<\/a><\/p>\n<p><img loading=\"lazy\" decoding=\"async\" class=\"alignnone size-medium wp-image-879\" src=\"http:\/\/blog.ufes.br\/neples\/files\/2022\/09\/Chamada-palaestra-300x300.jpg\" alt=\"\" width=\"300\" height=\"300\" srcset=\"https:\/\/blog.ufes.br\/neples\/files\/2022\/09\/Chamada-palaestra-300x300.jpg 300w, https:\/\/blog.ufes.br\/neples\/files\/2022\/09\/Chamada-palaestra-1024x1024.jpg 1024w, https:\/\/blog.ufes.br\/neples\/files\/2022\/09\/Chamada-palaestra-150x150.jpg 150w, https:\/\/blog.ufes.br\/neples\/files\/2022\/09\/Chamada-palaestra-768x768.jpg 768w, https:\/\/blog.ufes.br\/neples\/files\/2022\/09\/Chamada-palaestra.jpg 1080w\" sizes=\"auto, (max-width: 300px) 100vw, 300px\" \/> <img loading=\"lazy\" decoding=\"async\" class=\"alignnone size-medium wp-image-878\" src=\"http:\/\/blog.ufes.br\/neples\/files\/2022\/09\/Chamada-palaestra-2-300x300.jpg\" alt=\"\" width=\"300\" height=\"300\" srcset=\"https:\/\/blog.ufes.br\/neples\/files\/2022\/09\/Chamada-palaestra-2-300x300.jpg 300w, https:\/\/blog.ufes.br\/neples\/files\/2022\/09\/Chamada-palaestra-2-1024x1024.jpg 1024w, https:\/\/blog.ufes.br\/neples\/files\/2022\/09\/Chamada-palaestra-2-150x150.jpg 150w, https:\/\/blog.ufes.br\/neples\/files\/2022\/09\/Chamada-palaestra-2-768x768.jpg 768w, https:\/\/blog.ufes.br\/neples\/files\/2022\/09\/Chamada-palaestra-2.jpg 1080w\" sizes=\"auto, (max-width: 300px) 100vw, 300px\" \/><\/p>\n<p><strong>Aten\u00e7\u00e3o \u00e0 nova chamada de trabalhos para o evento Bravos\/as X<\/strong><\/p>\n<p><img loading=\"lazy\" decoding=\"async\" class=\"alignnone size-medium wp-image-810\" src=\"http:\/\/blog.ufes.br\/neples\/files\/2022\/05\/Cartaz-Bravos-X-2022-300x300.jpg\" alt=\"\" width=\"300\" height=\"300\" srcset=\"https:\/\/blog.ufes.br\/neples\/files\/2022\/05\/Cartaz-Bravos-X-2022-300x300.jpg 300w, https:\/\/blog.ufes.br\/neples\/files\/2022\/05\/Cartaz-Bravos-X-2022-1024x1024.jpg 1024w, https:\/\/blog.ufes.br\/neples\/files\/2022\/05\/Cartaz-Bravos-X-2022-150x150.jpg 150w, https:\/\/blog.ufes.br\/neples\/files\/2022\/05\/Cartaz-Bravos-X-2022-768x768.jpg 768w, https:\/\/blog.ufes.br\/neples\/files\/2022\/05\/Cartaz-Bravos-X-2022.jpg 1080w\" sizes=\"auto, (max-width: 300px) 100vw, 300px\" \/> <img loading=\"lazy\" decoding=\"async\" class=\"alignnone size-medium wp-image-828\" src=\"http:\/\/blog.ufes.br\/neples\/files\/2022\/06\/Nova-chamada-Bravos-X-279x300.png\" alt=\"\" width=\"279\" height=\"300\" srcset=\"https:\/\/blog.ufes.br\/neples\/files\/2022\/06\/Nova-chamada-Bravos-X-279x300.png 279w, https:\/\/blog.ufes.br\/neples\/files\/2022\/06\/Nova-chamada-Bravos-X.png 579w\" sizes=\"auto, (max-width: 279px) 100vw, 279px\" \/><\/p>\n<p><a href=\"http:\/\/blog.ufes.br\/neples\/files\/2022\/06\/Nova-chamada-de-trabalhos-para-o-Bravos-companheiros-e-fantasmas-X-Seminario-sobre-o-autor-capixaba.-2022.pdf\">Nova chamada de trabalhos para o Bravos companheiros e fantasmas &#8211; X Semin\u00e1rio sobre o autor capixaba. 2022<\/a><\/p>\n<div dir=\"auto\">Esclarecimentos:<\/div>\n<div dir=\"auto\"><\/div>\n<div dir=\"auto\">1. O semin\u00e1rio\u00a0<b>Bravos\/as X<\/b>\u00a0ser\u00e1 realizado no dia 16 de setembro, apenas com palestras online de convidados\/as no turno da manh\u00e3 (2 palestrantes) e da noite (2 palestrantes).\u00a0Divulgaremos mais adiante os t\u00edtulos, os\/as palestrantes que a comiss\u00e3o organizadora convidar\u00e1 e o link das respectivas lives.<\/div>\n<div dir=\"auto\"><\/div>\n<div dir=\"auto\">2. A exemplo da edi\u00e7\u00e3o de 2020, n\u00e3o haver\u00e1 apresenta\u00e7\u00e3o de mesas-redondas nem de sess\u00f5es de comunica\u00e7\u00f5es. As pessoas que pretendiam expor seus trabalhos dever\u00e3o, se assim o desejarem, enviar-nos seus trabalhos completos exclusivamente para publica\u00e7\u00e3o no volume j\u00e1 tradicional do Neples, que re\u00fane a produ\u00e7\u00e3o cr\u00edtica recente acerca de autores\/as capixabas.<\/div>\n<div dir=\"auto\"><\/div>\n<div dir=\"auto\">Infelizmente, ainda n\u00e3o ser\u00e1 desta vez que nos reuniremos presencialmente para discutir sobre a literatura brasileira produzida no Esp\u00edrito Santo. Esperamos que isso ocorra na pr\u00f3xima edi\u00e7\u00e3o.<\/div>\n<div dir=\"auto\"><\/div>\n<h4><\/h4>\n<h4><strong>Literaluta<\/strong><\/h4>\n<p><img loading=\"lazy\" decoding=\"async\" class=\"alignnone  wp-image-817\" src=\"http:\/\/blog.ufes.br\/neples\/files\/2022\/05\/Literaluta-1-300x300.jpg\" alt=\"\" width=\"378\" height=\"378\" srcset=\"https:\/\/blog.ufes.br\/neples\/files\/2022\/05\/Literaluta-1-300x300.jpg 300w, https:\/\/blog.ufes.br\/neples\/files\/2022\/05\/Literaluta-1-150x150.jpg 150w\" sizes=\"auto, (max-width: 378px) 100vw, 378px\" \/><\/p>\n<h4><strong>DebatePapo<\/strong><\/h4>\n<p><strong>Aten\u00e7\u00e3o:<\/strong><\/p>\n<p><strong>Em decorr\u00eancia dos riscos de um evento presencial neste novo momento da pandemia, optou-se pela realiza\u00e7\u00e3o do DebatePapo de modo remoto. <\/strong><\/p>\n<p><strong>Contamos com sua compreens\u00e3o.<\/strong><\/p>\n<p><img loading=\"lazy\" decoding=\"async\" class=\"alignnone  wp-image-805\" src=\"http:\/\/blog.ufes.br\/neples\/files\/2022\/01\/IMG-20220127-WA0010-291x300.jpg\" alt=\"\" width=\"378\" height=\"390\" srcset=\"https:\/\/blog.ufes.br\/neples\/files\/2022\/01\/IMG-20220127-WA0010-291x300.jpg 291w, https:\/\/blog.ufes.br\/neples\/files\/2022\/01\/IMG-20220127-WA0010-993x1024.jpg 993w, https:\/\/blog.ufes.br\/neples\/files\/2022\/01\/IMG-20220127-WA0010-768x792.jpg 768w, https:\/\/blog.ufes.br\/neples\/files\/2022\/01\/IMG-20220127-WA0010.jpg 1080w\" sizes=\"auto, (max-width: 378px) 100vw, 378px\" \/><\/p>\n<p>O PPGL e o @neples.ppgl promovem DebatePapo presencial com o Prof. Dr. Jo\u00e3o Claudio Arendt. A confer\u00eancia prop\u00f5e suscitar, inicialmente, o debate sobre o regionalismo como categoria tradicional utilizada para classificar, analisar e valorar obras de ambi\u00eancia rural. Em seguida, aborda a regionalidade e suas contribui\u00e7\u00f5es te\u00f3ricas para o estudo das literaturas regionais. A apresenta\u00e7\u00e3o culmina com a &#8220;teoria dos pontos nodais&#8221; enquanto estrat\u00e9gia metodol\u00f3gica para a escrita de hist\u00f3rias liter\u00e1rias regionais. O DebatePapo ser\u00e1 uma pr\u00e9via da disciplina T\u00f3picos especiais B: Historiografia liter\u00e1ria, regionalidade e meio ambiente, que ser\u00e1 ministrada online pelos Professores Jo\u00e3o Claudio Arendt e Adaylson Vasconcelos (p\u00f3s-doutorando) no semestre letivo 2022-1.<\/p>\n<p>Aten\u00e7\u00e3o: \u00a0Ser\u00e3o obrigat\u00f3rios o uso de m\u00e1scara e a apresenta\u00e7\u00e3o de comprovante de vacina\u00e7\u00e3o (duas doses). Vagas limitadas &#8211; ordem de chegada.<\/p>\n<h4><strong>Literaluta<\/strong><\/h4>\n<p><img loading=\"lazy\" decoding=\"async\" class=\"alignnone  wp-image-697\" src=\"http:\/\/blog.ufes.br\/neples\/files\/2020\/09\/Literaluta.jpg\" alt=\"\" width=\"365\" height=\"365\" \/><\/p>\n<h4><b>Brav@s Companheir@s e Fantasmas: <\/b><b style=\"font-size: 1.2em\">IX Semin\u00e1rio Sobre o(a) Autor(a) Capixaba<\/b><\/h4>\n<h4>Em decorr\u00eancia da situa\u00e7\u00e3o de pandemia e isolamento social, modificamos o formato do <b>Brav@s Companheir@s e Fantasmas: IX Semin\u00e1rio Sobre o(a) Autor(a) Capixaba<\/b>, realizado bianualmente pelo Programa de P\u00f3s-Gradua\u00e7\u00e3o em Letras (PPGL) do Centro de Ci\u00eancias Humanas e Naturais (CCHN) da Universidade Federal do Esp\u00edrito Santo (Ufes), por meio do N\u00facleo de Estudos e Pesquisas da Literatura do Esp\u00edrito Santo (Neples).<\/h4>\n<p>Assim sendo, como exposto na nova chamada de trabalhos divulgada no Blog do Neples e na p\u00e1gina do PPGL, duas atividades ser\u00e3o desenvolvidas:<\/p>\n<div dir=\"ltr\">1.\u00a0Publica\u00e7\u00e3o do e-book\u00a0<i>Brav@s companheir@s e fantasmas 9: estudos cr\u00edticos sobre o(a) autor(a) capixaba<\/i>, a ser lan\u00e7ado provavelmente em 2021. A submiss\u00e3o de textos em forma de artigo (de no m\u00e1ximo 30 p\u00e1ginas) para compor o livro eletr\u00f4nico dever\u00e1 ser feita at\u00e9 <span style=\"color: #ff0000\"><strong>04 de outubro 2020 (prorrogado)<\/strong>.<\/span>2.\u00a0<i>Live<\/i>\u00a0do escritor e dramaturgo Wilson Co\u00ealho sobre o teatro de Am\u00e2ncio Pinto Pereira. A palestra ocorrer\u00e1 no dia\u00a0<b>18 de setembro, \u00e0s 10h, no canal do PPGL no Youtube<\/b>.<\/div>\n<div dir=\"ltr\"><img loading=\"lazy\" decoding=\"async\" class=\"alignnone  wp-image-677\" src=\"http:\/\/blog.ufes.br\/neples\/files\/2020\/09\/Live-sobre-Am\u00e2ncio-Pereira.jpg\" alt=\"\" width=\"364\" height=\"364\" \/><\/div>\n<p><strong>ALTERA\u00c7\u00c3O DA CHAMADA PARA O BRAVOS IX<\/strong><\/p>\n<p><img loading=\"lazy\" decoding=\"async\" class=\"alignnone  wp-image-662\" src=\"http:\/\/blog.ufes.br\/neples\/files\/2020\/06\/cartaz-web-IX-Bravos-cortado.jpg\" alt=\"\" width=\"363\" height=\"357\" \/><\/p>\n<p>Em decorr\u00eancia da situa\u00e7\u00e3o de pandemia e isolamento social, que atualmente vivenciamos, decidimo-nos por modificar o formato do <b>Brav@s Companheir@s e Fantasmas: IX Semin\u00e1rio Sobre o(a) Autor(a) Capixaba<\/b>, que o Programa de P\u00f3s-Gradua\u00e7\u00e3o em Letras (PPGL) do Centro de Ci\u00eancias Humanas e Naturais (CCHN) da Universidade Federal do Esp\u00edrito Santo (Ufes), por meio do N\u00facleo de Estudos e Pesquisas da Literatura do Esp\u00edrito Santo (Neples), realizaria presencialmente no dia 18 de setembro de 2020, sexta-feira, com sess\u00f5es nos turnos da manh\u00e3, tarde e noite.<\/p>\n<p>Assim sendo, apresentamos-lhes a nova chamada de trabalhos: submiss\u00e3o, at\u00e9<strong> 04 de outubro (prorrogado)<\/strong>, de textos em forma de artigo para publica\u00e7\u00e3o, se aprovados pela comiss\u00e3o organizadora e\/ou pareceristas ad hoc, no e-book <i>Brav@s companheir@s e fantasmas 9: estudos cr\u00edticos sobre o(a) autor(a) capixaba<\/i>, a ser lan\u00e7ado provavelmente em 2021.<\/p>\n<p><a href=\"http:\/\/blog.ufes.br\/neples\/files\/2020\/06\/Nova-chamada-de-trabalhos-para-o-Bravos-companheiros-e-fantasmas-IX-Semin\u00e1rio-sobre-o-autor-capixaba.-2020.pdf\">Nova chamada de trabalhos para o Bravos companheiros e fantasmas &#8211; IX Semin\u00e1rio sobre o autor capixaba. 2020<\/a><\/p>\n<p><strong>ENTREVISTA COM S\u00c9RGIO BLANK<\/strong><\/p>\n<p><img loading=\"lazy\" decoding=\"async\" class=\"alignnone  wp-image-572\" src=\"http:\/\/blog.ufes.br\/neples\/files\/2019\/12\/Neples-Blank.jpg\" alt=\"\" width=\"360\" height=\"360\" \/><\/p>\n<p>O poeta\/professor Orlando Lopes e o poeta\/jornalista Ca\u00ea Guimar\u00e3es entrevistaram o poeta S\u00e9rgio Blank, abordando sua vida e obra. O bate-papo foi gravado no Trapiche Gam\u00e3o, em Vit\u00f3ria &#8211; ES, no dia 07 de dezembro de 2019. Produ\u00e7\u00e3o de Vitor Cei. Promo\u00e7\u00e3o: <em>Fern\u00e3o: Revista do N\u00facleo de Estudos e Pesquisas da Literatura do Esp\u00edrito Santo<\/em> (Neples).<\/p>\n<p><a href=\"https:\/\/youtu.be\/w2wW7tPQTGI\" target=\"_blank\" rel=\"noopener noreferrer\" data-saferedirecturl=\"https:\/\/www.google.com\/url?q=https:\/\/youtu.be\/w2wW7tPQTGI&amp;source=gmail&amp;ust=1577663048326000&amp;usg=AFQjCNFJy-FJOPx_JmlzGpbbrTo8m89Gqw\">https:\/\/youtu.be\/w2wW7tPQTGI<\/a><\/p>\n<p>2018<\/p>\n<p><img loading=\"lazy\" decoding=\"async\" class=\"alignnone wp-image-28\" src=\"http:\/\/blog.ufes.br\/neples\/files\/2018\/06\/Bravos-VIII-imagem.jpg\" alt=\"\" width=\"350\" height=\"511\" \/><\/p>\n<p><strong>Eventos anteriores:<\/strong><\/p>\n<p>2016<\/p>\n<p><img loading=\"lazy\" decoding=\"async\" class=\"alignnone wp-image-89\" src=\"http:\/\/blog.ufes.br\/neples\/files\/2018\/06\/Cartaz-VII-Bravos.jpg\" alt=\"\" width=\"352\" height=\"530\" \/><\/p>\n<p>2014<\/p>\n<p><img loading=\"lazy\" decoding=\"async\" class=\"alignnone wp-image-88\" src=\"http:\/\/blog.ufes.br\/neples\/files\/2018\/06\/Cartaz-VI-Bravos.jpg\" alt=\"\" width=\"347\" height=\"492\" \/><\/p>\n<p>2012<\/p>\n<p><img loading=\"lazy\" decoding=\"async\" class=\"alignnone wp-image-83\" src=\"http:\/\/blog.ufes.br\/neples\/files\/2018\/06\/Cartaz-Bravo-V-tamanho-menor.jpg\" alt=\"\" width=\"348\" height=\"488\" \/><\/p>\n<p>2010<\/p>\n<p><img loading=\"lazy\" decoding=\"async\" class=\"alignnone wp-image-87\" src=\"http:\/\/blog.ufes.br\/neples\/files\/2018\/06\/Cartaz-do-IV-BCF.jpg\" alt=\"\" width=\"560\" height=\"266\" \/><\/p>\n<p>2008<\/p>\n<p><img loading=\"lazy\" decoding=\"async\" class=\"alignnone wp-image-86\" src=\"http:\/\/blog.ufes.br\/neples\/files\/2018\/06\/Cartaz-do-III-BCF-2008.jpg\" alt=\"\" width=\"348\" height=\"492\" \/><\/p>\n<p>2006<\/p>\n<p><img loading=\"lazy\" decoding=\"async\" class=\"alignnone wp-image-85\" src=\"http:\/\/blog.ufes.br\/neples\/files\/2018\/06\/Cartaz-do-II-BCF-2006.jpg\" alt=\"\" width=\"352\" height=\"455\" \/><\/p>\n<p>2004<\/p>\n<p><img loading=\"lazy\" decoding=\"async\" class=\"alignnone wp-image-84\" src=\"http:\/\/blog.ufes.br\/neples\/files\/2018\/06\/Cartaz-Bravos-I-tamanho-menor.jpg\" alt=\"\" width=\"345\" height=\"460\" \/><\/p>\n","protected":false},"excerpt":{"rendered":"<p>Brav@s Companheir@s e Fantasmas: XII Semin\u00e1rio Sobre o(a) Autor(a) Capixaba No anivers\u00e1rio de 30 anos do Neples \u2013 N\u00facleo de Estudos e Pesquisas da Literatura do Esp\u00edrito Santo, est\u00e1 aberta a chamada para trabalhos do evento\u00a0Bravos\/as companheiros\/as e fantasmas: XII &hellip; <a href=\"https:\/\/blog.ufes.br\/neples\/?page_id=19\">Continue lendo <span class=\"meta-nav\">&rarr;<\/span><\/a><\/p>\n","protected":false},"author":342,"featured_media":0,"parent":0,"menu_order":0,"comment_status":"closed","ping_status":"closed","template":"","meta":{"_bbp_topic_count":0,"_bbp_reply_count":0,"_bbp_total_topic_count":0,"_bbp_total_reply_count":0,"_bbp_voice_count":0,"_bbp_anonymous_reply_count":0,"_bbp_topic_count_hidden":0,"_bbp_reply_count_hidden":0,"_bbp_forum_subforum_count":0,"_uag_custom_page_level_css":"","footnotes":""},"class_list":["post-19","page","type-page","status-publish","hentry"],"uagb_featured_image_src":{"full":false,"thumbnail":false,"medium":false,"medium_large":false,"large":false,"1536x1536":false,"2048x2048":false,"post-thumbnail":false},"uagb_author_info":{"display_name":"paulo.sodre","author_link":"https:\/\/blog.ufes.br\/neples\/?author=342"},"uagb_comment_info":0,"uagb_excerpt":"Brav@s Companheir@s e Fantasmas: XII Semin\u00e1rio Sobre o(a) Autor(a) Capixaba No anivers\u00e1rio de 30 anos do Neples \u2013 N\u00facleo de Estudos e Pesquisas da Literatura do Esp\u00edrito Santo, est\u00e1 aberta a chamada para trabalhos do evento\u00a0Bravos\/as companheiros\/as e fantasmas: XII &hellip; Continue lendo &rarr;","_links":{"self":[{"href":"https:\/\/blog.ufes.br\/neples\/index.php?rest_route=\/wp\/v2\/pages\/19","targetHints":{"allow":["GET"]}}],"collection":[{"href":"https:\/\/blog.ufes.br\/neples\/index.php?rest_route=\/wp\/v2\/pages"}],"about":[{"href":"https:\/\/blog.ufes.br\/neples\/index.php?rest_route=\/wp\/v2\/types\/page"}],"author":[{"embeddable":true,"href":"https:\/\/blog.ufes.br\/neples\/index.php?rest_route=\/wp\/v2\/users\/342"}],"replies":[{"embeddable":true,"href":"https:\/\/blog.ufes.br\/neples\/index.php?rest_route=%2Fwp%2Fv2%2Fcomments&post=19"}],"version-history":[{"count":40,"href":"https:\/\/blog.ufes.br\/neples\/index.php?rest_route=\/wp\/v2\/pages\/19\/revisions"}],"predecessor-version":[{"id":1241,"href":"https:\/\/blog.ufes.br\/neples\/index.php?rest_route=\/wp\/v2\/pages\/19\/revisions\/1241"}],"wp:attachment":[{"href":"https:\/\/blog.ufes.br\/neples\/index.php?rest_route=%2Fwp%2Fv2%2Fmedia&parent=19"}],"curies":[{"name":"wp","href":"https:\/\/api.w.org\/{rel}","templated":true}]}}