{"id":99,"date":"2018-06-13T19:28:23","date_gmt":"2018-06-13T22:28:23","guid":{"rendered":"http:\/\/blog.ufes.br\/neples\/?page_id=99"},"modified":"2023-05-29T10:29:15","modified_gmt":"2023-05-29T13:29:15","slug":"grupo-cnpq","status":"publish","type":"page","link":"https:\/\/blog.ufes.br\/neples\/?page_id=99","title":{"rendered":"Grupo CNPq"},"content":{"rendered":"<div id=\"tituloImpressao\" class=\"ac\">\n<p><strong>Grupo de pesquisa<\/strong><\/p>\n<h1>N\u00facleo de Estudos e Pesquisas da Literatura do Esp\u00edrito Santo &#8211; Neples<\/h1>\n<p><strong>Certifica\u00e7\u00e3o atual (2023)<\/strong><\/p>\n<p><img loading=\"lazy\" decoding=\"async\" class=\"alignnone  wp-image-1057\" src=\"http:\/\/blog.ufes.br\/neples\/files\/2023\/05\/Neples-CNPq-300x183.png\" alt=\"\" width=\"318\" height=\"194\" srcset=\"https:\/\/blog.ufes.br\/neples\/files\/2023\/05\/Neples-CNPq-300x183.png 300w, https:\/\/blog.ufes.br\/neples\/files\/2023\/05\/Neples-CNPq-768x468.png 768w, https:\/\/blog.ufes.br\/neples\/files\/2023\/05\/Neples-CNPq.png 918w\" sizes=\"auto, (max-width: 318px) 100vw, 318px\" \/><\/p>\n<p>Identifica\u00e7\u00e3o<\/p>\n<div class=\"control-group\"><label class=\"control-label\">Situa\u00e7\u00e3o do grupo: <\/label>Certificado<\/div>\n<div class=\"control-group\"><label class=\"control-label\">Ano de forma\u00e7\u00e3o: <\/label>1996<\/div>\n<div class=\"control-group\"><label class=\"control-label\">Data da Situa\u00e7\u00e3o: <\/label>28\/03\/2018 10:59<\/div>\n<div class=\"control-group\"><strong><label class=\"control-label\">Data do \u00faltimo envio: <\/label>24\/05\/2023 13:04<\/strong><\/div>\n<div class=\"control-group\"><label class=\"control-label\">L\u00edder(es) do grupo: <\/label>S\u00e9rgio da Fonseca Amaral<\/div>\n<div class=\"control-group\"><label class=\"control-label\">\u00c1rea predominante: <\/label>Lingu\u00edstica, Letras e Artes; Letras<\/div>\n<div class=\"control-group\"><label class=\"control-label\">Institui\u00e7\u00e3o do grupo: <\/label>Universidade Federal do Esp\u00edrito Santo &#8211; Ufes<\/div>\n<div class=\"control-group\"><label class=\"control-label\">Unidade: <\/label>Centro de Ci\u00eancias Humanas e Naturais &#8211; Programa de P\u00f3s-gradua\u00e7\u00e3o em Letras<\/div>\n<div><\/div>\n<div>\n<div id=\"linhaPesquisa\">\n<fieldset>\n<legend>Linhas de pesquisa: Literatura: Alteridade e Sociedade (LAS); Po\u00e9ticas da Antiguidade \u00e0 Contemporaneidade (PAC)<\/legend>\n<\/fieldset>\n<fieldset>\n<div id=\"idFormVisualizarGrupoPesquisa:j_idt247\" class=\"ui-datatable ui-widget table table-bordered table-condensed table-hover table-striped\">\n<div class=\"ui-datatable-tablewrapper\"><\/div>\n<\/div>\n<\/fieldset>\n<\/div>\n<div id=\"recursosHumanos\">\n<fieldset>\n<legend>Pesquisadores\/as: Ester Abreu Vieira de Oliveira, Grace Alves da Paix\u00e3o, Linda Emiko Kogure, Lino Machado, Maria Am\u00e9lia Dalvi Salgueiro, Michele Freire Schiffler, Paulo Roberto Sodr\u00e9, S\u00e9rgio da Fonseca Amaral, Vitor Cei Santos, Wilberth Salgueiro.<\/legend>\n<\/fieldset>\n<fieldset>\n<div id=\"idFormVisualizarGrupoPesquisa:j_idt267\" class=\"ui-datatable ui-widget table table-bordered table-condensed table-hover table-striped\">\n<div class=\"ui-datatable-tablewrapper\">Estudantes: Carlilio Louzada de Oliveira Junior (mestrado), Eduardo Costa Madeira (doutorado), Emanuel Helbert Pinto Pereira (Inicia\u00e7\u00e3o Cient\u00edfica), Igor Roberto Ahnert (Inicia\u00e7\u00e3o Cient\u00edfica), Italo Costermani (Inicia\u00e7\u00e3o Cient\u00edfica), K\u00e9sia Gomes da Silva (mestrado), Nathalya Gon\u00e7alves Vallory (Inicia\u00e7\u00e3o Cient\u00edfica), Rodrigo Leite Caldeira (doutorado), Wanderton de Souza Dutra (Inicia\u00e7\u00e3o Cient\u00edfica).<\/div>\n<\/div>\n<div id=\"idFormVisualizarGrupoPesquisa:j_idt284\" class=\"ui-datatable ui-widget table table-bordered table-condensed table-hover table-striped\">\n<div class=\"ui-datatable-tablewrapper\"><\/div>\n<\/div>\n<\/fieldset>\n<\/div>\n<\/div>\n<p><strong>Registro da primeira Certifica\u00e7\u00e3o (2018):<\/strong><\/p>\n<div>\n<div>\n<div class=\"selo-grupo\"><img decoding=\"async\" id=\"idFormVisualizarGrupoPesquisa:j_idt82\" src=\"http:\/\/dgp.cnpq.br\/dgp\/img\/grupo_cert_pela_instituicao.png\" alt=\"\" \/><\/div>\n<\/div>\n<\/div>\n<\/div>\n<div>Endere\u00e7o para acessar este espelho: dgp.cnpq.br\/dgp\/espelhogrupo\/8439065091101566<\/div>\n<div id=\"idFormVisualizarGrupoPesquisa:mensagensEspelhoRH\" class=\"ui-messages ui-widget\"><\/div>\n<div class=\"form-horizontal control-info box-form\">\n<div id=\"identificacao\">\n<fieldset>\n<legend>Identifica\u00e7\u00e3o<\/legend>\n<div class=\"control-group\"><label class=\"control-label\">Situa\u00e7\u00e3o do grupo:\u00a0<\/label>Certificado<\/div>\n<div class=\"control-group\"><label class=\"control-label\">Ano de forma\u00e7\u00e3o:\u00a0<\/label>1996 (ano de registro: 2018)<\/div>\n<div class=\"control-group\"><label class=\"control-label\">Data da Situa\u00e7\u00e3o:\u00a0<\/label>28\/03\/2018 10:59<\/div>\n<div class=\"control-group\"><label class=\"control-label\">Data do \u00faltimo envio:\u00a0<\/label>28\/04\/2018 10:53<\/div>\n<div class=\"control-group\"><label class=\"control-label\">L\u00edder(es) do grupo: Paulo Roberto Sodr\u00e9<\/label><\/div>\n<div class=\"control-group\"><label class=\"control-label\">\u00c1rea predominante:\u00a0<\/label>Lingu\u00edstica, Letras e Artes; Letras<\/div>\n<div class=\"control-group\"><label class=\"control-label\">Institui\u00e7\u00e3o do grupo:\u00a0<\/label>Universidade Federal do Esp\u00edrito Santo &#8211; Ufes<\/div>\n<div class=\"control-group\"><label class=\"control-label\">Unidade:\u00a0<\/label>Centro de Ci\u00eancias Humanas e Naturais<\/div>\n<div>Linhas de pesquisa:\u00a0Literatura: Alteridade e Sociedade (LAS),\u00a0Po\u00e9ticas da Antiguidade \u00e0 Contemporaneidade (PAC)<\/div>\n<div>Pesquisadores: Ester Abreu Vieira de Oliveira, Grace Alves da Paix\u00e3o, Linda Kogure, Lino Machado, Maria Am\u00e9lia Dalvi Salgueiro, Michele Freire Schiffler, S\u00e9rgio da Fonseca Amaral, Wilberth C. F. Salgueiro<\/div>\n<div><\/div>\n<div>Link de acesso:\u00a0http:\/\/dgp.cnpq.br\/dgp\/espelhogrupo\/8439065091101566<\/div>\n<\/fieldset>\n<\/div>\n<\/div>\n","protected":false},"excerpt":{"rendered":"<p>Grupo de pesquisa N\u00facleo de Estudos e Pesquisas da Literatura do Esp\u00edrito Santo &#8211; Neples Certifica\u00e7\u00e3o atual (2023) Identifica\u00e7\u00e3o Situa\u00e7\u00e3o do grupo: Certificado Ano de forma\u00e7\u00e3o: 1996 Data da Situa\u00e7\u00e3o: 28\/03\/2018 10:59 Data do \u00faltimo envio: 24\/05\/2023 13:04 L\u00edder(es) do &hellip; <a href=\"https:\/\/blog.ufes.br\/neples\/?page_id=99\">Continue lendo <span class=\"meta-nav\">&rarr;<\/span><\/a><\/p>\n","protected":false},"author":342,"featured_media":0,"parent":0,"menu_order":0,"comment_status":"closed","ping_status":"closed","template":"","meta":{"_bbp_topic_count":0,"_bbp_reply_count":0,"_bbp_total_topic_count":0,"_bbp_total_reply_count":0,"_bbp_voice_count":0,"_bbp_anonymous_reply_count":0,"_bbp_topic_count_hidden":0,"_bbp_reply_count_hidden":0,"_bbp_forum_subforum_count":0,"_uag_custom_page_level_css":"","footnotes":""},"class_list":["post-99","page","type-page","status-publish","hentry"],"uagb_featured_image_src":{"full":false,"thumbnail":false,"medium":false,"medium_large":false,"large":false,"1536x1536":false,"2048x2048":false,"post-thumbnail":false},"uagb_author_info":{"display_name":"paulo.sodre","author_link":"https:\/\/blog.ufes.br\/neples\/?author=342"},"uagb_comment_info":0,"uagb_excerpt":"Grupo de pesquisa N\u00facleo de Estudos e Pesquisas da Literatura do Esp\u00edrito Santo &#8211; Neples Certifica\u00e7\u00e3o atual (2023) Identifica\u00e7\u00e3o Situa\u00e7\u00e3o do grupo: Certificado Ano de forma\u00e7\u00e3o: 1996 Data da Situa\u00e7\u00e3o: 28\/03\/2018 10:59 Data do \u00faltimo envio: 24\/05\/2023 13:04 L\u00edder(es) do &hellip; Continue lendo &rarr;","_links":{"self":[{"href":"https:\/\/blog.ufes.br\/neples\/index.php?rest_route=\/wp\/v2\/pages\/99","targetHints":{"allow":["GET"]}}],"collection":[{"href":"https:\/\/blog.ufes.br\/neples\/index.php?rest_route=\/wp\/v2\/pages"}],"about":[{"href":"https:\/\/blog.ufes.br\/neples\/index.php?rest_route=\/wp\/v2\/types\/page"}],"author":[{"embeddable":true,"href":"https:\/\/blog.ufes.br\/neples\/index.php?rest_route=\/wp\/v2\/users\/342"}],"replies":[{"embeddable":true,"href":"https:\/\/blog.ufes.br\/neples\/index.php?rest_route=%2Fwp%2Fv2%2Fcomments&post=99"}],"version-history":[{"count":9,"href":"https:\/\/blog.ufes.br\/neples\/index.php?rest_route=\/wp\/v2\/pages\/99\/revisions"}],"predecessor-version":[{"id":1063,"href":"https:\/\/blog.ufes.br\/neples\/index.php?rest_route=\/wp\/v2\/pages\/99\/revisions\/1063"}],"wp:attachment":[{"href":"https:\/\/blog.ufes.br\/neples\/index.php?rest_route=%2Fwp%2Fv2%2Fmedia&parent=99"}],"curies":[{"name":"wp","href":"https:\/\/api.w.org\/{rel}","templated":true}]}}