{"id":55,"date":"2019-12-17T10:50:31","date_gmt":"2019-12-17T13:50:31","guid":{"rendered":"http:\/\/blog.ufes.br\/netseca\/?page_id=55"},"modified":"2023-01-05T15:51:13","modified_gmt":"2023-01-05T18:51:13","slug":"fotos","status":"publish","type":"page","link":"https:\/\/blog.ufes.br\/netseca\/fotos\/","title":{"rendered":"Fotos"},"content":{"rendered":"\n<h2 class=\"wp-block-heading\">Laborat\u00f3rio de Bioqu\u00edmica e Biologia Molecular<\/h2>\n\n\n\n<figure class=\"wp-block-gallery has-nested-images columns-default is-cropped wp-block-gallery-1 is-layout-flex wp-block-gallery-is-layout-flex\">\n<figure class=\"wp-block-image is-style-rounded\"><img loading=\"lazy\" decoding=\"async\" width=\"2992\" height=\"2000\" data-id=\"90\" src=\"https:\/\/blog.ufes.br\/netseca\/files\/2019\/12\/DSC_0395.jpg\" alt=\"\" class=\"wp-image-90\" \/><figcaption class=\"wp-element-caption\"><strong>Termocicladores para an\u00e1lise de PCR<\/strong><\/figcaption><\/figure>\n\n\n\n<figure class=\"wp-block-image is-style-rounded\"><img loading=\"lazy\" decoding=\"async\" width=\"2000\" height=\"2992\" data-id=\"85\" src=\"https:\/\/blog.ufes.br\/netseca\/files\/2019\/12\/DSC_0402.jpg\" alt=\"\" class=\"wp-image-85\" \/><figcaption class=\"wp-element-caption\"><strong>Espa\u00e7o de realiza\u00e7\u00e3o das atividades<\/strong><\/figcaption><\/figure>\n\n\n\n<figure class=\"wp-block-image is-style-rounded\"><img loading=\"lazy\" decoding=\"async\" width=\"2000\" height=\"2992\" data-id=\"86\" src=\"https:\/\/blog.ufes.br\/netseca\/files\/2019\/12\/DSC_0388.jpg\" alt=\"\" class=\"wp-image-86\" \/><figcaption class=\"wp-element-caption\"><strong>Sala de reagentes<\/strong><\/figcaption><\/figure>\n\n\n\n<figure class=\"wp-block-image is-style-rounded\"><img loading=\"lazy\" decoding=\"async\" width=\"2992\" height=\"2000\" data-id=\"88\" src=\"https:\/\/blog.ufes.br\/netseca\/files\/2019\/12\/DSC_0389.jpg\" alt=\"\" class=\"wp-image-88\" \/><figcaption class=\"wp-element-caption\"><strong>Ambiente de estudo<\/strong><\/figcaption><\/figure>\n\n\n\n<figure class=\"wp-block-image is-style-rounded\"><img loading=\"lazy\" decoding=\"async\" width=\"2992\" height=\"2000\" data-id=\"87\" src=\"https:\/\/blog.ufes.br\/netseca\/files\/2019\/12\/DSC_0393.jpg\" alt=\"\" class=\"wp-image-87\" \/><figcaption class=\"wp-element-caption\"><strong>Espa\u00e7o de an\u00e1lise por eletroforese<\/strong><\/figcaption><\/figure>\n\n\n\n<figure class=\"wp-block-image is-style-rounded\"><img loading=\"lazy\" decoding=\"async\" width=\"2992\" height=\"2000\" data-id=\"89\" src=\"https:\/\/blog.ufes.br\/netseca\/files\/2019\/12\/DSC_0398.jpg\" alt=\"\" class=\"wp-image-89\" \/><figcaption class=\"wp-element-caption\"><strong>Espa\u00e7o de realiza\u00e7\u00e3o das atividades<\/strong><\/figcaption><\/figure>\n\n\n\n<figure class=\"wp-block-image is-style-rounded\"><img loading=\"lazy\" decoding=\"async\" width=\"2000\" height=\"2992\" data-id=\"91\" src=\"https:\/\/blog.ufes.br\/netseca\/files\/2019\/12\/DSC_0392.jpg\" alt=\"\" class=\"wp-image-91\" \/><figcaption class=\"wp-element-caption\"><strong>Espa\u00e7o de realiza\u00e7\u00e3o das atividades<\/strong><\/figcaption><\/figure>\n\n\n\n<figure class=\"wp-block-image is-style-rounded\"><img loading=\"lazy\" decoding=\"async\" width=\"2992\" height=\"2000\" data-id=\"92\" src=\"https:\/\/blog.ufes.br\/netseca\/files\/2019\/12\/DSC_0404.jpg\" alt=\"\" class=\"wp-image-92\" \/><figcaption class=\"wp-element-caption\"><strong>Espa\u00e7o de realiza\u00e7\u00e3o das atividades<\/strong><\/figcaption><\/figure>\n<\/figure>\n\n\n\n<h2 class=\"has-text-align-left wp-block-heading\">Experimento em Casa de Vegeta\u00e7\u00e3o<\/h2>\n\n\n\n<figure class=\"wp-block-gallery aligncenter has-nested-images columns-default is-cropped wp-block-gallery-2 is-layout-flex wp-block-gallery-is-layout-flex\">\n<figure class=\"wp-block-image is-style-rounded\"><img loading=\"lazy\" decoding=\"async\" width=\"2560\" height=\"1707\" data-id=\"119\" src=\"https:\/\/blog.ufes.br\/netseca\/files\/2022\/12\/DSC_0109-edited-scaled.jpg\" alt=\"\" class=\"wp-image-119\" srcset=\"https:\/\/blog.ufes.br\/netseca\/files\/2022\/12\/DSC_0109-edited-scaled.jpg 2560w, https:\/\/blog.ufes.br\/netseca\/files\/2022\/12\/DSC_0109-edited-300x200.jpg 300w, https:\/\/blog.ufes.br\/netseca\/files\/2022\/12\/DSC_0109-edited-1024x683.jpg 1024w, https:\/\/blog.ufes.br\/netseca\/files\/2022\/12\/DSC_0109-edited-768x512.jpg 768w, https:\/\/blog.ufes.br\/netseca\/files\/2022\/12\/DSC_0109-edited-1536x1024.jpg 1536w, https:\/\/blog.ufes.br\/netseca\/files\/2022\/12\/DSC_0109-edited-2048x1366.jpg 2048w\" sizes=\"auto, (max-width: 2560px) 100vw, 2560px\" \/><figcaption class=\"wp-element-caption\"><strong>Experimento instalado em um Delineamento Inteiramente Casualizado<\/strong><\/figcaption><\/figure>\n\n\n\n<figure class=\"wp-block-image is-style-rounded\"><img loading=\"lazy\" decoding=\"async\" width=\"2000\" height=\"2992\" data-id=\"69\" src=\"https:\/\/blog.ufes.br\/netseca\/files\/2019\/12\/DSC_0094.jpg\" alt=\"\" class=\"wp-image-69\" \/><figcaption class=\"wp-element-caption\"><strong>Experimento instalado em um Delineamento Inteiramente Casualizado<\/strong><\/figcaption><\/figure>\n\n\n\n<figure class=\"wp-block-image is-style-rounded\"><img loading=\"lazy\" decoding=\"async\" width=\"2992\" height=\"2000\" data-id=\"70\" src=\"https:\/\/blog.ufes.br\/netseca\/files\/2019\/12\/DSC_0037.jpg\" alt=\"\" class=\"wp-image-70\" \/><figcaption class=\"wp-element-caption\"><strong>Experimento instalado em um Delineamento Inteiramente Casualizado<\/strong><\/figcaption><\/figure>\n\n\n\n<figure class=\"wp-block-image is-style-rounded\"><img loading=\"lazy\" decoding=\"async\" width=\"2000\" height=\"2992\" data-id=\"71\" src=\"https:\/\/blog.ufes.br\/netseca\/files\/2019\/12\/DSC_0054.jpg\" alt=\"\" class=\"wp-image-71\" \/><\/figure>\n\n\n\n<figure class=\"wp-block-image is-style-rounded\"><img loading=\"lazy\" decoding=\"async\" width=\"2992\" height=\"2000\" data-id=\"72\" src=\"https:\/\/blog.ufes.br\/netseca\/files\/2019\/12\/DSC_0051.jpg\" alt=\"\" class=\"wp-image-72\" \/><\/figure>\n\n\n\n<figure class=\"wp-block-image is-style-rounded\"><img loading=\"lazy\" decoding=\"async\" width=\"2992\" height=\"2000\" data-id=\"73\" src=\"https:\/\/blog.ufes.br\/netseca\/files\/2019\/12\/DSC_0049.jpg\" alt=\"\" class=\"wp-image-73\" \/><\/figure>\n\n\n\n<figure class=\"wp-block-image is-style-rounded\"><img loading=\"lazy\" decoding=\"async\" width=\"2992\" height=\"2000\" data-id=\"74\" src=\"https:\/\/blog.ufes.br\/netseca\/files\/2019\/12\/DSC_0064.jpg\" alt=\"\" class=\"wp-image-74\" \/><\/figure>\n\n\n\n<figure class=\"wp-block-image is-style-rounded\"><img loading=\"lazy\" decoding=\"async\" width=\"2992\" height=\"2000\" data-id=\"77\" src=\"https:\/\/blog.ufes.br\/netseca\/files\/2019\/12\/DSC_0068.jpg\" alt=\"\" class=\"wp-image-77\" \/><\/figure>\n\n\n\n<figure class=\"wp-block-image is-style-rounded\"><img loading=\"lazy\" decoding=\"async\" width=\"2992\" height=\"2000\" data-id=\"78\" src=\"https:\/\/blog.ufes.br\/netseca\/files\/2019\/12\/DSC_0047.jpg\" alt=\"\" class=\"wp-image-78\" \/><\/figure>\n\n\n\n<figure class=\"wp-block-image is-style-rounded\"><img loading=\"lazy\" decoding=\"async\" width=\"2992\" height=\"2000\" data-id=\"79\" src=\"https:\/\/blog.ufes.br\/netseca\/files\/2019\/12\/DSC_0063.jpg\" alt=\"\" class=\"wp-image-79\" \/><\/figure>\n\n\n\n<figure class=\"wp-block-image is-style-rounded\"><img loading=\"lazy\" decoding=\"async\" width=\"2992\" height=\"2000\" data-id=\"80\" src=\"https:\/\/blog.ufes.br\/netseca\/files\/2019\/12\/DSC_0106.jpg\" alt=\"\" class=\"wp-image-80\" \/><\/figure>\n\n\n\n<figure class=\"wp-block-image is-style-rounded\"><img loading=\"lazy\" decoding=\"async\" width=\"2992\" height=\"2000\" data-id=\"81\" src=\"https:\/\/blog.ufes.br\/netseca\/files\/2019\/12\/DSC_0041.jpg\" alt=\"\" class=\"wp-image-81\" \/><\/figure>\n\n\n\n<figure class=\"wp-block-image is-style-rounded\"><img loading=\"lazy\" decoding=\"async\" width=\"2992\" height=\"2000\" data-id=\"82\" src=\"https:\/\/blog.ufes.br\/netseca\/files\/2019\/12\/DSC_0044.jpg\" alt=\"\" class=\"wp-image-82\" \/><\/figure>\n\n\n\n<figure class=\"wp-block-image is-style-rounded\"><img loading=\"lazy\" decoding=\"async\" width=\"2992\" height=\"2000\" data-id=\"83\" src=\"https:\/\/blog.ufes.br\/netseca\/files\/2019\/12\/DSC_0056.jpg\" alt=\"\" class=\"wp-image-83\" \/><\/figure>\n\n\n\n<figure class=\"wp-block-image is-style-rounded\"><img loading=\"lazy\" decoding=\"async\" width=\"2992\" height=\"2000\" data-id=\"84\" src=\"https:\/\/blog.ufes.br\/netseca\/files\/2019\/12\/DSC_0108.jpg\" alt=\"\" class=\"wp-image-84\" \/><\/figure>\n<\/figure>\n\n\n\n<h2 class=\"wp-block-heading\">Experimento em Campo &#8211; Fazenda Experimental Bananal do Norte- Cachoeiro\/ES (INCAPER)<\/h2>\n\n\n\n<figure class=\"wp-block-gallery has-nested-images columns-default is-cropped wp-block-gallery-3 is-layout-flex wp-block-gallery-is-layout-flex\">\n<figure class=\"wp-block-image size-large is-style-rounded\"><img loading=\"lazy\" decoding=\"async\" width=\"768\" height=\"1024\" data-id=\"132\" src=\"https:\/\/blog.ufes.br\/netseca\/files\/2022\/12\/IMG_6125_Original-768x1024.jpg\" alt=\"\" class=\"wp-image-132\" srcset=\"https:\/\/blog.ufes.br\/netseca\/files\/2022\/12\/IMG_6125_Original-768x1024.jpg 768w, https:\/\/blog.ufes.br\/netseca\/files\/2022\/12\/IMG_6125_Original-225x300.jpg 225w, https:\/\/blog.ufes.br\/netseca\/files\/2022\/12\/IMG_6125_Original-1152x1536.jpg 1152w, https:\/\/blog.ufes.br\/netseca\/files\/2022\/12\/IMG_6125_Original-1536x2048.jpg 1536w, https:\/\/blog.ufes.br\/netseca\/files\/2022\/12\/IMG_6125_Original-scaled.jpg 1920w\" sizes=\"auto, (max-width: 768px) 100vw, 768px\" \/><figcaption class=\"wp-element-caption\"><strong>Experimento Instalado em Blocos Inteiramente Casualizados<\/strong><\/figcaption><\/figure>\n\n\n\n<figure class=\"wp-block-image size-large is-resized is-style-rounded\"><img loading=\"lazy\" decoding=\"async\" data-id=\"130\" src=\"https:\/\/blog.ufes.br\/netseca\/files\/2022\/12\/IMG_0786-768x1024.jpg\" alt=\"\" class=\"wp-image-130\" width=\"285\" height=\"379\" srcset=\"https:\/\/blog.ufes.br\/netseca\/files\/2022\/12\/IMG_0786-768x1024.jpg 768w, https:\/\/blog.ufes.br\/netseca\/files\/2022\/12\/IMG_0786-225x300.jpg 225w, https:\/\/blog.ufes.br\/netseca\/files\/2022\/12\/IMG_0786-1152x1536.jpg 1152w, https:\/\/blog.ufes.br\/netseca\/files\/2022\/12\/IMG_0786-1536x2048.jpg 1536w, https:\/\/blog.ufes.br\/netseca\/files\/2022\/12\/IMG_0786-scaled.jpg 1920w\" sizes=\"auto, (max-width: 285px) 100vw, 285px\" \/><figcaption class=\"wp-element-caption\"><strong>Experimento Instalado em Blocos Inteiramente Casualizados<\/strong><\/figcaption><\/figure>\n\n\n\n<figure class=\"wp-block-image size-large is-resized is-style-rounded\"><img loading=\"lazy\" decoding=\"async\" data-id=\"126\" src=\"https:\/\/blog.ufes.br\/netseca\/files\/2022\/12\/WhatsApp-Image-2022-09-16-at-12.20.12-edited-1.jpeg\" alt=\"\" class=\"wp-image-126\" width=\"353\" height=\"221\" srcset=\"https:\/\/blog.ufes.br\/netseca\/files\/2022\/12\/WhatsApp-Image-2022-09-16-at-12.20.12-edited-1.jpeg 958w, https:\/\/blog.ufes.br\/netseca\/files\/2022\/12\/WhatsApp-Image-2022-09-16-at-12.20.12-edited-1-300x188.jpeg 300w, https:\/\/blog.ufes.br\/netseca\/files\/2022\/12\/WhatsApp-Image-2022-09-16-at-12.20.12-edited-1-768x480.jpeg 768w\" sizes=\"auto, (max-width: 353px) 100vw, 353px\" \/><figcaption class=\"wp-element-caption\"><strong>Experimento Instalado em Blocos Inteiramente Casualizados<\/strong><\/figcaption><\/figure>\n\n\n\n<figure class=\"wp-block-image size-large is-resized is-style-rounded\"><img loading=\"lazy\" decoding=\"async\" data-id=\"122\" src=\"http:\/\/blog.ufes.br\/netseca\/files\/2022\/12\/WhatsApp-Image-2021-07-03-at-15.39.54-edited-1024x640.jpeg\" alt=\"\" class=\"wp-image-122\" width=\"342\" height=\"214\" srcset=\"https:\/\/blog.ufes.br\/netseca\/files\/2022\/12\/WhatsApp-Image-2021-07-03-at-15.39.54-edited-1024x640.jpeg 1024w, https:\/\/blog.ufes.br\/netseca\/files\/2022\/12\/WhatsApp-Image-2021-07-03-at-15.39.54-edited-300x188.jpeg 300w, https:\/\/blog.ufes.br\/netseca\/files\/2022\/12\/WhatsApp-Image-2021-07-03-at-15.39.54-edited-768x480.jpeg 768w, https:\/\/blog.ufes.br\/netseca\/files\/2022\/12\/WhatsApp-Image-2021-07-03-at-15.39.54-edited.jpeg 1280w\" sizes=\"auto, (max-width: 342px) 100vw, 342px\" \/><figcaption class=\"wp-element-caption\"><strong>Material preparado para instala\u00e7\u00e3o no campo<\/strong><\/figcaption><\/figure>\n\n\n\n<figure class=\"wp-block-image size-large is-resized is-style-rounded\"><img loading=\"lazy\" decoding=\"async\" data-id=\"135\" src=\"https:\/\/blog.ufes.br\/netseca\/files\/2022\/12\/IMG_6106_Original-1024x768.jpg\" alt=\"\" class=\"wp-image-135\" width=\"427\" height=\"320\" srcset=\"https:\/\/blog.ufes.br\/netseca\/files\/2022\/12\/IMG_6106_Original-1024x768.jpg 1024w, https:\/\/blog.ufes.br\/netseca\/files\/2022\/12\/IMG_6106_Original-300x225.jpg 300w, https:\/\/blog.ufes.br\/netseca\/files\/2022\/12\/IMG_6106_Original-768x576.jpg 768w, https:\/\/blog.ufes.br\/netseca\/files\/2022\/12\/IMG_6106_Original-1536x1152.jpg 1536w, https:\/\/blog.ufes.br\/netseca\/files\/2022\/12\/IMG_6106_Original-2048x1536.jpg 2048w, https:\/\/blog.ufes.br\/netseca\/files\/2022\/12\/IMG_6106_Original-678x509.jpg 678w, https:\/\/blog.ufes.br\/netseca\/files\/2022\/12\/IMG_6106_Original-326x245.jpg 326w, https:\/\/blog.ufes.br\/netseca\/files\/2022\/12\/IMG_6106_Original-80x60.jpg 80w\" sizes=\"auto, (max-width: 427px) 100vw, 427px\" \/><figcaption class=\"wp-element-caption\"><strong>Mudas plantadas em Jul 2021<\/strong><\/figcaption><\/figure>\n\n\n\n<figure class=\"wp-block-image size-large is-resized is-style-rounded\"><img loading=\"lazy\" decoding=\"async\" data-id=\"113\" src=\"https:\/\/blog.ufes.br\/netseca\/files\/2022\/12\/B80D2529-A156-421F-BEC9-CEAE78F2CBF5-576x1024.jpg\" alt=\"\" class=\"wp-image-113\" width=\"255\" height=\"453\" srcset=\"https:\/\/blog.ufes.br\/netseca\/files\/2022\/12\/B80D2529-A156-421F-BEC9-CEAE78F2CBF5-576x1024.jpg 576w, https:\/\/blog.ufes.br\/netseca\/files\/2022\/12\/B80D2529-A156-421F-BEC9-CEAE78F2CBF5-169x300.jpg 169w, https:\/\/blog.ufes.br\/netseca\/files\/2022\/12\/B80D2529-A156-421F-BEC9-CEAE78F2CBF5-768x1365.jpg 768w, https:\/\/blog.ufes.br\/netseca\/files\/2022\/12\/B80D2529-A156-421F-BEC9-CEAE78F2CBF5-864x1536.jpg 864w, https:\/\/blog.ufes.br\/netseca\/files\/2022\/12\/B80D2529-A156-421F-BEC9-CEAE78F2CBF5-1152x2048.jpg 1152w, https:\/\/blog.ufes.br\/netseca\/files\/2022\/12\/B80D2529-A156-421F-BEC9-CEAE78F2CBF5-scaled.jpg 1440w\" sizes=\"auto, (max-width: 255px) 100vw, 255px\" \/><figcaption class=\"wp-element-caption\"><strong>In\u00edcio das avalia\u00e7\u00f5es Ago 2022<\/strong><\/figcaption><\/figure>\n\n\n\n<figure class=\"wp-block-image size-large is-resized is-style-rounded\"><img loading=\"lazy\" decoding=\"async\" data-id=\"133\" src=\"https:\/\/blog.ufes.br\/netseca\/files\/2022\/12\/IMG_0901-768x1024.jpg\" alt=\"\" class=\"wp-image-133\" width=\"296\" height=\"395\" srcset=\"https:\/\/blog.ufes.br\/netseca\/files\/2022\/12\/IMG_0901-768x1024.jpg 768w, https:\/\/blog.ufes.br\/netseca\/files\/2022\/12\/IMG_0901-225x300.jpg 225w, https:\/\/blog.ufes.br\/netseca\/files\/2022\/12\/IMG_0901-1152x1536.jpg 1152w, https:\/\/blog.ufes.br\/netseca\/files\/2022\/12\/IMG_0901-1536x2048.jpg 1536w, https:\/\/blog.ufes.br\/netseca\/files\/2022\/12\/IMG_0901-scaled.jpg 1920w\" sizes=\"auto, (max-width: 296px) 100vw, 296px\" \/><\/figure>\n\n\n\n<figure class=\"wp-block-image size-large is-style-rounded\"><img loading=\"lazy\" decoding=\"async\" width=\"768\" height=\"1024\" data-id=\"131\" src=\"https:\/\/blog.ufes.br\/netseca\/files\/2022\/12\/IMG_0008-768x1024.jpg\" alt=\"\" class=\"wp-image-131\" srcset=\"https:\/\/blog.ufes.br\/netseca\/files\/2022\/12\/IMG_0008-768x1024.jpg 768w, https:\/\/blog.ufes.br\/netseca\/files\/2022\/12\/IMG_0008-225x300.jpg 225w, https:\/\/blog.ufes.br\/netseca\/files\/2022\/12\/IMG_0008-1152x1536.jpg 1152w, https:\/\/blog.ufes.br\/netseca\/files\/2022\/12\/IMG_0008-1536x2048.jpg 1536w, https:\/\/blog.ufes.br\/netseca\/files\/2022\/12\/IMG_0008-scaled.jpg 1920w\" sizes=\"auto, (max-width: 768px) 100vw, 768px\" \/><\/figure>\n<\/figure>\n","protected":false},"excerpt":{"rendered":"<div class=\"mh-excerpt\"><p>Laborat\u00f3rio de Bioqu\u00edmica e Biologia Molecular Experimento em Casa de Vegeta\u00e7\u00e3o Experimento em Campo &#8211; Fazenda Experimental Bananal do Norte- Cachoeiro\/ES (INCAPER)<\/p>\n<\/div>","protected":false},"author":288,"featured_media":0,"parent":0,"menu_order":0,"comment_status":"closed","ping_status":"closed","template":"","meta":{"_bbp_topic_count":0,"_bbp_reply_count":0,"_bbp_total_topic_count":0,"_bbp_total_reply_count":0,"_bbp_voice_count":0,"_bbp_anonymous_reply_count":0,"_bbp_topic_count_hidden":0,"_bbp_reply_count_hidden":0,"_bbp_forum_subforum_count":0,"_uag_custom_page_level_css":"","footnotes":""},"class_list":["post-55","page","type-page","status-publish","hentry"],"uagb_featured_image_src":{"full":false,"thumbnail":false,"medium":false,"medium_large":false,"large":false,"1536x1536":false,"2048x2048":false,"mh-magazine-lite-slider":false,"mh-magazine-lite-content":false,"mh-magazine-lite-large":false,"mh-magazine-lite-medium":false,"mh-magazine-lite-small":false},"uagb_author_info":{"display_name":"paulo.lobato","author_link":"https:\/\/blog.ufes.br\/netseca\/author\/paulo_alexandre-lobato\/"},"uagb_comment_info":0,"uagb_excerpt":"Laborat\u00f3rio de Bioqu\u00edmica e Biologia Molecular Experimento em Casa de Vegeta\u00e7\u00e3o Experimento em Campo &#8211; Fazenda Experimental Bananal do Norte- Cachoeiro\/ES (INCAPER)","_links":{"self":[{"href":"https:\/\/blog.ufes.br\/netseca\/wp-json\/wp\/v2\/pages\/55","targetHints":{"allow":["GET"]}}],"collection":[{"href":"https:\/\/blog.ufes.br\/netseca\/wp-json\/wp\/v2\/pages"}],"about":[{"href":"https:\/\/blog.ufes.br\/netseca\/wp-json\/wp\/v2\/types\/page"}],"author":[{"embeddable":true,"href":"https:\/\/blog.ufes.br\/netseca\/wp-json\/wp\/v2\/users\/288"}],"replies":[{"embeddable":true,"href":"https:\/\/blog.ufes.br\/netseca\/wp-json\/wp\/v2\/comments?post=55"}],"version-history":[{"count":9,"href":"https:\/\/blog.ufes.br\/netseca\/wp-json\/wp\/v2\/pages\/55\/revisions"}],"predecessor-version":[{"id":139,"href":"https:\/\/blog.ufes.br\/netseca\/wp-json\/wp\/v2\/pages\/55\/revisions\/139"}],"wp:attachment":[{"href":"https:\/\/blog.ufes.br\/netseca\/wp-json\/wp\/v2\/media?parent=55"}],"curies":[{"name":"wp","href":"https:\/\/api.w.org\/{rel}","templated":true}]}}