{"id":42,"date":"2014-11-07T17:03:55","date_gmt":"2014-11-07T17:03:55","guid":{"rendered":"http:\/\/blog.ufes.br\/paineleletrico\/?page_id=42"},"modified":"2015-04-22T22:09:25","modified_gmt":"2015-04-22T22:09:25","slug":"memorial","status":"publish","type":"page","link":"https:\/\/blog.ufes.br\/paineleletrico\/memorial\/","title":{"rendered":"Memorial"},"content":{"rendered":"<p style=\"text-align: left\" align=\"center\">Shhh! Sil\u00eancio! Nesse lugar o respeito \u00e9 imprescind\u00edvel! O que? Voc\u00ea n\u00e3o sabe onde est\u00e1!? Ora, voc\u00ea est\u00e1 no memorial!<\/p>\n<p>Bem-vindos, alunos, professores, pessoas, internautas! Bem-vindos ao MEMORIAL! Aqui falaremos de grandes personalidades hist\u00f3ricas que contribu\u00edram de alguma forma\u00a0 para explicar o que antes era inexplic\u00e1vel! Ainda sim, n\u00e3o se engane. N\u00f3s n\u00e3o nos prenderemos a pesquisar somente sobre aqueles que foram os respons\u00e1veis pelas equa\u00e7\u00f5es e teoremas que estudamos, n\u00e3o apenas pelos que j\u00e1 foram, mas tamb\u00e9m pelos que s\u00e3o! Atuais professores que nos ensinam essas equa\u00e7\u00f5es e teoremas! (E n\u00f3s, com esfor\u00e7o, tentamos aprender!)<\/p>\n<p>Sendo assim, chega de papo! Abrimos o nosso memorial com uma personalidade important\u00edssima! Vamos conhecer, James Clark Maxwell! Ou Maxwell, para os mais \u00edntimos.<\/p>\n<p><strong>Lista do Memorial:<\/strong><\/p>\n<ul>\n<li><a title=\"James Clerk Maxwell\" href=\"https:\/\/blog.ufes.br\/paineleletrico\/2015\/04\/22\/james-clerk-maxwell\/\" target=\"_blank\">James Clerk Maxwell<\/a><\/li>\n<\/ul>\n<p>&nbsp;<\/p>\n<p>&nbsp;<\/p>\n","protected":false},"excerpt":{"rendered":"<p>Shhh! Sil\u00eancio! Nesse lugar o respeito \u00e9 imprescind\u00edvel! O que? Voc\u00ea n\u00e3o sabe onde est\u00e1!? Ora, voc\u00ea est\u00e1 no memorial! Bem-vindos, alunos, professores, pessoas, internautas! Bem-vindos ao MEMORIAL! Aqui falaremos de grandes personalidades hist\u00f3ricas que contribu\u00edram de alguma forma\u00a0 para &hellip; <a href=\"https:\/\/blog.ufes.br\/paineleletrico\/memorial\/\">Continue lendo <span class=\"meta-nav\">&rarr;<\/span><\/a><\/p>\n","protected":false},"author":188,"featured_media":0,"parent":0,"menu_order":0,"comment_status":"open","ping_status":"open","template":"","meta":{"_bbp_topic_count":0,"_bbp_reply_count":0,"_bbp_total_topic_count":0,"_bbp_total_reply_count":0,"_bbp_voice_count":0,"_bbp_anonymous_reply_count":0,"_bbp_topic_count_hidden":0,"_bbp_reply_count_hidden":0,"_bbp_forum_subforum_count":0,"_uag_custom_page_level_css":"","footnotes":""},"class_list":["post-42","page","type-page","status-publish","hentry"],"uagb_featured_image_src":{"full":false,"thumbnail":false,"medium":false,"medium_large":false,"large":false,"1536x1536":false,"2048x2048":false,"post-thumbnail":false,"large-feature":false,"small-feature":false},"uagb_author_info":{"display_name":"Paulo","author_link":"https:\/\/blog.ufes.br\/paineleletrico\/author\/paulo-menegaz\/"},"uagb_comment_info":3,"uagb_excerpt":"Shhh! Sil\u00eancio! Nesse lugar o respeito \u00e9 imprescind\u00edvel! O que? Voc\u00ea n\u00e3o sabe onde est\u00e1!? Ora, voc\u00ea est\u00e1 no memorial! Bem-vindos, alunos, professores, pessoas, internautas! Bem-vindos ao MEMORIAL! Aqui falaremos de grandes personalidades hist\u00f3ricas que contribu\u00edram de alguma forma\u00a0 para &hellip; Continue lendo &rarr;","_links":{"self":[{"href":"https:\/\/blog.ufes.br\/paineleletrico\/wp-json\/wp\/v2\/pages\/42","targetHints":{"allow":["GET"]}}],"collection":[{"href":"https:\/\/blog.ufes.br\/paineleletrico\/wp-json\/wp\/v2\/pages"}],"about":[{"href":"https:\/\/blog.ufes.br\/paineleletrico\/wp-json\/wp\/v2\/types\/page"}],"author":[{"embeddable":true,"href":"https:\/\/blog.ufes.br\/paineleletrico\/wp-json\/wp\/v2\/users\/188"}],"replies":[{"embeddable":true,"href":"https:\/\/blog.ufes.br\/paineleletrico\/wp-json\/wp\/v2\/comments?post=42"}],"version-history":[{"count":8,"href":"https:\/\/blog.ufes.br\/paineleletrico\/wp-json\/wp\/v2\/pages\/42\/revisions"}],"predecessor-version":[{"id":82,"href":"https:\/\/blog.ufes.br\/paineleletrico\/wp-json\/wp\/v2\/pages\/42\/revisions\/82"}],"wp:attachment":[{"href":"https:\/\/blog.ufes.br\/paineleletrico\/wp-json\/wp\/v2\/media?parent=42"}],"curies":[{"name":"wp","href":"https:\/\/api.w.org\/{rel}","templated":true}]}}

<p style="text-align: left" align="center">Shhh! Silêncio! Nesse lugar o respeito é imprescindível! O que? Você não sabe onde está!? Ora, você está no memorial!</p>
<p>Bem-vindos, alunos, professores, pessoas, internautas! Bem-vindos ao MEMORIAL! Aqui falaremos de grandes personalidades históricas que contribuíram de alguma forma  para explicar o que antes era inexplicável! Ainda sim, não se engane. Nós não nos prenderemos a pesquisar somente sobre aqueles que foram os responsáveis pelas equações e teoremas que estudamos, não apenas pelos que já foram, mas também pelos que são! Atuais professores que nos ensinam essas equações e teoremas! (E nós, com esforço, tentamos aprender!)</p>
<p>Sendo assim, chega de papo! Abrimos o nosso memorial com uma personalidade importantíssima! Vamos conhecer, James Clark Maxwell! Ou Maxwell, para os mais íntimos.</p>
<p><strong>Lista do Memorial:</strong></p>
<ul>
<li><a title="James Clerk Maxwell" href="https://blog.ufes.br/paineleletrico/2015/04/22/james-clerk-maxwell/" target="_blank">James Clerk Maxwell</a></li>
</ul>
<p>&nbsp;</p>
<p>&nbsp;</p>

<p>Shhh! Silêncio! Nesse lugar o respeito é imprescindível! O que? Você não sabe onde está!? Ora, você está no memorial! Bem-vindos, alunos, professores, pessoas, internautas! Bem-vindos ao MEMORIAL! Aqui falaremos de grandes personalidades históricas que contribuíram de alguma forma  para &hellip; <a href="https://blog.ufes.br/paineleletrico/memorial/">Continue lendo <span class="meta-nav">&rarr;</span></a></p>

Shhh! Silêncio! Nesse lugar o respeito é imprescindível! O que? Você não sabe onde está!? Ora, você está no memorial! Bem-vindos, alunos, professores, pessoas, internautas! Bem-vindos ao MEMORIAL! Aqui falaremos de grandes personalidades históricas que contribuíram de alguma forma  para &hellip; Continue lendo &rarr;
