{"id":58,"date":"2014-09-15T18:12:39","date_gmt":"2014-09-15T21:12:39","guid":{"rendered":"http:\/\/blog.ufes.br\/paleontologia\/?page_id=58"},"modified":"2019-03-25T10:53:47","modified_gmt":"2019-03-25T13:53:47","slug":"media","status":"publish","type":"page","link":"https:\/\/blog.ufes.br\/paleontologia\/?page_id=58","title":{"rendered":"Media"},"content":{"rendered":"<hr \/>\n<h5><strong>2018<\/strong><\/h5>\n<h5><a href=\"http:\/\/dragoesdegaragem.com\/podcast\/dragoes-de-garagem\/dragoes-na-estrada-taissa-rodrigues-mulheres-na-paleo\/\">Drag\u00f5es na Estrada: Mulheres na Paleo<\/a> &#8211; entrevista ao podcast Drag\u00f5es de Garagem.<\/h5>\n<h5 class=\"article-item__title serif\"><a href=\"https:\/\/www.nature.com\/articles\/d41586-018-06192-9\" target=\"_blank\" rel=\"noopener noreferrer\">Hope emerges for Brazil museum specimens after devastating fire<\/a> &#8211; entrevista na revista Nature News sobre o inc\u00eandio no Museu Nacional \/ UFRJ<\/h5>\n<h5 class=\"headline__title\"><a href=\"https:\/\/www.huffpostbrasil.com\/2018\/09\/04\/o-desabafo-de-3-pesquisadores-sobre-o-incendio-no-museu-nacional_a_23516819\/\" target=\"_blank\" rel=\"noopener noreferrer\">O desabafo de 3 pesquisadores sobre o inc\u00eandio no Museu Nacional<\/a> &#8211; entrevista no jornal HuffPost Brasil sobre o inc\u00eandio no Museu Nacional \/ UFRJ<\/h5>\n<hr \/>\n<h5><strong>2017<\/strong><\/h5>\n<div class=\"column medium-centered medium-19 large-18\">\n<h5 class=\"content-head__title\"><a href=\"https:\/\/g1.globo.com\/es\/espirito-santo\/noticia\/professora-da-ufes-participa-de-descoberta-de-embrioes-de-dinossauros-na-china.ghtml\" target=\"_blank\" rel=\"noopener noreferrer\">Professora da Ufes participa de descoberta de embri\u00f5es de dinossauros na China<\/a> &#8211; entrevista ao vivo no telejornal Bom Dia ES, na TV Globo \/ Gazeta<\/h5>\n<\/div>\n<h5><a href=\"http:\/\/www.folhavitoria.com.br\/videos\/2017\/12\/15123893442101704015.html\" target=\"_blank\" rel=\"noopener noreferrer\">Pesquisadora capixaba descobre ninho de ovos de pterossauros<\/a> &#8211; entrevista ao vivo no telejornal Fala Manh\u00e3, na TV Vit\u00f3ria<\/h5>\n<h5 class=\"headline\"><a href=\"https:\/\/www.gazetaonline.com.br\/bem_estar_e_saude\/2017\/12\/pesquisadora-descobre-bercario-de-pterossauros-na-china-1014109606.html\" target=\"_blank\" rel=\"noopener noreferrer\">Pesquisadora descobre &#8220;ber\u00e7\u00e1rio&#8221; de pterossauros na China<\/a> &#8211; entrevista no jornal A Gazeta sobre ovos e embri\u00f5es de pterossauros da China<\/h5>\n<h5 class=\"headline\"><a href=\"https:\/\/www.gazetaonline.com.br\/noticias\/ciencia_e_tecnologia\/2017\/11\/cientistas-brasileiros-ajudam-na-descoberta-de-ovos-de-pterossauros-1014109420.html\" target=\"_blank\" rel=\"noopener noreferrer\">Cientistas brasileiros ajudam na descoberta de ovos de pterossauros<\/a> &#8211; entrevista no jornal A Gazeta sobre ovos e embri\u00f5es de pterossauros da China<\/h5>\n<h5 class=\"n--noticia__title\"><a href=\"https:\/\/ciencia.estadao.com.br\/noticias\/geral,cientistas-brasileiros-e-chineses-descobrem-215-ovos-de-pterossauros-na-china,70002103169\" target=\"_blank\" rel=\"noopener noreferrer\">Cientistas acham ovos de pterossauros na China<\/a> &#8211;\u00a0entrevista no jornal Estado de S\u00e3o Paulo sobre ovos e embri\u00f5es de pterossauros da China<\/h5>\n<h5 class=\"article-header__title t_article-title\"><a href=\"https:\/\/www.scientificamerican.com\/article\/eggs-in-1-basket-china-fossil-find-opens-up-lost-world-of-pterosaurs\/\" target=\"_blank\" rel=\"noopener noreferrer\">Eggs in 1 Basket: China Fossil Find Opens Up Lost World of Pterosaurs<\/a> &#8211; entrevista na Scientific American sobre ovos e embri\u00f5es de pterossauros da China<\/h5>\n<h5><a href=\"https:\/\/www1.folha.uol.com.br\/ciencia\/2017\/03\/1869452-dinossauros-podem-ser-britanicos-afirmam-cientistas.shtml\" target=\"_blank\" rel=\"noopener noreferrer\">&#8216;\u00c1lbum de fam\u00edlia&#8217; dos dinossauros pode ser diferente do imaginado<\/a> &#8211; coment\u00e1rio na Folha de S\u00e3o Paulo sobre a nova proposta para a filogenia dos dinossauros<\/h5>\n<h5 class=\"c-content-head__title\"><a href=\"https:\/\/darwinedeus.blogfolha.uol.com.br\/2017\/06\/06\/dinos-em-polvorosa\/\" target=\"_blank\" rel=\"noopener noreferrer\">Dinos em polvorosa<\/a> &#8211; coment\u00e1rio na Folha de S\u00e3o Paulo sobre a nova proposta para a filogenia dos dinossauros<\/h5>\n<hr \/>\n<h5><strong>2016<\/strong><\/h5>\n<h5><a href=\"http:\/\/blog.ufes.br\/paleontologia\/files\/2014\/09\/Ossos-do-of\u00edcio-Folha-SP-27.03.2016.pdf\" target=\"_blank\" rel=\"noopener noreferrer\">Ossos do of\u00edcio<\/a> &#8211; reportagem na Folha de S\u00e3o Paulo sobre trabalho de campo na Ant\u00e1rtica pelo\u00a0projeto Paleoantar II<\/h5>\n<hr \/>\n<h5><strong>2015<\/strong><\/h5>\n<h5><a href=\"http:\/\/cienciahoje.uol.com.br\/noticias\/2015\/11\/habitantes-do-nordeste-pre-historico\" target=\"_blank\" rel=\"noopener noreferrer\">Habitantes do Nordeste pr\u00e9-hist\u00f3rico<\/a> &#8211; coment\u00e1rio na Ci\u00eancia Hoje sobre dois novos temnosp\u00f4ndilos\u00a0do Brasil<\/h5>\n<h5><a href=\"http:\/\/oglobo.globo.com\/sociedade\/ciencia\/descoberta-de-dinossauro-que-viveu-no-alasca-pode-mudar-paleontologia-dizem-cientistas-17570365#ixzz45T5cL0OT\" target=\"_blank\" rel=\"noopener noreferrer\">Descoberta de dinossauro que viveu no Alasca pode mudar paleontologia, dizem cientistas<\/a> &#8211; coment\u00e1rio n&#8217;O Globo sobre o dinossauro\u00a0<em>Ugrunaaluk kuukpikensis<\/em><\/h5>\n<h5><a href=\"http:\/\/darwinedeus.blogfolha.uol.com.br\/2015\/06\/12\/asa-de-morcego-fuca-de-dino\/\" target=\"_blank\" rel=\"noopener noreferrer\">Asa de morcego, fu\u00e7a de dino<\/a> &#8211; coment\u00e1rio na\u00a0Folha de S\u00e3o Paulo sobre o dinossauro\u00a0<em>Yi qi<\/em><\/h5>\n<h5><a href=\"http:\/\/www1.folha.uol.com.br\/ciencia\/2015\/05\/1628719-estranho-dinossauro-da-china-tinha-asas-de-morcego.shtml\" target=\"_blank\" rel=\"noopener noreferrer\">Estranho dinossauro da China tinha asas de morcego<\/a> &#8211; coment\u00e1rio na\u00a0Folha de S\u00e3o Paulo sobre o dinossauro\u00a0<em>Yi qi<\/em><\/h5>\n<hr \/>\n<h5><strong>2014<\/strong><\/h5>\n<h5><a href=\"http:\/\/darwinedeus.blogfolha.uol.com.br\/2014\/07\/28\/dinos-versao-clovis-bornay\/\" target=\"_blank\" rel=\"noopener noreferrer\">Dinos, vers\u00e3o Cl\u00f3vis Bornay<\/a> &#8211; coment\u00e1rio na\u00a0Folha de S\u00e3o Paulo sobre o dinossauro\u00a0<i>Kulindadromeus<\/i><\/h5>\n<h5><a href=\"http:\/\/www1.folha.uol.com.br\/ciencia\/2014\/07\/1491560-paleontologos-descobrem-segunda-classe-de-dinossauros-com-penas.shtml\" target=\"_blank\" rel=\"noopener noreferrer\">Paleont\u00f3logos descobrem segundo grupo de dinossauros com penas<\/a> &#8211; coment\u00e1rio na\u00a0Folha de S\u00e3o Paulo sobre o dinossauro\u00a0<i>Kulindadromeus<\/i><\/h5>\n<h5><a href=\"http:\/\/gazetaonline.globo.com\/_conteudo\/2014\/06\/noticias\/cidades\/1490224-professora-da-ufes-descobre-especie-de-dinossauro.html\" target=\"_blank\" rel=\"noopener noreferrer\">Professora da Ufes descobre esp\u00e9cie de dinossauro<\/a> &#8211; entrevista n&#8217;A Gazeta sobre o pterossauro\u00a0<em>Hamipterus<\/em><\/h5>\n<h5><a href=\"http:\/\/www.em.com.br\/app\/noticia\/tecnologia\/2014\/06\/06\/interna_tecnologia,536652\/descoberta-nova-especie-de-pterossauro.shtml\" target=\"_blank\" rel=\"noopener noreferrer\">Descoberta nova esp\u00e9cie de pterossauro<\/a> &#8211; entrevista no Estado de Minas sobre o pterossauro\u00a0<em>Hamipterus<\/em><\/h5>\n<h5><a href=\"http:\/\/issuu.com\/ufes\/docs\/revistauniversidade3_thaiana\/1\" target=\"_blank\" rel=\"noopener noreferrer\">Gigantes voadores<\/a> &#8211; reportagem sobre o grupo de pesquisa\u00a0na Revista Universidade (UFES)<\/h5>\n<h5><a href=\"http:\/\/g1.globo.com\/espirito-santo\/bom-dia-es\/videos\/v\/paleontologa-fala-sobre-seu-trabalho-no-sul-do-es\/3296575\/\" target=\"_blank\" rel=\"noopener noreferrer\">Paleont\u00f3loga fala sobre seu trabalho, no Sul do ES<\/a> &#8211; entrevista no Bom Dia Esp\u00edrito Santo<\/h5>\n<h5><a href=\"http:\/\/www.em.com.br\/app\/noticia\/tecnologia\/2014\/02\/04\/interna_tecnologia,494724\/loja-francesa-faz-leilao-de-fossil-brasileiro-no-ebay.shtml\">Loja francesa faz leil\u00e3o de f\u00f3ssil brasileiro no Ebay<\/a> &#8211; coment\u00e1rio no Estado de Minas sobre f\u00f3ssil contrabandeado<\/h5>\n<hr \/>\n<h5><strong>2013<\/strong><\/h5>\n<h5><a href=\"http:\/\/ultimosegundo.ig.com.br\/ciencia\/2013-06-14\/paleontologos-descobrem-parentesco-entre-pterossauros-brasileiros-e-ingleses.html\">Paleont\u00f3logos descobrem parentesco entre pterossauros brasileiros e ingleses<\/a> &#8211; iG<\/h5>\n<h5><a href=\"http:\/\/noticiasdelaciencia.com\/not\/7725\/una_gran_diversidad_de_pterosaurios_en_los_cielos_de_inglaterra_durante_el_cretaceo\/\">Una gran diversidad de pterosaurios en los cielos de Inglaterra durante el Cret\u00e1ceo<\/a> &#8211; Noticias de la Ciencia y la Tecnolog\u00eda<\/h5>\n<h5><a href=\"http:\/\/www.livescience.com\/37361-flying-reptiles-cretaceous-england.html\">English Flying Reptiles Had Brazilian Relatives<\/a> &#8211; Live Science<\/h5>\n<h5>Taissa, a ca\u00e7adora de dinossauro<span style=\"color: #444444;line-height: 1.5\"> &#8211; <span style=\"color: #333333\">entrevista no jornal A Tribuna<\/span><\/span><\/h5>\n<h5><a href=\"http:\/\/www.youtube.com\/watch?v=9ZjHq7Omnqg&amp;list=UUos1HbcWQGATYq5aIldpZBg\">Pesquisadores apresentam f\u00f3sseis de cento e dez milh\u00f5es de anos<\/a> &#8211; Band<\/h5>\n<h5><a href=\"http:\/\/cienciahoje.uol.com.br\/noticias\/2013\/03\/gigante-no-ceu-do-brasil\/\">Gigante no c\u00e9u do Brasil<\/a> &#8211; Ci\u00eancia Hoje<\/h5>\n<h5><a href=\"http:\/\/g1.globo.com\/rio-de-janeiro\/noticia\/2013\/03\/museu-nacional-apresenta-novo-gigante-pre-historico-brasileiro-no-rio.html\">Museu no Rio apresenta maior f\u00f3ssil de pterossauro j\u00e1 encontrado no pa\u00eds<\/a> &#8211; G1<\/h5>\n<h5><a href=\"http:\/\/oglobo.globo.com\/ciencia\/ufrj-anuncia-descoberta-do-maior-reptil-pre-historico-voador-da-america-do-sul-7893090\">UFRJ anuncia descoberta do maior r\u00e9ptil pr\u00e9-hist\u00f3rico voador da Am\u00e9rica do Sul<\/a> &#8211; O Globo<\/h5>\n<h5><a href=\"http:\/\/www.em.com.br\/app\/noticia\/nacional\/2013\/03\/20\/interna_nacional,360047\/ufrj-anuncia-descoberta-do-maior-reptil-pre-historico-voador-da-america-do-sul.shtml\">UFRJ anuncia descoberta do maior r\u00e9ptil pr\u00e9-hist\u00f3rico voador da Am\u00e9rica do Sul<\/a> &#8211; Estado de Minas<\/h5>\n<h5><a href=\"http:\/\/www.estadao.com.br\/noticias\/vidae,cientistas-apresentam-o-maior-fossil-de-pterossauro-do-hemisferio-sul,1011080,0.htm\">Cientistas apresentam o maior f\u00f3ssil de pterossauro do Hemisf\u00e9rio Sul<\/a> &#8211; Estad\u00e3o<\/h5>\n<h5><a href=\"http:\/\/www1.folha.uol.com.br\/ciencia\/1249348-brasil-apresenta-terceiro-maior-pterossauro-ja-identificado.shtml\">Brasil apresenta terceiro maior pterossauro j\u00e1 identificado<\/a> &#8211; Folha de S\u00e3o Paulo<\/h5>\n<hr \/>\n<h5><strong>2012<\/strong><\/h5>\n<h5><a style=\"line-height: 1.5\" title=\"Bi\u00f3loga afirma que osso gigante encontrado em Viana \u00e9 de baleia e n\u00e3o de dinossauro\" href=\"http:\/\/www.folhavitoria.com.br\/geral\/noticia\/2012\/03\/biologa-afirma-que-osso-gigante-encontrado-em-viana-e-de-baleia-e-nao-de-dinossauro.html\" target=\"_blank\" rel=\"noopener noreferrer\">Bi\u00f3loga afirma que osso gigante encontrado em Viana \u00e9 de baleia e n\u00e3o de dinossauro<\/a><span style=\"line-height: 1.5\"> &#8211; entrevista no jornal Folha Vit\u00f3ria<\/span><\/h5>\n","protected":false},"excerpt":{"rendered":"<p>2018 Drag\u00f5es na Estrada: Mulheres na Paleo &#8211; entrevista ao podcast Drag\u00f5es de Garagem. Hope emerges for Brazil museum specimens after devastating fire &#8211; entrevista na revista Nature News sobre o inc\u00eandio no Museu Nacional \/ UFRJ O desabafo de &hellip; <a href=\"https:\/\/blog.ufes.br\/paleontologia\/?page_id=58\">Continue lendo <span class=\"meta-nav\">&rarr;<\/span><\/a><\/p>\n","protected":false},"author":184,"featured_media":0,"parent":0,"menu_order":0,"comment_status":"closed","ping_status":"closed","template":"","meta":{"_bbp_topic_count":0,"_bbp_reply_count":0,"_bbp_total_topic_count":0,"_bbp_total_reply_count":0,"_bbp_voice_count":0,"_bbp_anonymous_reply_count":0,"_bbp_topic_count_hidden":0,"_bbp_reply_count_hidden":0,"_bbp_forum_subforum_count":0,"_uag_custom_page_level_css":"","footnotes":""},"class_list":["post-58","page","type-page","status-publish","hentry"],"uagb_featured_image_src":{"full":false,"thumbnail":false,"medium":false,"medium_large":false,"large":false,"1536x1536":false,"2048x2048":false,"post-thumbnail":false},"uagb_author_info":{"display_name":"Taissa Rodrigues","author_link":"https:\/\/blog.ufes.br\/paleontologia\/?author=184"},"uagb_comment_info":0,"uagb_excerpt":"2018 Drag\u00f5es na Estrada: Mulheres na Paleo &#8211; entrevista ao podcast Drag\u00f5es de Garagem. Hope emerges for Brazil museum specimens after devastating fire &#8211; entrevista na revista Nature News sobre o inc\u00eandio no Museu Nacional \/ UFRJ O desabafo de &hellip; Continue lendo &rarr;","_links":{"self":[{"href":"https:\/\/blog.ufes.br\/paleontologia\/index.php?rest_route=\/wp\/v2\/pages\/58","targetHints":{"allow":["GET"]}}],"collection":[{"href":"https:\/\/blog.ufes.br\/paleontologia\/index.php?rest_route=\/wp\/v2\/pages"}],"about":[{"href":"https:\/\/blog.ufes.br\/paleontologia\/index.php?rest_route=\/wp\/v2\/types\/page"}],"author":[{"embeddable":true,"href":"https:\/\/blog.ufes.br\/paleontologia\/index.php?rest_route=\/wp\/v2\/users\/184"}],"replies":[{"embeddable":true,"href":"https:\/\/blog.ufes.br\/paleontologia\/index.php?rest_route=%2Fwp%2Fv2%2Fcomments&post=58"}],"version-history":[{"count":20,"href":"https:\/\/blog.ufes.br\/paleontologia\/index.php?rest_route=\/wp\/v2\/pages\/58\/revisions"}],"predecessor-version":[{"id":523,"href":"https:\/\/blog.ufes.br\/paleontologia\/index.php?rest_route=\/wp\/v2\/pages\/58\/revisions\/523"}],"wp:attachment":[{"href":"https:\/\/blog.ufes.br\/paleontologia\/index.php?rest_route=%2Fwp%2Fv2%2Fmedia&parent=58"}],"curies":[{"name":"wp","href":"https:\/\/api.w.org\/{rel}","templated":true}]}}