{"id":15,"date":"2011-10-06T21:06:07","date_gmt":"2011-10-07T00:06:07","guid":{"rendered":"http:\/\/blog.ufes.br\/patrilab\/?page_id=15"},"modified":"2013-02-25T14:24:07","modified_gmt":"2013-02-25T17:24:07","slug":"estudantes","status":"publish","type":"page","link":"https:\/\/blog.ufes.br\/patri_lab\/pesquisadores\/estudantes\/","title":{"rendered":"Estudantes"},"content":{"rendered":"<p><span style=\"color: #000000\"><strong>Dividem-se em gradua\u00e7\u00e3o e p\u00f3s-gradua\u00e7\u00e3o, clique em Estudantes, ap\u00f3s em uma das duas op\u00e7\u00f5es para acessar.<\/strong><\/span><\/p>\n","protected":false},"excerpt":{"rendered":"<p>Dividem-se em gradua\u00e7\u00e3o e p\u00f3s-gradua\u00e7\u00e3o, clique em Estudantes, ap\u00f3s em uma das duas op\u00e7\u00f5es para acessar.<\/p>\n","protected":false},"author":37,"featured_media":0,"parent":7,"menu_order":2,"comment_status":"open","ping_status":"closed","template":"","meta":{"_bbp_topic_count":0,"_bbp_reply_count":0,"_bbp_total_topic_count":0,"_bbp_total_reply_count":0,"_bbp_voice_count":0,"_bbp_anonymous_reply_count":0,"_bbp_topic_count_hidden":0,"_bbp_reply_count_hidden":0,"_bbp_forum_subforum_count":0,"_uag_custom_page_level_css":"","footnotes":""},"class_list":["post-15","page","type-page","status-publish","hentry"],"uagb_featured_image_src":{"full":false,"thumbnail":false,"medium":false,"medium_large":false,"large":false,"1536x1536":false,"2048x2048":false,"post-thumbnail":false},"uagb_author_info":{"display_name":"Bruno de Andrade","author_link":"https:\/\/blog.ufes.br\/patri_lab\/author\/bruno-andrade\/"},"uagb_comment_info":0,"uagb_excerpt":"Dividem-se em gradua\u00e7\u00e3o e p\u00f3s-gradua\u00e7\u00e3o, clique em Estudantes, ap\u00f3s em uma das duas op\u00e7\u00f5es para acessar.","_links":{"self":[{"href":"https:\/\/blog.ufes.br\/patri_lab\/wp-json\/wp\/v2\/pages\/15","targetHints":{"allow":["GET"]}}],"collection":[{"href":"https:\/\/blog.ufes.br\/patri_lab\/wp-json\/wp\/v2\/pages"}],"about":[{"href":"https:\/\/blog.ufes.br\/patri_lab\/wp-json\/wp\/v2\/types\/page"}],"author":[{"embeddable":true,"href":"https:\/\/blog.ufes.br\/patri_lab\/wp-json\/wp\/v2\/users\/37"}],"replies":[{"embeddable":true,"href":"https:\/\/blog.ufes.br\/patri_lab\/wp-json\/wp\/v2\/comments?post=15"}],"version-history":[{"count":17,"href":"https:\/\/blog.ufes.br\/patri_lab\/wp-json\/wp\/v2\/pages\/15\/revisions"}],"predecessor-version":[{"id":1553,"href":"https:\/\/blog.ufes.br\/patri_lab\/wp-json\/wp\/v2\/pages\/15\/revisions\/1553"}],"up":[{"embeddable":true,"href":"https:\/\/blog.ufes.br\/patri_lab\/wp-json\/wp\/v2\/pages\/7"}],"wp:attachment":[{"href":"https:\/\/blog.ufes.br\/patri_lab\/wp-json\/wp\/v2\/media?parent=15"}],"curies":[{"name":"wp","href":"https:\/\/api.w.org\/{rel}","templated":true}]}}