{"id":250,"date":"2011-12-22T08:06:34","date_gmt":"2011-12-22T11:06:34","guid":{"rendered":"http:\/\/blog.ufes.br\/patri_lab\/?page_id=250"},"modified":"2012-05-29T20:45:10","modified_gmt":"2012-05-29T23:45:10","slug":"250-2","status":"publish","type":"page","link":"https:\/\/blog.ufes.br\/patri_lab\/linhas-de-pesquisa\/pesquisas-encerradas\/cidades-no-brasil-o-papel-do-passado-em-intervencoes-urbanas-1950-2010\/cidade-no-brasil\/250-2\/","title":{"rendered":"Subprojeto: &#8220;A inser\u00e7\u00e3o de nova arquitetura em contexto com preexist\u00eancia cr\u00edtica: estudo da obra do Escrit\u00f3rio Marroquim Arquitetos Ltda&#8221;."},"content":{"rendered":"<div>\n<p><a href=\"http:\/\/blog.ufes.br\/patri_lab\/files\/2011\/12\/Marroquim.jpg\"><img loading=\"lazy\" decoding=\"async\" class=\"alignleft size-full wp-image-252\" src=\"http:\/\/blog.ufes.br\/patri_lab\/files\/2011\/12\/Marroquim.jpg\" alt=\"\" width=\"641\" height=\"371\" srcset=\"https:\/\/blog.ufes.br\/patri_lab\/files\/2011\/12\/Marroquim.jpg 641w, https:\/\/blog.ufes.br\/patri_lab\/files\/2011\/12\/Marroquim-300x173.jpg 300w\" sizes=\"auto, (max-width: 641px) 100vw, 641px\" \/><\/a><\/p>\n<p>Subprojeto de Inicia\u00e7\u00e3o Cient\u00edfica<\/p>\n<p><strong>T\u00edtulo do Subprojeto:<\/strong> An\u00e1lise de interven\u00e7\u00f5es urbano-arquitet\u00f4nicas promovidas pelo escrit\u00f3rio Marroquim Arquitetos Ltda<\/p>\n<p><strong>Orientadora:<\/strong> Renata Hermanny de Almeida<\/p>\n<p><strong>Bolsista:<\/strong> Fl\u00e1via Marcarine Arruda<\/p>\n<p><strong>Resumo:<\/strong> Integrante da pesquisa \u201cCidade no Brasil: o papel do passado em interven\u00e7\u00f5es urbanas, 1950-2010\u201d, esse subprojeto tem como tem\u00e1tica central a hist\u00f3ria da arquitetura brasileira, recortada por um espec\u00edfico interesse: a an\u00e1lise de interven\u00e7\u00f5es urbano-arquitet\u00f4nicas promovidas pelo escrit\u00f3rio Marroquim Arquitetos Ltda, sediado na cidade de Vit\u00f3ria, estado do Esp\u00edrito Santo. Essa inten\u00e7\u00e3o nos permitir\u00e1 particularizar uma das hip\u00f3teses da pesquisa, qual seja, de que, a despeito da forma\u00e7\u00e3o modernista de linhagem corbuseriana e funcionalista adquirida nas escolas, a partir no per\u00edodo 1980-2010 a arquitetura no Brasil se particulariza pelo reconhecimento e ado\u00e7\u00e3o de referentes f\u00edsico-geogr\u00e1ficos e hist\u00f3rico-culturais para pensar o novo, e n\u00e3o pela sua rejei\u00e7\u00e3o, como pressuposto no ide\u00e1rio de linhagem moderno-funcionalista. Para isso, como procedimento, o estudo da experi\u00eancia \u2013 projeto e obra constru\u00edda &#8211; ser\u00e1 empreendido a partir de identifica\u00e7\u00e3o, registro, descri\u00e7\u00e3o, interpreta\u00e7\u00e3o e categoriza\u00e7\u00e3o de opera\u00e7\u00f5es projetivas em que a rela\u00e7\u00e3o entre arquitetura e s\u00edtios urbanos com preexist\u00eancia cr\u00edtica seja orientadora da projeta\u00e7\u00e3o. Em sua totalidade, a investiga\u00e7\u00e3o seguira um conjunto de passos visando uma abordagem duplamente qualitativa e sist\u00eamica.<\/p>\n<p><strong>Palavras chave:<\/strong> Interven\u00e7\u00e3o urbana, Marroquim Arquitetos, Arquitetura, Preexist\u00eancia cr\u00edtica.<\/p>\n<p><strong>Refer\u00eancias:<\/strong><\/p>\n<p>BETH\u00c2NIA, Gon\u00e7alves de Souza. Dialogando com a arquitetura de Ione e Fernando Marroquim. Monografia (Gradua\u00e7\u00e3o). Vit\u00f3ria, Departamento de Arquitetura e Urbanismo, Universidade Federal do Esp\u00edrito Santo, 2000.<br \/>\nGRACIA, Francisco de. Entre el Paisaje y la Arquitectura. Apuntes sobre la raz\u00f3n constructiva. Editorial Nerea S.A., 2009.<br \/>\n____ Construir en lo Construido: Arquitectura como Modificaci\u00f3n. Nerea, 1992.<br \/>\nSANTOS, Milton. Metamorfoses do Espa\u00e7o Habitado: fundamentos te\u00f3ricos e metodol\u00f3gicos da Geografia. 2\u00aa edi\u00e7\u00e3o. S\u00e3o Paulo: Editora Hucitec, 2008.<br \/>\nSERRA, Geraldo G.. Pesquisa em Arquitetura e Urbanismo: guia pr\u00e1tico para o trabalho de pesquisadores em p\u00f3s-gradua\u00e7\u00e3o. S\u00e3o Paulo, EDUSP &amp; Mandarim Editora, 2006.<br \/>\nZEIN, Ruth Verde. Arquitectura brasile\u00f1a en la d\u00e9cada de los 80: algunas tend\u00eancias. In TOCA, Antonio (Ed.). Nueva arquitectura en Am\u00e9rica Latina: presente y futuro. M\u00e9xico: Ediciones G. Gilli, 1990.<br \/>\n___. \u201cO lugar da cr\u00edtica: nunca \u00e9 inocente escrever sobre arquitetura\u2019. In ZEIN, Ruth Verde. O lugar da cr\u00edtica: ensaios oportunos de arquitetura. Porto Alegre: Centro Universit\u00e1rio Ritter dos Reis, 2001, pp. 201-03.<\/p>\n<p>&nbsp;<\/p>\n<p><a title=\"seminario flavia\" href=\"http:\/\/www.slideshare.net\/patri_lab\/apresentao-subprojeto-flvia\" target=\"_blank\">Clique aqui<\/a> para ver a apresenta\u00e7\u00e3o no I Semin\u00e1rio Interno do Patri_Lab.<\/p>\n<\/div>\n","protected":false},"excerpt":{"rendered":"<p>Subprojeto de Inicia\u00e7\u00e3o Cient\u00edfica T\u00edtulo do Subprojeto: An\u00e1lise de interven\u00e7\u00f5es urbano-arquitet\u00f4nicas promovidas pelo escrit\u00f3rio Marroquim Arquitetos Ltda Orientadora: Renata Hermanny de Almeida Bolsista: Fl\u00e1via Marcarine Arruda Resumo: Integrante da pesquisa \u201cCidade no Brasil: o papel do passado em interven\u00e7\u00f5es urbanas, &hellip; <a href=\"https:\/\/blog.ufes.br\/patri_lab\/linhas-de-pesquisa\/pesquisas-encerradas\/cidades-no-brasil-o-papel-do-passado-em-intervencoes-urbanas-1950-2010\/cidade-no-brasil\/250-2\/\">Continue lendo <span class=\"meta-nav\">&rarr;<\/span><\/a><\/p>\n","protected":false},"author":37,"featured_media":0,"parent":168,"menu_order":0,"comment_status":"open","ping_status":"closed","template":"","meta":{"_bbp_topic_count":0,"_bbp_reply_count":0,"_bbp_total_topic_count":0,"_bbp_total_reply_count":0,"_bbp_voice_count":0,"_bbp_anonymous_reply_count":0,"_bbp_topic_count_hidden":0,"_bbp_reply_count_hidden":0,"_bbp_forum_subforum_count":0,"_uag_custom_page_level_css":"","footnotes":""},"class_list":["post-250","page","type-page","status-publish","hentry"],"uagb_featured_image_src":{"full":false,"thumbnail":false,"medium":false,"medium_large":false,"large":false,"1536x1536":false,"2048x2048":false,"post-thumbnail":false},"uagb_author_info":{"display_name":"Bruno de Andrade","author_link":"https:\/\/blog.ufes.br\/patri_lab\/author\/bruno-andrade\/"},"uagb_comment_info":0,"uagb_excerpt":"Subprojeto de Inicia\u00e7\u00e3o Cient\u00edfica T\u00edtulo do Subprojeto: An\u00e1lise de interven\u00e7\u00f5es urbano-arquitet\u00f4nicas promovidas pelo escrit\u00f3rio Marroquim Arquitetos Ltda Orientadora: Renata Hermanny de Almeida Bolsista: Fl\u00e1via Marcarine Arruda Resumo: Integrante da pesquisa \u201cCidade no Brasil: o papel do passado em interven\u00e7\u00f5es urbanas, &hellip; Continue lendo &rarr;","_links":{"self":[{"href":"https:\/\/blog.ufes.br\/patri_lab\/wp-json\/wp\/v2\/pages\/250","targetHints":{"allow":["GET"]}}],"collection":[{"href":"https:\/\/blog.ufes.br\/patri_lab\/wp-json\/wp\/v2\/pages"}],"about":[{"href":"https:\/\/blog.ufes.br\/patri_lab\/wp-json\/wp\/v2\/types\/page"}],"author":[{"embeddable":true,"href":"https:\/\/blog.ufes.br\/patri_lab\/wp-json\/wp\/v2\/users\/37"}],"replies":[{"embeddable":true,"href":"https:\/\/blog.ufes.br\/patri_lab\/wp-json\/wp\/v2\/comments?post=250"}],"version-history":[{"count":9,"href":"https:\/\/blog.ufes.br\/patri_lab\/wp-json\/wp\/v2\/pages\/250\/revisions"}],"predecessor-version":[{"id":851,"href":"https:\/\/blog.ufes.br\/patri_lab\/wp-json\/wp\/v2\/pages\/250\/revisions\/851"}],"up":[{"embeddable":true,"href":"https:\/\/blog.ufes.br\/patri_lab\/wp-json\/wp\/v2\/pages\/168"}],"wp:attachment":[{"href":"https:\/\/blog.ufes.br\/patri_lab\/wp-json\/wp\/v2\/media?parent=250"}],"curies":[{"name":"wp","href":"https:\/\/api.w.org\/{rel}","templated":true}]}}

Subprojeto: &#8220;A inserção de nova arquitetura em contexto com preexistência crítica: estudo da obra do Escritório Marroquim Arquitetos Ltda&#8221;.

<div>
<p><a href="http://blog.ufes.br/patri_lab/files/2011/12/Marroquim.jpg"><img loading="lazy" decoding="async" class="alignleft size-full wp-image-252" src="http://blog.ufes.br/patri_lab/files/2011/12/Marroquim.jpg" alt="" width="641" height="371" srcset="https://blog.ufes.br/patri_lab/files/2011/12/Marroquim.jpg 641w, https://blog.ufes.br/patri_lab/files/2011/12/Marroquim-300x173.jpg 300w" sizes="auto, (max-width: 641px) 100vw, 641px" /></a></p>
<p>Subprojeto de Iniciação Científica</p>
<p><strong>Título do Subprojeto:</strong> Análise de intervenções urbano-arquitetônicas promovidas pelo escritório Marroquim Arquitetos Ltda</p>
<p><strong>Orientadora:</strong> Renata Hermanny de Almeida</p>
<p><strong>Bolsista:</strong> Flávia Marcarine Arruda</p>
<p><strong>Resumo:</strong> Integrante da pesquisa “Cidade no Brasil: o papel do passado em intervenções urbanas, 1950-2010”, esse subprojeto tem como temática central a história da arquitetura brasileira, recortada por um específico interesse: a análise de intervenções urbano-arquitetônicas promovidas pelo escritório Marroquim Arquitetos Ltda, sediado na cidade de Vitória, estado do Espírito Santo. Essa intenção nos permitirá particularizar uma das hipóteses da pesquisa, qual seja, de que, a despeito da formação modernista de linhagem corbuseriana e funcionalista adquirida nas escolas, a partir no período 1980-2010 a arquitetura no Brasil se particulariza pelo reconhecimento e adoção de referentes físico-geográficos e histórico-culturais para pensar o novo, e não pela sua rejeição, como pressuposto no ideário de linhagem moderno-funcionalista. Para isso, como procedimento, o estudo da experiência – projeto e obra construída &#8211; será empreendido a partir de identificação, registro, descrição, interpretação e categorização de operações projetivas em que a relação entre arquitetura e sítios urbanos com preexistência crítica seja orientadora da projetação. Em sua totalidade, a investigação seguira um conjunto de passos visando uma abordagem duplamente qualitativa e sistêmica.</p>
<p><strong>Palavras chave:</strong> Intervenção urbana, Marroquim Arquitetos, Arquitetura, Preexistência crítica.</p>
<p><strong>Referências:</strong></p>
<p>BETHÂNIA, Gonçalves de Souza. Dialogando com a arquitetura de Ione e Fernando Marroquim. Monografia (Graduação). Vitória, Departamento de Arquitetura e Urbanismo, Universidade Federal do Espírito Santo, 2000.<br />
GRACIA, Francisco de. Entre el Paisaje y la Arquitectura. Apuntes sobre la razón constructiva. Editorial Nerea S.A., 2009.<br />
____ Construir en lo Construido: Arquitectura como Modificación. Nerea, 1992.<br />
SANTOS, Milton. Metamorfoses do Espaço Habitado: fundamentos teóricos e metodológicos da Geografia. 2ª edição. São Paulo: Editora Hucitec, 2008.<br />
SERRA, Geraldo G.. Pesquisa em Arquitetura e Urbanismo: guia prático para o trabalho de pesquisadores em pós-graduação. São Paulo, EDUSP &amp; Mandarim Editora, 2006.<br />
ZEIN, Ruth Verde. Arquitectura brasileña en la década de los 80: algunas tendências. In TOCA, Antonio (Ed.). Nueva arquitectura en América Latina: presente y futuro. México: Ediciones G. Gilli, 1990.<br />
___. “O lugar da crítica: nunca é inocente escrever sobre arquitetura’. In ZEIN, Ruth Verde. O lugar da crítica: ensaios oportunos de arquitetura. Porto Alegre: Centro Universitário Ritter dos Reis, 2001, pp. 201-03.</p>
<p>&nbsp;</p>
<p><a title="seminario flavia" href="http://www.slideshare.net/patri_lab/apresentao-subprojeto-flvia" target="_blank">Clique aqui</a> para ver a apresentação no I Seminário Interno do Patri_Lab.</p>
</div>

<p>Subprojeto de Iniciação Científica Título do Subprojeto: Análise de intervenções urbano-arquitetônicas promovidas pelo escritório Marroquim Arquitetos Ltda Orientadora: Renata Hermanny de Almeida Bolsista: Flávia Marcarine Arruda Resumo: Integrante da pesquisa “Cidade no Brasil: o papel do passado em intervenções urbanas, &hellip; <a href="https://blog.ufes.br/patri_lab/linhas-de-pesquisa/pesquisas-encerradas/cidades-no-brasil-o-papel-do-passado-em-intervencoes-urbanas-1950-2010/cidade-no-brasil/250-2/">Continue lendo <span class="meta-nav">&rarr;</span></a></p>

Subprojeto de Iniciação Científica Título do Subprojeto: Análise de intervenções urbano-arquitetônicas promovidas pelo escritório Marroquim Arquitetos Ltda Orientadora: Renata Hermanny de Almeida Bolsista: Flávia Marcarine Arruda Resumo: Integrante da pesquisa “Cidade no Brasil: o papel do passado em intervenções urbanas, &hellip; Continue lendo &rarr;
