{"id":2622,"date":"2018-10-24T10:44:57","date_gmt":"2018-10-24T13:44:57","guid":{"rendered":"http:\/\/blog.ufes.br\/patri_lab\/?page_id=2622"},"modified":"2018-10-25T14:57:17","modified_gmt":"2018-10-25T17:57:17","slug":"pos-graduacao-cultura-arquitetonica-e-patrimonio-urbano-a-contribuicao-do-imigrante-germanico-em-santa-leopoldina-es","status":"publish","type":"page","link":"https:\/\/blog.ufes.br\/patri_lab\/linhas-de-pesquisa\/pesquisas-encerradas\/cidades-no-brasil-o-papel-do-passado-em-intervencoes-urbanas-1950-2010\/pos-graduacao-cultura-arquitetonica-e-patrimonio-urbano-a-contribuicao-do-imigrante-germanico-em-santa-leopoldina-es\/","title":{"rendered":"[P\u00f3s-gradua\u00e7\u00e3o] &#8220;Cultura Arquitet\u00f4nica e Patrim\u00f4nio Urbano: A contribui\u00e7\u00e3o do imigrante germ\u00e2nico em Santa Leopoldina\/ES&#8221;"},"content":{"rendered":"<p><strong>Autora<\/strong>: Vera L\u00facia Vieira Lima<\/p>\n<p><strong><span class=\"token-ufes continua\">Tipo:<\/span><\/strong>\u00a0Disserta\u00e7\u00e3o de mestrado acad\u00eamico<br \/>\n<strong><span class=\"token-ufes continua\">Data de publica\u00e7\u00e3o:<\/span><\/strong>\u00a021\/05\/2018<\/p>\n<p><strong>Orientadora:\u00a0<\/strong>Renata Hermanny de Almeida<\/p>\n<p><span class=\"token-ufes continua\"><strong>Resumo:<\/strong><\/span>\u00a0Esta pesquisa discute a contribui\u00e7\u00e3o do imigrante germ\u00e2nico para a arquitetura urbana no estado do Esp\u00edrito Santo, em particular para a arquitetura da \u00c1rea de Prote\u00e7\u00e3o do Ambiente Cultural de Santa Leopoldina, conjunto urbano protegido por tombamento estadual (1983). A relev\u00e2ncia hist\u00f3rica, urbana e arquitet\u00f4nica do n\u00facleo urbano de Santa Leopoldina, originalmente sede da Col\u00f4nia de Santa Leopoldina, instalada em 1857, na regi\u00e3o centro serrana do Esp\u00edrito Santo, pode ser reconhecida por diferentes valores patrimoniais, dentre os quais ser express\u00e3o material do encontro de culturas. Imigrantes europeus chegam a partir de meados do s\u00e9culo XIX, em busca de nova vida, marcando um novo per\u00edodo na hist\u00f3ria do territ\u00f3rio capixaba. Originados na sua maioria da Alemanha e da It\u00e1lia, junto com portugueses, africanos e ind\u00edgenas estabelecidos, incorporam saberes \u00e0 arquitetura precedente. O n\u00facleo urbano da cidade, recorte espacial da pesquisa, apresenta produ\u00e7\u00e3o arquitet\u00f4nica, datada do final do s\u00e9culo XIX e in\u00edcio do s\u00e9culo XX. Neste contexto, considerando a inexist\u00eancia de estudos dedicados \u00e0 compreens\u00e3o da contribui\u00e7\u00e3o de imigrantes germ\u00e2nicos para a arquitetura urbana capixaba, busca-se seu reconhecimento (identifica\u00e7\u00e3o, caracteriza\u00e7\u00e3o, interpreta\u00e7\u00e3o). Para tanto, adota-se para an\u00e1lise uma abordagem qualitativa, com contextualiza\u00e7\u00e3o hist\u00f3rica, cruzamento e s\u00edntese dos conte\u00fados existentes no documento visual de fontes iconogr\u00e1ficas e os textuais de fontes bibliogr\u00e1ficas e orais e investiga\u00e7\u00e3o emp\u00edrica. Esta metodologia possibilita identificar e caracterizar arquitetonicamente constru\u00e7\u00f5es remanescentes da ocupa\u00e7\u00e3o germ\u00e2nica.<br \/>\nPalavras chave: Arquitetura; Patrim\u00f4nio; Cultura; Imigrante germ\u00e2nico; Santa<br \/>\nLeopoldina.<\/p>\n<p><a href=\"http:\/\/www.arquitetura.ufes.br\/pt-br\/pos-graduacao\/PPGAU\/detalhes-da-tese?id=12143\" target=\"_blank\" rel=\"noopener\">Acesso ao documento<\/a><\/p>\n","protected":false},"excerpt":{"rendered":"<p>Autora: Vera L\u00facia Vieira Lima Tipo:\u00a0Disserta\u00e7\u00e3o de mestrado acad\u00eamico Data de publica\u00e7\u00e3o:\u00a021\/05\/2018 Orientadora:\u00a0Renata Hermanny de Almeida Resumo:\u00a0Esta pesquisa discute a contribui\u00e7\u00e3o do imigrante germ\u00e2nico para a arquitetura urbana no estado do Esp\u00edrito Santo, em particular para a arquitetura da \u00c1rea &hellip; <a href=\"https:\/\/blog.ufes.br\/patri_lab\/linhas-de-pesquisa\/pesquisas-encerradas\/cidades-no-brasil-o-papel-do-passado-em-intervencoes-urbanas-1950-2010\/pos-graduacao-cultura-arquitetonica-e-patrimonio-urbano-a-contribuicao-do-imigrante-germanico-em-santa-leopoldina-es\/\">Continue lendo <span class=\"meta-nav\">&rarr;<\/span><\/a><\/p>\n","protected":false},"author":175,"featured_media":0,"parent":378,"menu_order":10,"comment_status":"closed","ping_status":"closed","template":"","meta":{"_bbp_topic_count":0,"_bbp_reply_count":0,"_bbp_total_topic_count":0,"_bbp_total_reply_count":0,"_bbp_voice_count":0,"_bbp_anonymous_reply_count":0,"_bbp_topic_count_hidden":0,"_bbp_reply_count_hidden":0,"_bbp_forum_subforum_count":0,"_uag_custom_page_level_css":"","footnotes":""},"class_list":["post-2622","page","type-page","status-publish","hentry"],"uagb_featured_image_src":{"full":false,"thumbnail":false,"medium":false,"medium_large":false,"large":false,"1536x1536":false,"2048x2048":false,"post-thumbnail":false},"uagb_author_info":{"display_name":"Damiany Nossa","author_link":"https:\/\/blog.ufes.br\/patri_lab\/author\/damiany-nossa\/"},"uagb_comment_info":0,"uagb_excerpt":"Autora: Vera L\u00facia Vieira Lima Tipo:\u00a0Disserta\u00e7\u00e3o de mestrado acad\u00eamico Data de publica\u00e7\u00e3o:\u00a021\/05\/2018 Orientadora:\u00a0Renata Hermanny de Almeida Resumo:\u00a0Esta pesquisa discute a contribui\u00e7\u00e3o do imigrante germ\u00e2nico para a arquitetura urbana no estado do Esp\u00edrito Santo, em particular para a arquitetura da \u00c1rea &hellip; Continue lendo &rarr;","_links":{"self":[{"href":"https:\/\/blog.ufes.br\/patri_lab\/wp-json\/wp\/v2\/pages\/2622","targetHints":{"allow":["GET"]}}],"collection":[{"href":"https:\/\/blog.ufes.br\/patri_lab\/wp-json\/wp\/v2\/pages"}],"about":[{"href":"https:\/\/blog.ufes.br\/patri_lab\/wp-json\/wp\/v2\/types\/page"}],"author":[{"embeddable":true,"href":"https:\/\/blog.ufes.br\/patri_lab\/wp-json\/wp\/v2\/users\/175"}],"replies":[{"embeddable":true,"href":"https:\/\/blog.ufes.br\/patri_lab\/wp-json\/wp\/v2\/comments?post=2622"}],"version-history":[{"count":6,"href":"https:\/\/blog.ufes.br\/patri_lab\/wp-json\/wp\/v2\/pages\/2622\/revisions"}],"predecessor-version":[{"id":2690,"href":"https:\/\/blog.ufes.br\/patri_lab\/wp-json\/wp\/v2\/pages\/2622\/revisions\/2690"}],"up":[{"embeddable":true,"href":"https:\/\/blog.ufes.br\/patri_lab\/wp-json\/wp\/v2\/pages\/378"}],"wp:attachment":[{"href":"https:\/\/blog.ufes.br\/patri_lab\/wp-json\/wp\/v2\/media?parent=2622"}],"curies":[{"name":"wp","href":"https:\/\/api.w.org\/{rel}","templated":true}]}}