{"id":337,"date":"2012-03-06T18:16:58","date_gmt":"2012-03-06T21:16:58","guid":{"rendered":"http:\/\/blog.ufes.br\/patri_lab\/?page_id=337"},"modified":"2014-11-07T17:07:56","modified_gmt":"2014-11-07T19:07:56","slug":"relatorios-parciais-e-finais","status":"publish","type":"page","link":"https:\/\/blog.ufes.br\/patri_lab\/publicacoes\/relatorios-parciais-e-finais\/","title":{"rendered":"Relat\u00f3rios parciais e finais"},"content":{"rendered":"<p>MEDEIROS, Rebecca.\u00a0<a href=\"https:\/\/pt.scribd.com\/doc\/245857926\/A-insercao-de-nova-arquitetura-em-sitios-historicos-urbanos-protegidos-por-tombamento-federal-Instituto-do-Patrimonio-Historico-e-Artistico-Naciona\">A inser\u00e7\u00e3o de nova arquitetura em s\u00edtios hist\u00f3ricos urbanos, protegidos por tombamento federal &#8211; Instituto do Patrim\u00f4nio Hist\u00f3rico e Art\u00edstico Nacional &#8211; IPHAN<\/a>.\u00a0PRPPG\/UFES PIBIC 2013\/2014. Relat\u00f3rio Final.<\/p>\n<p>DIAS, Natalia.\u00a0<a href=\"https:\/\/pt.scribd.com\/doc\/245857700\/A-insercao-de-nova-arquitetura-em-sitios-historicos-urbanos-protegidos-por-tombamento-estadual-Conselho-Estadual-de-Cultura-Secult-ES\">A inser\u00e7\u00e3o de nova arquitetura em s\u00edtios hist\u00f3ricos urbanos, protegidospor tombamento estadual\u00a0\u2013\u00a0\u00a0Conselho Estadual de Cultura \/ Secult \/ ES.<\/a>\u00a0PRPPG\/UFES PIBIC 2013\/2014<\/p>\n<p>PANI, Deyva.\u00a0<a title=\"Relat\u00f3rio parcial Pani\" href=\"http:\/\/pt.scribd.com\/doc\/139750481\/Estudo-de-metodologia-e-tecnica-de-representacao-identitaria-do-territorio\" target=\"_blank\">Estudo de metodologia e t\u00e9cnica de representa\u00e7\u00e3o identit\u00e1ria do territ\u00f3rio.<\/a>\u00a0PRPPG\/UFES PIBIC 2012\/2013. Relat\u00f3rio Parcial.<\/p>\n<p>MAZZINI, Maisa.\u00a0<a title=\"Relat\u00f3rio final Mazzini\" href=\"http:\/\/pt.scribd.com\/doc\/139748325\/Mapeamento-de-situacoes-de-insercao-de-nova-arquitetura-em-contexto-com-preexistencia-critica-estudo-de-caso-na-cidade-de-Sabara-MG\" target=\"_blank\">Mapeamento de situa\u00e7\u00f5es de inser\u00e7\u00e3o de nova arquitetura em contexto com preexist\u00eancia cr\u00edtica: estudo de caso na cidade de Sabar\u00e1-MG<\/a>. PRPPG\/UFES PIVIC 2011\/2012. Relat\u00f3rio Final.<\/p>\n<p>ANDRADE, Ana Carolina de. <a title=\"relat\u00f3rio parcial ana\" href=\"http:\/\/www.slideshare.net\/patri_lab\/prppg-edital-20112012rpanacandradefev2012\" target=\"_blank\">Mapeamento de situa\u00e7\u00f5es de inser\u00e7\u00e3o de nova arquitetura em contexto com preexist\u00eancia cr\u00edtica: estudo de caso na cidade de Sabar\u00e1-MG<\/a>. PRPPG\/UFES PIVIC 2011\/2012. Relat\u00f3rio Parcial.<\/p>\n<p>ANDRADE, Bruno Amaral de. <a title=\"rp bruno\" href=\"http:\/\/www.slideshare.net\/patri_lab\/pibic-cn-pq-ufes-relatrioparcial-brunoandradefev2012\" target=\"_blank\">Rio Santa Maria da Vit\u00f3ria, patrim\u00f4nio protagonista do desenvolvimento regional de Santa Leopoldina [ES]<\/a>. PRPPG\/UFES PIBIC CNPq 2011\/2012. Relat\u00f3rio Parcial.<\/p>\n<p>PERINI, Irlan Lima. <a title=\"rp irlan\" href=\"http:\/\/www.slideshare.net\/patri_lab\/prppg-edital-ic20112012relatrioparcialirlanperinifev2012\" target=\"_blank\">Mapeamento das interfaces entre formas s\u00f3cio-ambientais e usos s\u00f3cio-econ\u00f4micos<\/a>. PRPPG\/UFES PIBIC CNPq 2011\/2012. Relat\u00f3rio Parcial.<\/p>\n<p>SILVA, Giovanna Gon\u00e7alves. Categoriza\u00e7\u00e3o de interven\u00e7\u00f5es urbanas no Brasil, 1950-2010. PRPPG\/UFES PIVIC 2011\/2012. Relat\u00f3rio Parcial.<\/p>\n","protected":false},"excerpt":{"rendered":"<p>MEDEIROS, Rebecca.\u00a0A inser\u00e7\u00e3o de nova arquitetura em s\u00edtios hist\u00f3ricos urbanos, protegidos por tombamento federal &#8211; Instituto do Patrim\u00f4nio Hist\u00f3rico e Art\u00edstico Nacional &#8211; IPHAN.\u00a0PRPPG\/UFES PIBIC 2013\/2014. Relat\u00f3rio Final. DIAS, Natalia.\u00a0A inser\u00e7\u00e3o de nova arquitetura em s\u00edtios hist\u00f3ricos urbanos, protegidospor tombamento &hellip; <a href=\"https:\/\/blog.ufes.br\/patri_lab\/publicacoes\/relatorios-parciais-e-finais\/\">Continue lendo <span class=\"meta-nav\">&rarr;<\/span><\/a><\/p>\n","protected":false},"author":37,"featured_media":0,"parent":42,"menu_order":2,"comment_status":"open","ping_status":"closed","template":"","meta":{"_bbp_topic_count":0,"_bbp_reply_count":0,"_bbp_total_topic_count":0,"_bbp_total_reply_count":0,"_bbp_voice_count":0,"_bbp_anonymous_reply_count":0,"_bbp_topic_count_hidden":0,"_bbp_reply_count_hidden":0,"_bbp_forum_subforum_count":0,"_uag_custom_page_level_css":"","footnotes":""},"class_list":["post-337","page","type-page","status-publish","hentry"],"uagb_featured_image_src":{"full":false,"thumbnail":false,"medium":false,"medium_large":false,"large":false,"1536x1536":false,"2048x2048":false,"post-thumbnail":false},"uagb_author_info":{"display_name":"Bruno de Andrade","author_link":"https:\/\/blog.ufes.br\/patri_lab\/author\/bruno-andrade\/"},"uagb_comment_info":0,"uagb_excerpt":"MEDEIROS, Rebecca.\u00a0A inser\u00e7\u00e3o de nova arquitetura em s\u00edtios hist\u00f3ricos urbanos, protegidos por tombamento federal &#8211; Instituto do Patrim\u00f4nio Hist\u00f3rico e Art\u00edstico Nacional &#8211; IPHAN.\u00a0PRPPG\/UFES PIBIC 2013\/2014. Relat\u00f3rio Final. DIAS, Natalia.\u00a0A inser\u00e7\u00e3o de nova arquitetura em s\u00edtios hist\u00f3ricos urbanos, protegidospor tombamento &hellip; Continue lendo &rarr;","_links":{"self":[{"href":"https:\/\/blog.ufes.br\/patri_lab\/wp-json\/wp\/v2\/pages\/337","targetHints":{"allow":["GET"]}}],"collection":[{"href":"https:\/\/blog.ufes.br\/patri_lab\/wp-json\/wp\/v2\/pages"}],"about":[{"href":"https:\/\/blog.ufes.br\/patri_lab\/wp-json\/wp\/v2\/types\/page"}],"author":[{"embeddable":true,"href":"https:\/\/blog.ufes.br\/patri_lab\/wp-json\/wp\/v2\/users\/37"}],"replies":[{"embeddable":true,"href":"https:\/\/blog.ufes.br\/patri_lab\/wp-json\/wp\/v2\/comments?post=337"}],"version-history":[{"count":15,"href":"https:\/\/blog.ufes.br\/patri_lab\/wp-json\/wp\/v2\/pages\/337\/revisions"}],"predecessor-version":[{"id":1672,"href":"https:\/\/blog.ufes.br\/patri_lab\/wp-json\/wp\/v2\/pages\/337\/revisions\/1672"}],"up":[{"embeddable":true,"href":"https:\/\/blog.ufes.br\/patri_lab\/wp-json\/wp\/v2\/pages\/42"}],"wp:attachment":[{"href":"https:\/\/blog.ufes.br\/patri_lab\/wp-json\/wp\/v2\/media?parent=337"}],"curies":[{"name":"wp","href":"https:\/\/api.w.org\/{rel}","templated":true}]}}

Relatórios parciais e finais

<p>MEDEIROS, Rebecca. <a href="https://pt.scribd.com/doc/245857926/A-insercao-de-nova-arquitetura-em-sitios-historicos-urbanos-protegidos-por-tombamento-federal-Instituto-do-Patrimonio-Historico-e-Artistico-Naciona">A inserção de nova arquitetura em sítios históricos urbanos, protegidos por tombamento federal &#8211; Instituto do Patrimônio Histórico e Artístico Nacional &#8211; IPHAN</a>. PRPPG/UFES PIBIC 2013/2014. Relatório Final.</p>
<p>DIAS, Natalia. <a href="https://pt.scribd.com/doc/245857700/A-insercao-de-nova-arquitetura-em-sitios-historicos-urbanos-protegidos-por-tombamento-estadual-Conselho-Estadual-de-Cultura-Secult-ES">A inserção de nova arquitetura em sítios históricos urbanos, protegidospor tombamento estadual –  Conselho Estadual de Cultura / Secult / ES.</a> PRPPG/UFES PIBIC 2013/2014</p>
<p>PANI, Deyva. <a title="Relatório parcial Pani" href="http://pt.scribd.com/doc/139750481/Estudo-de-metodologia-e-tecnica-de-representacao-identitaria-do-territorio" target="_blank">Estudo de metodologia e técnica de representação identitária do território.</a> PRPPG/UFES PIBIC 2012/2013. Relatório Parcial.</p>
<p>MAZZINI, Maisa. <a title="Relatório final Mazzini" href="http://pt.scribd.com/doc/139748325/Mapeamento-de-situacoes-de-insercao-de-nova-arquitetura-em-contexto-com-preexistencia-critica-estudo-de-caso-na-cidade-de-Sabara-MG" target="_blank">Mapeamento de situações de inserção de nova arquitetura em contexto com preexistência crítica: estudo de caso na cidade de Sabará-MG</a>. PRPPG/UFES PIVIC 2011/2012. Relatório Final.</p>
<p>ANDRADE, Ana Carolina de. <a title="relatório parcial ana" href="http://www.slideshare.net/patri_lab/prppg-edital-20112012rpanacandradefev2012" target="_blank">Mapeamento de situações de inserção de nova arquitetura em contexto com preexistência crítica: estudo de caso na cidade de Sabará-MG</a>. PRPPG/UFES PIVIC 2011/2012. Relatório Parcial.</p>
<p>ANDRADE, Bruno Amaral de. <a title="rp bruno" href="http://www.slideshare.net/patri_lab/pibic-cn-pq-ufes-relatrioparcial-brunoandradefev2012" target="_blank">Rio Santa Maria da Vitória, patrimônio protagonista do desenvolvimento regional de Santa Leopoldina [ES]</a>. PRPPG/UFES PIBIC CNPq 2011/2012. Relatório Parcial.</p>
<p>PERINI, Irlan Lima. <a title="rp irlan" href="http://www.slideshare.net/patri_lab/prppg-edital-ic20112012relatrioparcialirlanperinifev2012" target="_blank">Mapeamento das interfaces entre formas sócio-ambientais e usos sócio-econômicos</a>. PRPPG/UFES PIBIC CNPq 2011/2012. Relatório Parcial.</p>
<p>SILVA, Giovanna Gonçalves. Categorização de intervenções urbanas no Brasil, 1950-2010. PRPPG/UFES PIVIC 2011/2012. Relatório Parcial.</p>

<p>MEDEIROS, Rebecca. A inserção de nova arquitetura em sítios históricos urbanos, protegidos por tombamento federal &#8211; Instituto do Patrimônio Histórico e Artístico Nacional &#8211; IPHAN. PRPPG/UFES PIBIC 2013/2014. Relatório Final. DIAS, Natalia. A inserção de nova arquitetura em sítios históricos urbanos, protegidospor tombamento &hellip; <a href="https://blog.ufes.br/patri_lab/publicacoes/relatorios-parciais-e-finais/">Continue lendo <span class="meta-nav">&rarr;</span></a></p>

MEDEIROS, Rebecca. A inserção de nova arquitetura em sítios históricos urbanos, protegidos por tombamento federal &#8211; Instituto do Patrimônio Histórico e Artístico Nacional &#8211; IPHAN. PRPPG/UFES PIBIC 2013/2014. Relatório Final. DIAS, Natalia. A inserção de nova arquitetura em sítios históricos urbanos, protegidospor tombamento &hellip; Continue lendo &rarr;
