{"id":56,"date":"2011-05-31T18:07:53","date_gmt":"2011-05-31T21:07:53","guid":{"rendered":"http:\/\/patrilab.wordpress.com\/?page_id=56"},"modified":"2012-03-08T21:50:26","modified_gmt":"2012-03-09T00:50:26","slug":"pesquisa-em-andamento","status":"publish","type":"page","link":"https:\/\/blog.ufes.br\/patri_lab\/linhas-de-pesquisa\/pesquisa-em-andamento\/","title":{"rendered":"Em andamento"},"content":{"rendered":"<p>Linhas de pesquisa:<\/p>\n<ol>\n<li><strong>Interven\u00e7\u00e3o urbana e arquitetura da cidade<\/strong><\/li>\n<li><strong>Patrim\u00f4nio, territ\u00f3rio e planejamento espacial<\/strong><\/li>\n<\/ol>\n<p>1. Interven\u00e7\u00e3o urbana e arquitetura da cidade:<\/p>\n<p>Projeto de pesquisa: &#8220;Cidade no Brasil: o papel do passado em interven\u00e7\u00f5es urbanas, 1950-2012&#8221;<\/p>\n<p>Subprojeto de pesquisa:<\/p>\n<p>2. Patrim\u00f4nio, territ\u00f3rio e planejamento espacial<\/p>\n<p>Projeto de pesquisa: &#8220;Patrim\u00f4nio e desenvolvimento territorial. Uma aproxima\u00e7\u00e3o \u00e0 figura da sustentabilidade&#8221;<\/p>\n<p>Projeto de pesquisa [parceria LabGEST]: &#8220;Enquadramento e desenvolvimento. Subs\u00eddio t\u00e9cnico cient\u00edfico \u00e0 integra\u00e7\u00e3o sociedade e territ\u00f3rio na gest\u00e3o da bacia do rio Doce&#8221;<\/p>\n<p><a title=\"seminario ppgau\" href=\"http:\/\/www.slideshare.net\/patri_lab\/patrilab-pesquisas-seminrio-ppgau-maro-2012\" target=\"_blank\">Visualize aqui<\/a> a apresenta\u00e7\u00e3o da profa. Renata no semin\u00e1rio do PPGAU\/DAU-UFES a cerca das linhas de pesquisa que o Patri_Lab trabalha atualmente.<\/p>\n","protected":false},"excerpt":{"rendered":"<p>Linhas de pesquisa: Interven\u00e7\u00e3o urbana e arquitetura da cidade Patrim\u00f4nio, territ\u00f3rio e planejamento espacial 1. Interven\u00e7\u00e3o urbana e arquitetura da cidade: Projeto de pesquisa: &#8220;Cidade no Brasil: o papel do passado em interven\u00e7\u00f5es urbanas, 1950-2012&#8221; Subprojeto de pesquisa: 2. Patrim\u00f4nio, &hellip; <a href=\"https:\/\/blog.ufes.br\/patri_lab\/linhas-de-pesquisa\/pesquisa-em-andamento\/\">Continue lendo <span class=\"meta-nav\">&rarr;<\/span><\/a><\/p>\n","protected":false},"author":37,"featured_media":0,"parent":25,"menu_order":2,"comment_status":"open","ping_status":"closed","template":"","meta":{"_bbp_topic_count":0,"_bbp_reply_count":0,"_bbp_total_topic_count":0,"_bbp_total_reply_count":0,"_bbp_voice_count":0,"_bbp_anonymous_reply_count":0,"_bbp_topic_count_hidden":0,"_bbp_reply_count_hidden":0,"_bbp_forum_subforum_count":0,"_uag_custom_page_level_css":"","footnotes":""},"class_list":["post-56","page","type-page","status-publish","hentry"],"uagb_featured_image_src":{"full":false,"thumbnail":false,"medium":false,"medium_large":false,"large":false,"1536x1536":false,"2048x2048":false,"post-thumbnail":false},"uagb_author_info":{"display_name":"Bruno de Andrade","author_link":"https:\/\/blog.ufes.br\/patri_lab\/author\/bruno-andrade\/"},"uagb_comment_info":0,"uagb_excerpt":"Linhas de pesquisa: Interven\u00e7\u00e3o urbana e arquitetura da cidade Patrim\u00f4nio, territ\u00f3rio e planejamento espacial 1. Interven\u00e7\u00e3o urbana e arquitetura da cidade: Projeto de pesquisa: &#8220;Cidade no Brasil: o papel do passado em interven\u00e7\u00f5es urbanas, 1950-2012&#8221; Subprojeto de pesquisa: 2. Patrim\u00f4nio, &hellip; Continue lendo &rarr;","_links":{"self":[{"href":"https:\/\/blog.ufes.br\/patri_lab\/wp-json\/wp\/v2\/pages\/56","targetHints":{"allow":["GET"]}}],"collection":[{"href":"https:\/\/blog.ufes.br\/patri_lab\/wp-json\/wp\/v2\/pages"}],"about":[{"href":"https:\/\/blog.ufes.br\/patri_lab\/wp-json\/wp\/v2\/types\/page"}],"author":[{"embeddable":true,"href":"https:\/\/blog.ufes.br\/patri_lab\/wp-json\/wp\/v2\/users\/37"}],"replies":[{"embeddable":true,"href":"https:\/\/blog.ufes.br\/patri_lab\/wp-json\/wp\/v2\/comments?post=56"}],"version-history":[{"count":9,"href":"https:\/\/blog.ufes.br\/patri_lab\/wp-json\/wp\/v2\/pages\/56\/revisions"}],"predecessor-version":[{"id":147,"href":"https:\/\/blog.ufes.br\/patri_lab\/wp-json\/wp\/v2\/pages\/56\/revisions\/147"}],"up":[{"embeddable":true,"href":"https:\/\/blog.ufes.br\/patri_lab\/wp-json\/wp\/v2\/pages\/25"}],"wp:attachment":[{"href":"https:\/\/blog.ufes.br\/patri_lab\/wp-json\/wp\/v2\/media?parent=56"}],"curies":[{"name":"wp","href":"https:\/\/api.w.org\/{rel}","templated":true}]}}