{"id":560,"date":"2012-03-20T18:47:03","date_gmt":"2012-03-20T21:47:03","guid":{"rendered":"http:\/\/blog.ufes.br\/patri_lab\/?page_id=560"},"modified":"2012-03-20T18:49:10","modified_gmt":"2012-03-20T21:49:10","slug":"patri_lablabgest-enquadramento-desenvolvimento-subsidio-tecnico-cientifico-a-integracao-sociedade-territorio-na-gestao-da-bacia-do-rio-doce","status":"publish","type":"page","link":"https:\/\/blog.ufes.br\/patri_lab\/linhas-de-pesquisa\/pesquisas-encerradas\/patrimonio-territorio-e-planejamento-espacial\/projeto-de-pesquisa-parceria-labgest-enquadramento-e-desenvolvimento-subsidio-tecnico-cientifico-a-integracao-sociedade-e-territorio-na-gestao-da-bacia-do-rio-doce\/patri_lablabgest-enquadramento-desenvolvimento-subsidio-tecnico-cientifico-a-integracao-sociedade-territorio-na-gestao-da-bacia-do-rio-doce\/","title":{"rendered":"[Patri_Lab+LabGEST] Enquadramento &amp; Desenvolvimento: subs\u00eddio t\u00e9cnico-cientifico \u00e0 integra\u00e7\u00e3o sociedade-territ\u00f3rio na gest\u00e3o da Bacia do Rio Doce"},"content":{"rendered":"<p><del>IMAGEM<\/del><\/p>\n<p><strong>Pesquisador:<\/strong> Elisa Machado Taveira\/ Lorena Castiglioni<\/p>\n<p><strong>Orientadora:<\/strong> Renata Hermanny de Almeida<\/p>\n<p><strong>T\u00edtulo do trabalho:<\/strong> Enquadramento &amp; Desenvolvimento: subs\u00eddio t\u00e9cnico-cientifico \u00e0 integra\u00e7\u00e3o sociedade-territ\u00f3rio na gest\u00e3o da Bacia do Rio Doce<\/p>\n<p><strong>Descri\u00e7\u00e3o:<\/strong> O projeto se enquadra na linha tem\u00e1tica &#8220;Enquadramento de Corpos H\u00eddricos &amp; Desenvolvimento Regional&#8221;, abordando especificamente &#8216;Estudos de impactos do uso e ocupa\u00e7\u00e3o do solo sobre os recursos h\u00eddricos, como subs\u00eddio ao enquadramento de corpos de \u00e1gua, tomando-se como refer\u00eancia a bacia hidrogr\u00e1fica&#8217; e &#8216;Estudos relacionados \u00e0 integra\u00e7\u00e3o da gest\u00e3o de recursos h\u00eddricos, interestadual e entre bacias de afluentes e de rio principal, e sua repercuss\u00e3o no territ\u00f3rio&#8217;. Tem como institui\u00e7\u00f5es parceiras a Universidade Federal do Esp\u00edrito Santo (Ufes-ES), o Instituto Federal de Educa\u00e7\u00e3o, Ci\u00eancia e Tecnologia do Esp\u00edrito Santo (Ifes-ES) e a Universidade Vale do Rio Doce (Univale-MG). Est\u00e1 estruturado em tr\u00eas eixos de investiga\u00e7\u00e3o que guardam especificidades, mas se articulam na perspectiva de contribuir com aportes cient\u00edficos para o processo de efetiva\u00e7\u00e3o do enquadramento dos corpos h\u00eddricos, que \u00e9 um novo marco da organiza\u00e7\u00e3o do territ\u00f3rio na medida em que implica em um pacto s\u00f3cio-institucional de responsabilidade sobre a qualidade e a quantidade de \u00e1guas. Os eixos de investiga\u00e7\u00e3o s\u00e3o: uso e ocupa\u00e7\u00e3o do solo como reflexo da rela\u00e7\u00e3o sociedade-territ\u00f3rio e suas implica\u00e7\u00f5es no enquadramento de corpos d&#8217;\u00e1gua; articula\u00e7\u00e3o interinstitucional, comunica\u00e7\u00e3o e mobiliza\u00e7\u00e3o social na gest\u00e3o dos recursos h\u00eddricos, com foco no enquadramento de corpos d&#8217;\u00e1gua; e integra\u00e7\u00e3o de pol\u00edticas de gest\u00e3o territorial voltadas \u00e0 implementa\u00e7\u00e3o do enquadramento de corpos d&#8217;\u00e1gua.<\/p>\n<p><del>Relat\u00f3rio<\/del><\/p>\n<p><del>Apresenta\u00e7\u00e3o<\/del><\/p>\n","protected":false},"excerpt":{"rendered":"<p>IMAGEM Pesquisador: Elisa Machado Taveira\/ Lorena Castiglioni Orientadora: Renata Hermanny de Almeida T\u00edtulo do trabalho: Enquadramento &amp; Desenvolvimento: subs\u00eddio t\u00e9cnico-cientifico \u00e0 integra\u00e7\u00e3o sociedade-territ\u00f3rio na gest\u00e3o da Bacia do Rio Doce Descri\u00e7\u00e3o: O projeto se enquadra na linha tem\u00e1tica &#8220;Enquadramento de &hellip; <a href=\"https:\/\/blog.ufes.br\/patri_lab\/linhas-de-pesquisa\/pesquisas-encerradas\/patrimonio-territorio-e-planejamento-espacial\/projeto-de-pesquisa-parceria-labgest-enquadramento-e-desenvolvimento-subsidio-tecnico-cientifico-a-integracao-sociedade-e-territorio-na-gestao-da-bacia-do-rio-doce\/patri_lablabgest-enquadramento-desenvolvimento-subsidio-tecnico-cientifico-a-integracao-sociedade-territorio-na-gestao-da-bacia-do-rio-doce\/\">Continue lendo <span class=\"meta-nav\">&rarr;<\/span><\/a><\/p>\n","protected":false},"author":37,"featured_media":0,"parent":458,"menu_order":0,"comment_status":"open","ping_status":"open","template":"","meta":{"_bbp_topic_count":0,"_bbp_reply_count":0,"_bbp_total_topic_count":0,"_bbp_total_reply_count":0,"_bbp_voice_count":0,"_bbp_anonymous_reply_count":0,"_bbp_topic_count_hidden":0,"_bbp_reply_count_hidden":0,"_bbp_forum_subforum_count":0,"_uag_custom_page_level_css":"","footnotes":""},"class_list":["post-560","page","type-page","status-publish","hentry"],"uagb_featured_image_src":{"full":false,"thumbnail":false,"medium":false,"medium_large":false,"large":false,"1536x1536":false,"2048x2048":false,"post-thumbnail":false},"uagb_author_info":{"display_name":"Bruno de Andrade","author_link":"https:\/\/blog.ufes.br\/patri_lab\/author\/bruno-andrade\/"},"uagb_comment_info":0,"uagb_excerpt":"IMAGEM Pesquisador: Elisa Machado Taveira\/ Lorena Castiglioni Orientadora: Renata Hermanny de Almeida T\u00edtulo do trabalho: Enquadramento &amp; Desenvolvimento: subs\u00eddio t\u00e9cnico-cientifico \u00e0 integra\u00e7\u00e3o sociedade-territ\u00f3rio na gest\u00e3o da Bacia do Rio Doce Descri\u00e7\u00e3o: O projeto se enquadra na linha tem\u00e1tica &#8220;Enquadramento de &hellip; Continue lendo &rarr;","_links":{"self":[{"href":"https:\/\/blog.ufes.br\/patri_lab\/wp-json\/wp\/v2\/pages\/560","targetHints":{"allow":["GET"]}}],"collection":[{"href":"https:\/\/blog.ufes.br\/patri_lab\/wp-json\/wp\/v2\/pages"}],"about":[{"href":"https:\/\/blog.ufes.br\/patri_lab\/wp-json\/wp\/v2\/types\/page"}],"author":[{"embeddable":true,"href":"https:\/\/blog.ufes.br\/patri_lab\/wp-json\/wp\/v2\/users\/37"}],"replies":[{"embeddable":true,"href":"https:\/\/blog.ufes.br\/patri_lab\/wp-json\/wp\/v2\/comments?post=560"}],"version-history":[{"count":3,"href":"https:\/\/blog.ufes.br\/patri_lab\/wp-json\/wp\/v2\/pages\/560\/revisions"}],"predecessor-version":[{"id":562,"href":"https:\/\/blog.ufes.br\/patri_lab\/wp-json\/wp\/v2\/pages\/560\/revisions\/562"}],"up":[{"embeddable":true,"href":"https:\/\/blog.ufes.br\/patri_lab\/wp-json\/wp\/v2\/pages\/458"}],"wp:attachment":[{"href":"https:\/\/blog.ufes.br\/patri_lab\/wp-json\/wp\/v2\/media?parent=560"}],"curies":[{"name":"wp","href":"https:\/\/api.w.org\/{rel}","templated":true}]}}

[Patri_Lab+LabGEST] Enquadramento &amp; Desenvolvimento: subsídio técnico-cientifico à integração sociedade-território na gestão da Bacia do Rio Doce

<p><del>IMAGEM</del></p>
<p><strong>Pesquisador:</strong> Elisa Machado Taveira/ Lorena Castiglioni</p>
<p><strong>Orientadora:</strong> Renata Hermanny de Almeida</p>
<p><strong>Título do trabalho:</strong> Enquadramento &amp; Desenvolvimento: subsídio técnico-cientifico à integração sociedade-território na gestão da Bacia do Rio Doce</p>
<p><strong>Descrição:</strong> O projeto se enquadra na linha temática &#8220;Enquadramento de Corpos Hídricos &amp; Desenvolvimento Regional&#8221;, abordando especificamente &#8216;Estudos de impactos do uso e ocupação do solo sobre os recursos hídricos, como subsídio ao enquadramento de corpos de água, tomando-se como referência a bacia hidrográfica&#8217; e &#8216;Estudos relacionados à integração da gestão de recursos hídricos, interestadual e entre bacias de afluentes e de rio principal, e sua repercussão no território&#8217;. Tem como instituições parceiras a Universidade Federal do Espírito Santo (Ufes-ES), o Instituto Federal de Educação, Ciência e Tecnologia do Espírito Santo (Ifes-ES) e a Universidade Vale do Rio Doce (Univale-MG). Está estruturado em três eixos de investigação que guardam especificidades, mas se articulam na perspectiva de contribuir com aportes científicos para o processo de efetivação do enquadramento dos corpos hídricos, que é um novo marco da organização do território na medida em que implica em um pacto sócio-institucional de responsabilidade sobre a qualidade e a quantidade de águas. Os eixos de investigação são: uso e ocupação do solo como reflexo da relação sociedade-território e suas implicações no enquadramento de corpos d&#8217;água; articulação interinstitucional, comunicação e mobilização social na gestão dos recursos hídricos, com foco no enquadramento de corpos d&#8217;água; e integração de políticas de gestão territorial voltadas à implementação do enquadramento de corpos d&#8217;água.</p>
<p><del>Relatório</del></p>
<p><del>Apresentação</del></p>

<p>IMAGEM Pesquisador: Elisa Machado Taveira/ Lorena Castiglioni Orientadora: Renata Hermanny de Almeida Título do trabalho: Enquadramento &amp; Desenvolvimento: subsídio técnico-cientifico à integração sociedade-território na gestão da Bacia do Rio Doce Descrição: O projeto se enquadra na linha temática &#8220;Enquadramento de &hellip; <a href="https://blog.ufes.br/patri_lab/linhas-de-pesquisa/pesquisas-encerradas/patrimonio-territorio-e-planejamento-espacial/projeto-de-pesquisa-parceria-labgest-enquadramento-e-desenvolvimento-subsidio-tecnico-cientifico-a-integracao-sociedade-e-territorio-na-gestao-da-bacia-do-rio-doce/patri_lablabgest-enquadramento-desenvolvimento-subsidio-tecnico-cientifico-a-integracao-sociedade-territorio-na-gestao-da-bacia-do-rio-doce/">Continue lendo <span class="meta-nav">&rarr;</span></a></p>

IMAGEM Pesquisador: Elisa Machado Taveira/ Lorena Castiglioni Orientadora: Renata Hermanny de Almeida Título do trabalho: Enquadramento &amp; Desenvolvimento: subsídio técnico-cientifico à integração sociedade-território na gestão da Bacia do Rio Doce Descrição: O projeto se enquadra na linha temática &#8220;Enquadramento de &hellip; Continue lendo &rarr;
