{"id":9,"date":"2015-03-20T14:15:38","date_gmt":"2015-03-20T14:15:38","guid":{"rendered":"http:\/\/blog.ufes.br\/rcs\/?page_id=9"},"modified":"2015-03-27T18:12:09","modified_gmt":"2015-03-27T18:12:09","slug":"fundamentos-de-mecanica-classica","status":"publish","type":"page","link":"https:\/\/blog.ufes.br\/rcs\/pagina-exemplo\/fundamentos-de-mecanica-classica\/","title":{"rendered":"Fundamentos de Mec\u00e2nica Cl\u00e1ssica"},"content":{"rendered":"<p><strong>Objetivos da disciplina: <\/strong>espera-se\u00a0que o aluno seja capaz de identificar as vari\u00e1veis relevantes em cada problema proposto; Formular quest\u00f5es a partir de situa\u00e7\u00f5es reais e compreender aquelas j\u00e1 enunciadas; Compreender enunciados que envolvam c\u00f3digos e s\u00edmbolos f\u00edsicos e matem\u00e1ticos; Articular o conhecimento f\u00edsico com outras \u00e1reas do saber cient\u00edfico; Compreender os principais conceitos fundamentais da mec\u00e2nica Newtoniana; Compreender o enunciado das leis de Newton para a mec\u00e2nica cl\u00e1ssica; Aplicar os conceitos da primeira, segunda e terceira lei da mec\u00e2nica em diversos problemas propostos; Entender os principais conceitos relacionados a din\u00e2mica de sistemas f\u00edsicos.<\/p>\n<p><a href=\"http:\/\/blog.ufes.br\/rcs\/files\/2015\/03\/cronograma-de-curso.pdf\">cronograma de curso<\/a><\/p>\n<p><a href=\"http:\/\/blog.ufes.br\/rcs\/files\/2015\/03\/Notas-e-Faltas.pdf\">Notas e Faltas<\/a><\/p>\n","protected":false},"excerpt":{"rendered":"<p>Objetivos da disciplina: espera-se\u00a0que o aluno seja capaz de identificar as vari\u00e1veis relevantes em cada problema proposto; Formular quest\u00f5es a partir de situa\u00e7\u00f5es reais e compreender aquelas j\u00e1 enunciadas; Compreender enunciados que envolvam c\u00f3digos e s\u00edmbolos f\u00edsicos e matem\u00e1ticos; Articular &hellip; <a href=\"https:\/\/blog.ufes.br\/rcs\/pagina-exemplo\/fundamentos-de-mecanica-classica\/\">Continue lendo <span class=\"meta-nav\">&rarr;<\/span><\/a><\/p>\n","protected":false},"author":216,"featured_media":0,"parent":2,"menu_order":0,"comment_status":"open","ping_status":"open","template":"","meta":{"_bbp_topic_count":0,"_bbp_reply_count":0,"_bbp_total_topic_count":0,"_bbp_total_reply_count":0,"_bbp_voice_count":0,"_bbp_anonymous_reply_count":0,"_bbp_topic_count_hidden":0,"_bbp_reply_count_hidden":0,"_bbp_forum_subforum_count":0,"_uag_custom_page_level_css":"","footnotes":""},"class_list":["post-9","page","type-page","status-publish","hentry"],"uagb_featured_image_src":{"full":false,"thumbnail":false,"medium":false,"medium_large":false,"large":false,"1536x1536":false,"2048x2048":false,"post-thumbnail":false,"large-feature":false,"small-feature":false},"uagb_author_info":{"display_name":"Rodrigo","author_link":"https:\/\/blog.ufes.br\/rcs\/author\/rodrigo-c-silva\/"},"uagb_comment_info":9,"uagb_excerpt":"Objetivos da disciplina: espera-se\u00a0que o aluno seja capaz de identificar as vari\u00e1veis relevantes em cada problema proposto; Formular quest\u00f5es a partir de situa\u00e7\u00f5es reais e compreender aquelas j\u00e1 enunciadas; Compreender enunciados que envolvam c\u00f3digos e s\u00edmbolos f\u00edsicos e matem\u00e1ticos; Articular &hellip; Continue lendo &rarr;","_links":{"self":[{"href":"https:\/\/blog.ufes.br\/rcs\/wp-json\/wp\/v2\/pages\/9","targetHints":{"allow":["GET"]}}],"collection":[{"href":"https:\/\/blog.ufes.br\/rcs\/wp-json\/wp\/v2\/pages"}],"about":[{"href":"https:\/\/blog.ufes.br\/rcs\/wp-json\/wp\/v2\/types\/page"}],"author":[{"embeddable":true,"href":"https:\/\/blog.ufes.br\/rcs\/wp-json\/wp\/v2\/users\/216"}],"replies":[{"embeddable":true,"href":"https:\/\/blog.ufes.br\/rcs\/wp-json\/wp\/v2\/comments?post=9"}],"version-history":[{"count":6,"href":"https:\/\/blog.ufes.br\/rcs\/wp-json\/wp\/v2\/pages\/9\/revisions"}],"predecessor-version":[{"id":27,"href":"https:\/\/blog.ufes.br\/rcs\/wp-json\/wp\/v2\/pages\/9\/revisions\/27"}],"up":[{"embeddable":true,"href":"https:\/\/blog.ufes.br\/rcs\/wp-json\/wp\/v2\/pages\/2"}],"wp:attachment":[{"href":"https:\/\/blog.ufes.br\/rcs\/wp-json\/wp\/v2\/media?parent=9"}],"curies":[{"name":"wp","href":"https:\/\/api.w.org\/{rel}","templated":true}]}}