{"id":105,"date":"2018-05-25T19:12:22","date_gmt":"2018-05-25T22:12:22","guid":{"rendered":"http:\/\/blog.ufes.br\/revistauniversidade\/?page_id=105"},"modified":"2025-08-14T18:04:55","modified_gmt":"2025-08-14T21:04:55","slug":"expediente","status":"publish","type":"page","link":"https:\/\/blog.ufes.br\/revistauniversidade\/expediente\/","title":{"rendered":"Expediente"},"content":{"rendered":"<p>REVISTA UNIVERSIDADE<br \/>\nRevista de divulga\u00e7\u00e3o cient\u00edfica produzida pela Secretaria de Comunica\u00e7\u00e3o (Secom) da Universidade Federal do Esp\u00edrito Santo<\/p>\n<p>Secret\u00e1ria de Comunica\u00e7\u00e3o: Thereza Marinho<\/p>\n<p>Editora respons\u00e1vel: Sueli de Freitas<\/p>\n<p>Reportagem:\u00a0Adriana Damasceno \u2022\u00a0 N\u00e1bila Corr\u00eaa \u2022 Sueli de Freitas \u2022 Tatiana Moura<\/p>\n<p>Design: Leonardo Paiva<\/p>\n<p>Revis\u00e3o: Monick Barbosa \u2022 Pedro Brito<\/p>\n<p>Universidade Federal do Esp\u00edrito Santo<br \/>\nSecretaria de Comunica\u00e7\u00e3o &#8211; Secom<br \/>\nAv. Fernando Ferrari, n\u00ba 514, Campus de Goiabeiras<br \/>\nPr\u00e9dio da Reitoria, 1\u00ba andar, CEP: 29075-910<br \/>\nVit\u00f3ria\/ES &#8211; Brasil<br \/>\nE-mail: revistauniversidade@ufes.br<br \/>\nTelefone: (27) 4009-2204 &#8211; atualmente s\u00f3 estamos atendendo por e-mail<\/p>\n<p>ISSN 2359-2095<\/p>\n<p>O conte\u00fado desta revista pode ser reproduzido, desde que citada a fonte.<\/p>\n<p><img loading=\"lazy\" decoding=\"async\" class=\"alignnone size-full wp-image-106\" src=\"http:\/\/blog.ufes.br\/revistauniversidade\/files\/2018\/05\/logoUfes.png\" alt=\"\" width=\"147\" height=\"115\" \/><\/p>\n<p>Universidade Federal do Esp\u00edrito Santo \u2022 Ufes<\/p>\n<p>Reitor<br \/>\nEust\u00e1quio de Castro<\/p>\n<p>Vice-Reitora<br \/>\nSonia Lopes<\/p>\n<p>Pr\u00f3-Reitor de Administra\u00e7\u00e3o<br \/>\nRoney Pignaton da Silva<\/p>\n<p>Pr\u00f3-Reitor de Pol\u00edticas Afirmativas e Assist\u00eancia Estudantil<br \/>\nAntonio Carlos Moraes<\/p>\n<p>Pr\u00f3-Reitor de Extens\u00e3o<br \/>\nEdnilson Silva Felipe<\/p>\n<p>Pr\u00f3-Reitora de Gest\u00e3o de Pessoas<br \/>\nJosiana Binda<\/p>\n<p>Pr\u00f3-Reitora de Gradua\u00e7\u00e3o<br \/>\nRegina Godinho<\/p>\n<p>Pr\u00f3-Reitora de Planejamento e Desenvolvimento Institucional<br \/>\nCristina Engel de Alvarez<\/p>\n<p>Pr\u00f3-Reitor de Pesquisa e P\u00f3s-Gradua\u00e7\u00e3o<br \/>\nValdemar Lacerda Jr.<\/p>\n","protected":false},"excerpt":{"rendered":"<div class=\"mh-excerpt\"><p>REVISTA UNIVERSIDADE Revista de divulga\u00e7\u00e3o cient\u00edfica produzida pela Secretaria de Comunica\u00e7\u00e3o (Secom) da Universidade Federal do Esp\u00edrito Santo Secret\u00e1ria de Comunica\u00e7\u00e3o: Thereza Marinho Editora respons\u00e1vel: <a class=\"mh-excerpt-more\" href=\"https:\/\/blog.ufes.br\/revistauniversidade\/expediente\/\" title=\"Expediente\">[&#8230;]<\/a><\/p>\n<\/div>","protected":false},"author":316,"featured_media":0,"parent":0,"menu_order":0,"comment_status":"closed","ping_status":"closed","template":"","meta":{"_bbp_topic_count":0,"_bbp_reply_count":0,"_bbp_total_topic_count":0,"_bbp_total_reply_count":0,"_bbp_voice_count":0,"_bbp_anonymous_reply_count":0,"_bbp_topic_count_hidden":0,"_bbp_reply_count_hidden":0,"_bbp_forum_subforum_count":0,"_uag_custom_page_level_css":"","footnotes":""},"class_list":["post-105","page","type-page","status-publish","hentry"],"uagb_featured_image_src":{"full":false,"thumbnail":false,"medium":false,"medium_large":false,"large":false,"1536x1536":false,"2048x2048":false,"mh-magazine-lite-slider":false,"mh-magazine-lite-content":false,"mh-magazine-lite-large":false,"mh-magazine-lite-medium":false,"mh-magazine-lite-small":false},"uagb_author_info":{"display_name":"evandro.rosa","author_link":"https:\/\/blog.ufes.br\/revistauniversidade\/author\/evandro-rosa\/"},"uagb_comment_info":0,"uagb_excerpt":"REVISTA UNIVERSIDADE Revista de divulga\u00e7\u00e3o cient\u00edfica produzida pela Secretaria de Comunica\u00e7\u00e3o (Secom) da Universidade Federal do Esp\u00edrito Santo Secret\u00e1ria de Comunica\u00e7\u00e3o: Thereza Marinho Editora respons\u00e1vel: [...]","_links":{"self":[{"href":"https:\/\/blog.ufes.br\/revistauniversidade\/wp-json\/wp\/v2\/pages\/105","targetHints":{"allow":["GET"]}}],"collection":[{"href":"https:\/\/blog.ufes.br\/revistauniversidade\/wp-json\/wp\/v2\/pages"}],"about":[{"href":"https:\/\/blog.ufes.br\/revistauniversidade\/wp-json\/wp\/v2\/types\/page"}],"author":[{"embeddable":true,"href":"https:\/\/blog.ufes.br\/revistauniversidade\/wp-json\/wp\/v2\/users\/316"}],"replies":[{"embeddable":true,"href":"https:\/\/blog.ufes.br\/revistauniversidade\/wp-json\/wp\/v2\/comments?post=105"}],"version-history":[{"count":15,"href":"https:\/\/blog.ufes.br\/revistauniversidade\/wp-json\/wp\/v2\/pages\/105\/revisions"}],"predecessor-version":[{"id":3715,"href":"https:\/\/blog.ufes.br\/revistauniversidade\/wp-json\/wp\/v2\/pages\/105\/revisions\/3715"}],"wp:attachment":[{"href":"https:\/\/blog.ufes.br\/revistauniversidade\/wp-json\/wp\/v2\/media?parent=105"}],"curies":[{"name":"wp","href":"https:\/\/api.w.org\/{rel}","templated":true}]}}

<p>REVISTA UNIVERSIDADE<br />
Revista de divulgação científica produzida pela Secretaria de Comunicação (Secom) da Universidade Federal do Espírito Santo</p>
<p>Secretária de Comunicação: Thereza Marinho</p>
<p>Editora responsável: Sueli de Freitas</p>
<p>Reportagem: Adriana Damasceno •  Nábila Corrêa • Sueli de Freitas • Tatiana Moura</p>
<p>Design: Leonardo Paiva</p>
<p>Revisão: Monick Barbosa • Pedro Brito</p>
<p>Universidade Federal do Espírito Santo<br />
Secretaria de Comunicação &#8211; Secom<br />
Av. Fernando Ferrari, nº 514, Campus de Goiabeiras<br />
Prédio da Reitoria, 1º andar, CEP: 29075-910<br />
Vitória/ES &#8211; Brasil<br />
E-mail: revistauniversidade@ufes.br<br />
Telefone: (27) 4009-2204 &#8211; atualmente só estamos atendendo por e-mail</p>
<p>ISSN 2359-2095</p>
<p>O conteúdo desta revista pode ser reproduzido, desde que citada a fonte.</p>
<p><img loading="lazy" decoding="async" class="alignnone size-full wp-image-106" src="http://blog.ufes.br/revistauniversidade/files/2018/05/logoUfes.png" alt="" width="147" height="115" /></p>
<p>Universidade Federal do Espírito Santo • Ufes</p>
<p>Reitor<br />
Eustáquio de Castro</p>
<p>Vice-Reitora<br />
Sonia Lopes</p>
<p>Pró-Reitor de Administração<br />
Roney Pignaton da Silva</p>
<p>Pró-Reitor de Políticas Afirmativas e Assistência Estudantil<br />
Antonio Carlos Moraes</p>
<p>Pró-Reitor de Extensão<br />
Ednilson Silva Felipe</p>
<p>Pró-Reitora de Gestão de Pessoas<br />
Josiana Binda</p>
<p>Pró-Reitora de Graduação<br />
Regina Godinho</p>
<p>Pró-Reitora de Planejamento e Desenvolvimento Institucional<br />
Cristina Engel de Alvarez</p>
<p>Pró-Reitor de Pesquisa e Pós-Graduação<br />
Valdemar Lacerda Jr.</p>

<div class="mh-excerpt"><p>REVISTA UNIVERSIDADE Revista de divulgação científica produzida pela Secretaria de Comunicação (Secom) da Universidade Federal do Espírito Santo Secretária de Comunicação: Thereza Marinho Editora responsável: <a class="mh-excerpt-more" href="https://blog.ufes.br/revistauniversidade/expediente/" title="Expediente">[&#8230;]</a></p>
</div>

REVISTA UNIVERSIDADE Revista de divulgação científica produzida pela Secretaria de Comunicação (Secom) da Universidade Federal do Espírito Santo Secretária de Comunicação: Thereza Marinho Editora responsável: [...]
