{"id":110,"date":"2018-05-25T19:15:10","date_gmt":"2018-05-25T22:15:10","guid":{"rendered":"http:\/\/blog.ufes.br\/revistauniversidade\/?page_id=110"},"modified":"2025-08-14T18:06:25","modified_gmt":"2025-08-14T21:06:25","slug":"contato","status":"publish","type":"page","link":"https:\/\/blog.ufes.br\/revistauniversidade\/contato\/","title":{"rendered":"Contato"},"content":{"rendered":"<h1 id=\"page-title\" class=\"title\">Fale conosco<\/h1>\n<div class=\"region region-content\">\n<div id=\"block-system-main\" class=\"block block-system first last odd\">\n<div class=\"content\">\n<div id=\"node-86\" class=\"node node-page view-mode-full clearfix\">\n<div class=\"content\">\n<div class=\"field field-name-body field-type-text-with-summary field-label-hidden\">\n<div class=\"field-items\">\n<div class=\"field-item even\">\n<h3>Reclama\u00e7\u00f5es e sugest\u00f5es de membros da comunidade:<\/h3>\n<p><strong>Ouvidoria Geral<\/strong><br \/>\nTelefone: +55 (27) 4009-2209<br \/>\nE-mail:\u00a0<a class=\"spamspan\" href=\"mailto:ouvidoria%40ufes.br\">ouvidoria@ufes.br<\/a><br \/>\nS\u00edtio:\u00a0<a href=\"http:\/\/www.ouvidoria.ufes.br\/\">www.ouvidoria.ufes.br<\/a><\/p>\n<h3>Informa\u00e7\u00f5es e sugest\u00f5es sobre conte\u00fado:<\/h3>\n<p><strong>Secretaria de Comunica\u00e7\u00e3o (Supecc)<\/strong><br \/>\nTelefone: +55 (27) 4009-2204<br \/>\nE-mail:\u00a0<a class=\"spamspan\" href=\"mailto:jornalismo.supecc%40ufes.br\">revistauniversidade@ufes.br<\/a><\/p>\n<h3><strong>Suporte t\u00e9cnico do portal:<\/strong><\/h3>\n<p><strong>Superintend\u00eancia de Tecnologia da Informa\u00e7\u00e3o (STI)<\/strong><br \/>\n<strong>E-mail:\u00a0<\/strong><a class=\"spamspan\" href=\"mailto:suporte.portal%40ufes.br?subject=Portal%20Ufes%20-%20solicita%C3%A7%C3%A3o%20de%20suporte%20t%C3%A9cnico\">suporte.portal@ufes.br<\/a><\/p>\n<h3><\/h3>\n<\/div>\n<\/div>\n<\/div>\n<\/div>\n<\/div>\n<\/div>\n<\/div>\n<\/div>\n","protected":false},"excerpt":{"rendered":"<div class=\"mh-excerpt\"><p>Fale conosco Reclama\u00e7\u00f5es e sugest\u00f5es de membros da comunidade: Ouvidoria Geral Telefone: +55 (27) 4009-2209 E-mail:\u00a0ouvidoria@ufes.br S\u00edtio:\u00a0www.ouvidoria.ufes.br Informa\u00e7\u00f5es e sugest\u00f5es sobre conte\u00fado: Secretaria de Comunica\u00e7\u00e3o <a class=\"mh-excerpt-more\" href=\"https:\/\/blog.ufes.br\/revistauniversidade\/contato\/\" title=\"Contato\">[&#8230;]<\/a><\/p>\n<\/div>","protected":false},"author":316,"featured_media":0,"parent":0,"menu_order":0,"comment_status":"closed","ping_status":"closed","template":"","meta":{"_bbp_topic_count":0,"_bbp_reply_count":0,"_bbp_total_topic_count":0,"_bbp_total_reply_count":0,"_bbp_voice_count":0,"_bbp_anonymous_reply_count":0,"_bbp_topic_count_hidden":0,"_bbp_reply_count_hidden":0,"_bbp_forum_subforum_count":0,"_uag_custom_page_level_css":"","footnotes":""},"class_list":["post-110","page","type-page","status-publish","hentry"],"uagb_featured_image_src":{"full":false,"thumbnail":false,"medium":false,"medium_large":false,"large":false,"1536x1536":false,"2048x2048":false,"mh-magazine-lite-slider":false,"mh-magazine-lite-content":false,"mh-magazine-lite-large":false,"mh-magazine-lite-medium":false,"mh-magazine-lite-small":false},"uagb_author_info":{"display_name":"evandro.rosa","author_link":"https:\/\/blog.ufes.br\/revistauniversidade\/author\/evandro-rosa\/"},"uagb_comment_info":0,"uagb_excerpt":"Fale conosco Reclama\u00e7\u00f5es e sugest\u00f5es de membros da comunidade: Ouvidoria Geral Telefone: +55 (27) 4009-2209 E-mail:\u00a0ouvidoria@ufes.br S\u00edtio:\u00a0www.ouvidoria.ufes.br Informa\u00e7\u00f5es e sugest\u00f5es sobre conte\u00fado: Secretaria de Comunica\u00e7\u00e3o [...]","_links":{"self":[{"href":"https:\/\/blog.ufes.br\/revistauniversidade\/wp-json\/wp\/v2\/pages\/110","targetHints":{"allow":["GET"]}}],"collection":[{"href":"https:\/\/blog.ufes.br\/revistauniversidade\/wp-json\/wp\/v2\/pages"}],"about":[{"href":"https:\/\/blog.ufes.br\/revistauniversidade\/wp-json\/wp\/v2\/types\/page"}],"author":[{"embeddable":true,"href":"https:\/\/blog.ufes.br\/revistauniversidade\/wp-json\/wp\/v2\/users\/316"}],"replies":[{"embeddable":true,"href":"https:\/\/blog.ufes.br\/revistauniversidade\/wp-json\/wp\/v2\/comments?post=110"}],"version-history":[{"count":3,"href":"https:\/\/blog.ufes.br\/revistauniversidade\/wp-json\/wp\/v2\/pages\/110\/revisions"}],"predecessor-version":[{"id":3717,"href":"https:\/\/blog.ufes.br\/revistauniversidade\/wp-json\/wp\/v2\/pages\/110\/revisions\/3717"}],"wp:attachment":[{"href":"https:\/\/blog.ufes.br\/revistauniversidade\/wp-json\/wp\/v2\/media?parent=110"}],"curies":[{"name":"wp","href":"https:\/\/api.w.org\/{rel}","templated":true}]}}