{"id":2,"date":"2018-05-18T10:47:41","date_gmt":"2018-05-18T13:47:41","guid":{"rendered":"http:\/\/blog.ufes.br\/revistauniversidade\/?page_id=2"},"modified":"2021-02-01T11:01:30","modified_gmt":"2021-02-01T14:01:30","slug":"edicoes-anteriores","status":"publish","type":"page","link":"https:\/\/blog.ufes.br\/revistauniversidade\/edicoes-anteriores\/","title":{"rendered":"Edi\u00e7\u00f5es Anteriores"},"content":{"rendered":"\n<p>Edi\u00e7\u00e3o 10<\/p>\n\n\n\n<figure class=\"wp-block-image size-large\"><a href=\"https:\/\/blog.ufes.br\/revistauniversidade\/2019\/09\/09\/folhear-a-edicao-10-setembro-2019\/\"><img loading=\"lazy\" decoding=\"async\" width=\"250\" height=\"341\" src=\"https:\/\/blog.ufes.br\/revistauniversidade\/files\/2021\/02\/capa250x341-edicao-10.jpeg\" alt=\"\" class=\"wp-image-1515\" \/><\/a><\/figure>\n\n\n<p>Edi\u00e7\u00e3o 09<\/p>\n<div>\n<p><a href=\"https:\/\/blog.ufes.br\/revistauniversidade\/2018\/12\/13\/folhear-a-edicao-09-dezembro-2018\/\" rel=\"nofollow\"><img loading=\"lazy\" decoding=\"async\" style=\"width: 250px;height: 341px\" src=\"http:\/\/comunicacao.ufes.br\/sites\/comunicacao.ufes.br\/files\/imagem\/capa-revista-9_siteufes_0.jpg\" alt=\"\" width=\"250\" height=\"341\" \/><\/a><\/p>\n<\/div>\n<p>Edi\u00e7\u00e3o 08<\/p>\n<div><a href=\"https:\/\/blog.ufes.br\/revistauniversidade\/2018\/06\/07\/edicao-08\/\" rel=\"nofollow\"><img loading=\"lazy\" decoding=\"async\" style=\"width: 250px;height: 341px\" src=\"http:\/\/comunicacao.ufes.br\/sites\/comunicacao.ufes.br\/files\/imagem\/capa-revistauniversidade_8-web-site.jpg\" alt=\"\" width=\"250\" height=\"341\" \/><\/a><\/div>\n<p>Edi\u00e7\u00e3o 07<\/p>\n<p><a href=\"https:\/\/issuu.com\/ufes\/docs\/revistauniversidade_7_20-3_20-_20we\" rel=\"nofollow\"><img loading=\"lazy\" decoding=\"async\" style=\"width: 250px;height: 341px\" src=\"http:\/\/comunicacao.ufes.br\/sites\/comunicacao.ufes.br\/files\/imagem\/revuniversidade7_capa_pagcomunicacao.jpg\" alt=\"\" width=\"250\" height=\"341\" \/><\/a><\/p>\n<p>Edi\u00e7\u00e3o 06<\/p>\n<p><a href=\"https:\/\/issuu.com\/ufes\/docs\/revistauniversidade_6\" rel=\"nofollow\"><img loading=\"lazy\" decoding=\"async\" style=\"width: 250px;height: 341px\" src=\"http:\/\/comunicacao.ufes.br\/sites\/comunicacao.ufes.br\/files\/imagem\/revistauniversidade_6.jpg\" alt=\"\" width=\"250\" height=\"341\" \/><\/a><\/p>\n<p>Edi\u00e7\u00e3o 05<\/p>\n<p><a href=\"https:\/\/issuu.com\/ufes\/docs\/revistauniversidade_5\" rel=\"nofollow\"><img loading=\"lazy\" decoding=\"async\" src=\"http:\/\/comunicacao.ufes.br\/sites\/comunicacao.ufes.br\/files\/imagem\/revistauniversidade_5.jpg\" alt=\"\" width=\"250\" height=\"341\" \/><\/a><\/p>\n<p>Edi\u00e7\u00e3o 04<\/p>\n<p><a href=\"http:\/\/issuu.com\/ufes\/docs\/revistauniversidade4_issuu_v1\" rel=\"nofollow\"><img loading=\"lazy\" decoding=\"async\" src=\"http:\/\/comunicacao.ufes.br\/sites\/comunicacao.ufes.br\/files\/imagem\/capaRevistaUniversidade_ed04_web2.jpg\" alt=\"\" width=\"250\" height=\"341\" \/><\/a><\/p>\n<p>Edi\u00e7\u00e3o 03<\/p>\n<p><a href=\"http:\/\/issuu.com\/ufes\/docs\/revistauniversidade3_thaiana\" rel=\"nofollow\"><img loading=\"lazy\" decoding=\"async\" src=\"http:\/\/comunicacao.ufes.br\/sites\/comunicacao.ufes.br\/files\/imagem\/capaRevistaUniversidade_ed03_web.jpg\" alt=\"\" width=\"250\" height=\"341\" \/><\/a><\/p>\n<p>Edi\u00e7\u00e3o 02<\/p>\n<p><a href=\"http:\/\/issuu.com\/ufes\/docs\/revistauniversidade2\" rel=\"nofollow\"><img loading=\"lazy\" decoding=\"async\" src=\"http:\/\/comunicacao.ufes.br\/sites\/comunicacao.ufes.br\/files\/imagem\/capaRevistaUniversidade_ed02_web.jpg\" alt=\"\" width=\"250\" height=\"341\" \/><\/a><\/p>\n<p>Edi\u00e7\u00e3o 01<\/p>\n<p><a href=\"http:\/\/issuu.com\/ufes\/docs\/revistauniversidade_menor_tamanho_d\/1\" rel=\"nofollow\"><img loading=\"lazy\" decoding=\"async\" src=\"http:\/\/comunicacao.ufes.br\/sites\/comunicacao.ufes.br\/files\/imagem\/capa%20revista%2001_1.jpg\" alt=\"\" width=\"250\" height=\"342\" \/><\/a><\/p>","protected":false},"excerpt":{"rendered":"<div class=\"mh-excerpt\"><p>Edi\u00e7\u00e3o 10 Edi\u00e7\u00e3o 09 Edi\u00e7\u00e3o 08 Edi\u00e7\u00e3o 07 Edi\u00e7\u00e3o 06 Edi\u00e7\u00e3o 05 Edi\u00e7\u00e3o 04 Edi\u00e7\u00e3o 03 Edi\u00e7\u00e3o 02 Edi\u00e7\u00e3o 01<\/p>\n<\/div>","protected":false},"author":316,"featured_media":0,"parent":0,"menu_order":0,"comment_status":"closed","ping_status":"open","template":"","meta":{"_bbp_topic_count":0,"_bbp_reply_count":0,"_bbp_total_topic_count":0,"_bbp_total_reply_count":0,"_bbp_voice_count":0,"_bbp_anonymous_reply_count":0,"_bbp_topic_count_hidden":0,"_bbp_reply_count_hidden":0,"_bbp_forum_subforum_count":0,"_uag_custom_page_level_css":"","footnotes":""},"class_list":["post-2","page","type-page","status-publish","hentry"],"uagb_featured_image_src":{"full":false,"thumbnail":false,"medium":false,"medium_large":false,"large":false,"1536x1536":false,"2048x2048":false,"mh-magazine-lite-slider":false,"mh-magazine-lite-content":false,"mh-magazine-lite-large":false,"mh-magazine-lite-medium":false,"mh-magazine-lite-small":false},"uagb_author_info":{"display_name":"evandro.rosa","author_link":"https:\/\/blog.ufes.br\/revistauniversidade\/author\/evandro-rosa\/"},"uagb_comment_info":0,"uagb_excerpt":"Edi\u00e7\u00e3o 10 Edi\u00e7\u00e3o 09 Edi\u00e7\u00e3o 08 Edi\u00e7\u00e3o 07 Edi\u00e7\u00e3o 06 Edi\u00e7\u00e3o 05 Edi\u00e7\u00e3o 04 Edi\u00e7\u00e3o 03 Edi\u00e7\u00e3o 02 Edi\u00e7\u00e3o 01","_links":{"self":[{"href":"https:\/\/blog.ufes.br\/revistauniversidade\/wp-json\/wp\/v2\/pages\/2","targetHints":{"allow":["GET"]}}],"collection":[{"href":"https:\/\/blog.ufes.br\/revistauniversidade\/wp-json\/wp\/v2\/pages"}],"about":[{"href":"https:\/\/blog.ufes.br\/revistauniversidade\/wp-json\/wp\/v2\/types\/page"}],"author":[{"embeddable":true,"href":"https:\/\/blog.ufes.br\/revistauniversidade\/wp-json\/wp\/v2\/users\/316"}],"replies":[{"embeddable":true,"href":"https:\/\/blog.ufes.br\/revistauniversidade\/wp-json\/wp\/v2\/comments?post=2"}],"version-history":[{"count":11,"href":"https:\/\/blog.ufes.br\/revistauniversidade\/wp-json\/wp\/v2\/pages\/2\/revisions"}],"predecessor-version":[{"id":1517,"href":"https:\/\/blog.ufes.br\/revistauniversidade\/wp-json\/wp\/v2\/pages\/2\/revisions\/1517"}],"wp:attachment":[{"href":"https:\/\/blog.ufes.br\/revistauniversidade\/wp-json\/wp\/v2\/media?parent=2"}],"curies":[{"name":"wp","href":"https:\/\/api.w.org\/{rel}","templated":true}]}}