{"id":685,"date":"2012-03-22T18:37:57","date_gmt":"2012-03-22T18:37:57","guid":{"rendered":"http:\/\/www.showdefisica.org\/?page_id=2"},"modified":"2012-03-22T18:37:57","modified_gmt":"2012-03-22T18:37:57","slug":"pagina-exemplo","status":"publish","type":"page","link":"https:\/\/blog.ufes.br\/showdefisica\/","title":{"rendered":"Home"},"content":{"rendered":"<div style=\"margin: 0px 0px 10px 5px;text-align: justify;font: normal 14px Arial\">\n<p class=\"titulo1\" style=\"font-weight: normal\"><strong><a href=\"http:\/\/blog.ufes.br\/showdefisica\/files\/2012\/05\/IMG_9867-Max-Width-640-Max-Height-480.jpg\"><img loading=\"lazy\" decoding=\"async\" class=\"alignright size-medium wp-image-287\" alt=\"\" src=\"http:\/\/blog.ufes.br\/showdefisica\/files\/2012\/05\/IMG_9867-Max-Width-640-Max-Height-480-225x300.jpg\" width=\"225\" height=\"300\" srcset=\"https:\/\/blog.ufes.br\/showdefisica\/files\/2012\/05\/IMG_9867-Max-Width-640-Max-Height-480-225x300.jpg 225w, https:\/\/blog.ufes.br\/showdefisica\/files\/2012\/05\/IMG_9867-Max-Width-640-Max-Height-480.jpg 600w\" sizes=\"auto, (max-width: 225px) 100vw, 225px\" \/><\/a>O que \u00e9 o Show de F\u00edsica?<\/strong><\/p>\n<p class=\"titulo1\" style=\"font-weight: normal\"><strong><\/strong>O Show de F\u00edsica da UFES tem uma proposta de apresenta\u00e7\u00e3o em um estilo teatral onde os experimentos s\u00e3o a atra\u00e7\u00e3o principal\u00a0em cada cena. S\u00e3o\u00a0abordados fen\u00f4menos mec\u00e2nicos, termodin\u00e2micos, ondulat\u00f3rios e eletromagn\u00e9ticos. Durante o Show, volunt\u00e1rios da plateia s\u00e3o convidados a subir ao palco para medir sua beleza, coragem e afina\u00e7\u00e3o de voz perante as leis da F\u00edsica (h\u00e1 quem n\u00e3o concorde com elas!), e at\u00e9 mesmo a desafiar o campe\u00e3o mundial de tiros com arma de v\u00f3rtices, entre outras atividades. Ele \u00e9 conduzido por\u00a0tr\u00eas locutores dialogando entre si e integrando a plateia \u00e0 din\u00e2mica de apresenta\u00e7\u00e3o. O p\u00fablico alvo do Show s\u00e3o estudantes e professores de\u00a0Ensino M\u00e9dio.<\/p>\n<p class=\"titulo1\" style=\"font-weight: normal\">O objetivo desse tipo de apresenta\u00e7\u00e3o \u00e9 despertar a curiosidade do estudante para o estudo e entendimento dos fen\u00f4menos f\u00edsicos apresentados durante o Show.<\/p>\n<p class=\"titulo1\" style=\"font-weight: normal\"><strong>Projeto<\/strong><\/p>\n<p class=\"titulo1\" style=\"font-weight: normal\">O Show de F\u00edsica da Ufes \u00e9 um projeto de extens\u00e3o registrado no <strong><a title=\"SIEX\" href=\"http:\/\/siex1.ufes.br\/siex\/siex\/login.jsp\" target=\"_blank\">SIEX<\/a><\/strong>\u00a0e promovido pelo <strong><a title=\"PPGEnFis\" href=\"www.ensinodefisica.ufes.br\" target=\"_blank\">Programa de P\u00f3s Gradua\u00e7\u00e3o em Ensino de F\u00edsica<\/a><\/strong>\u00a0no \u00e2mbito das atividades de intera\u00e7\u00e3o entre a Gradua\u00e7\u00e3o e a P\u00f3s-Gradua\u00e7\u00e3o.<\/p>\n<p><strong>Hist\u00f3rico<\/strong><\/p>\n<p>A apresenta\u00e7\u00e3o de experimentos ao p\u00fablico no formato de Show teve in\u00edcio em 2006 com um grupo de estudantes e professores da Faculdade de Aracruz &#8211; FAACZ, no norte do Estado do Esp\u00edrito Santo. Inicialmente as apresenta\u00e7\u00f5es ocorreram para o p\u00fablico da pr\u00f3pria Institui\u00e7\u00e3o e em seguida, foram estendidas para escolas de ensino m\u00e9dio.<\/p>\n<p>Em janeiro de 2011, o Show de F\u00edsica foi apresentado no <strong><a href=\"http:\/\/www.sbfisica.org.br\/~snef\/xix\/\">XIX Simp\u00f3sio Nacional de Ensino de F\u00edsica &#8211; SNEF<\/a><\/strong> em Manaus. Em seguida, foi iniciada uma articula\u00e7\u00e3o com um grupo de cinco estudantes da Universidade Federal do Esp\u00edrito Santo &#8211; UFES. A concep\u00e7\u00e3o b\u00e1sica foi mantida e foi montada uma estrutura de apresenta\u00e7\u00e3o na UFES. As atividades para o p\u00fablico foram iniciadas em outubro de 2011 durante a Semana Nacional de Ci\u00eancia e Tecnologia, como parte da programa\u00e7\u00e3o da <strong><a href=\"http:\/\/www.cce.ufes.br\/mostra\">XIII Mostra de F\u00edsica e Astronomia da UFES<\/a><\/strong>.<\/p>\n<p>Durante o ano de 2012 o roteiro foi aperfei\u00e7oado, e alguns experimentos foram inclu\u00eddos na apresenta\u00e7\u00e3o. Nesse mesmo ano, a equipe fez oito apresenta\u00e7\u00f5es para escolas de Vit\u00f3ria e Vila Velha. Em janeiro de 2013, o\u00a0Show de F\u00edsica fez duas apresenta\u00e7\u00f5es no\u00a0<strong><a href=\"http:\/\/www.sbfisica.org.br\/~snef\/xx\/\">XX Simp\u00f3sio Nacional de Ensino de F\u00edsica &#8211; SNEF<\/a><\/strong>, em S\u00e3o Paulo.<\/p>\n<p>At\u00e9 este momento, um total aproximado de 1700 pessoas j\u00e1 visitou a apresenta\u00e7\u00e3o do Show de F\u00edsica.<\/p>\n<\/div>\n","protected":false},"excerpt":{"rendered":"<p>O que \u00e9 o Show de F\u00edsica? O Show de F\u00edsica da UFES tem uma proposta de apresenta\u00e7\u00e3o em um estilo teatral onde os experimentos s\u00e3o a atra\u00e7\u00e3o principal\u00a0em cada cena. S\u00e3o\u00a0abordados fen\u00f4menos mec\u00e2nicos, termodin\u00e2micos, ondulat\u00f3rios e eletromagn\u00e9ticos. Durante o &hellip; <a href=\"https:\/\/blog.ufes.br\/showdefisica\/\">Continue lendo <span class=\"meta-nav\">&rarr;<\/span><\/a><\/p>\n","protected":false},"author":144,"featured_media":0,"parent":0,"menu_order":0,"comment_status":"closed","ping_status":"open","template":"","meta":{"_bbp_topic_count":0,"_bbp_reply_count":0,"_bbp_total_topic_count":0,"_bbp_total_reply_count":0,"_bbp_voice_count":0,"_bbp_anonymous_reply_count":0,"_bbp_topic_count_hidden":0,"_bbp_reply_count_hidden":0,"_bbp_forum_subforum_count":0,"_uag_custom_page_level_css":"","footnotes":""},"class_list":["post-685","page","type-page","status-publish","hentry"],"uagb_featured_image_src":{"full":false,"thumbnail":false,"medium":false,"medium_large":false,"large":false,"1536x1536":false,"2048x2048":false,"post-thumbnail":false,"large-feature":false,"small-feature":false},"uagb_author_info":{"display_name":"Carlos Schneider","author_link":"https:\/\/blog.ufes.br\/showdefisica\/?author=144"},"uagb_comment_info":0,"uagb_excerpt":"O que \u00e9 o Show de F\u00edsica? O Show de F\u00edsica da UFES tem uma proposta de apresenta\u00e7\u00e3o em um estilo teatral onde os experimentos s\u00e3o a atra\u00e7\u00e3o principal\u00a0em cada cena. S\u00e3o\u00a0abordados fen\u00f4menos mec\u00e2nicos, termodin\u00e2micos, ondulat\u00f3rios e eletromagn\u00e9ticos. Durante o &hellip; Continue lendo &rarr;","_links":{"self":[{"href":"https:\/\/blog.ufes.br\/showdefisica\/index.php?rest_route=\/wp\/v2\/pages\/685","targetHints":{"allow":["GET"]}}],"collection":[{"href":"https:\/\/blog.ufes.br\/showdefisica\/index.php?rest_route=\/wp\/v2\/pages"}],"about":[{"href":"https:\/\/blog.ufes.br\/showdefisica\/index.php?rest_route=\/wp\/v2\/types\/page"}],"author":[{"embeddable":true,"href":"https:\/\/blog.ufes.br\/showdefisica\/index.php?rest_route=\/wp\/v2\/users\/144"}],"replies":[{"embeddable":true,"href":"https:\/\/blog.ufes.br\/showdefisica\/index.php?rest_route=%2Fwp%2Fv2%2Fcomments&post=685"}],"version-history":[{"count":0,"href":"https:\/\/blog.ufes.br\/showdefisica\/index.php?rest_route=\/wp\/v2\/pages\/685\/revisions"}],"wp:attachment":[{"href":"https:\/\/blog.ufes.br\/showdefisica\/index.php?rest_route=%2Fwp%2Fv2%2Fmedia&parent=685"}],"curies":[{"name":"wp","href":"https:\/\/api.w.org\/{rel}","templated":true}]}}