{"id":2,"date":"2015-03-16T18:17:57","date_gmt":"2015-03-16T18:17:57","guid":{"rendered":"http:\/\/blog.ufes.br\/sistemasembarcados\/?page_id=2"},"modified":"2015-03-17T16:45:23","modified_gmt":"2015-03-17T16:45:23","slug":"pagina-exemplo","status":"publish","type":"page","link":"https:\/\/blog.ufes.br\/sistemasembarcados\/pagina-exemplo\/","title":{"rendered":"Sistemas Embarcados"},"content":{"rendered":"<p>Este s\u00edtio serve com divulga\u00e7\u00e3o para todos de materiais que normalmente ficariam restritos ao Ambiente Virtual de Aprendizagem (Moodle).<\/p>\n<p>&nbsp;<\/p>\n","protected":false},"excerpt":{"rendered":"<p>Este s\u00edtio serve com divulga\u00e7\u00e3o para todos de materiais que normalmente ficariam restritos ao Ambiente Virtual de Aprendizagem (Moodle). &nbsp;<\/p>\n","protected":false},"author":218,"featured_media":0,"parent":0,"menu_order":0,"comment_status":"open","ping_status":"open","template":"","meta":{"_bbp_topic_count":0,"_bbp_reply_count":0,"_bbp_total_topic_count":0,"_bbp_total_reply_count":0,"_bbp_voice_count":0,"_bbp_anonymous_reply_count":0,"_bbp_topic_count_hidden":0,"_bbp_reply_count_hidden":0,"_bbp_forum_subforum_count":0,"_uag_custom_page_level_css":"","footnotes":""},"class_list":["post-2","page","type-page","status-publish","hentry"],"uagb_featured_image_src":{"full":false,"thumbnail":false,"medium":false,"medium_large":false,"large":false,"1536x1536":false,"2048x2048":false,"post-thumbnail":false,"list-post-thumbnail":false,"tile-post-thumbnail":false,"slideshow-thumbnail":false},"uagb_author_info":{"display_name":"hans.schneebeli","author_link":"https:\/\/blog.ufes.br\/sistemasembarcados\/author\/hans-schneebeli\/"},"uagb_comment_info":0,"uagb_excerpt":"Este s\u00edtio serve com divulga\u00e7\u00e3o para todos de materiais que normalmente ficariam restritos ao Ambiente Virtual de Aprendizagem (Moodle). &nbsp;","_links":{"self":[{"href":"https:\/\/blog.ufes.br\/sistemasembarcados\/wp-json\/wp\/v2\/pages\/2","targetHints":{"allow":["GET"]}}],"collection":[{"href":"https:\/\/blog.ufes.br\/sistemasembarcados\/wp-json\/wp\/v2\/pages"}],"about":[{"href":"https:\/\/blog.ufes.br\/sistemasembarcados\/wp-json\/wp\/v2\/types\/page"}],"author":[{"embeddable":true,"href":"https:\/\/blog.ufes.br\/sistemasembarcados\/wp-json\/wp\/v2\/users\/218"}],"replies":[{"embeddable":true,"href":"https:\/\/blog.ufes.br\/sistemasembarcados\/wp-json\/wp\/v2\/comments?post=2"}],"version-history":[{"count":2,"href":"https:\/\/blog.ufes.br\/sistemasembarcados\/wp-json\/wp\/v2\/pages\/2\/revisions"}],"predecessor-version":[{"id":40,"href":"https:\/\/blog.ufes.br\/sistemasembarcados\/wp-json\/wp\/v2\/pages\/2\/revisions\/40"}],"wp:attachment":[{"href":"https:\/\/blog.ufes.br\/sistemasembarcados\/wp-json\/wp\/v2\/media?parent=2"}],"curies":[{"name":"wp","href":"https:\/\/api.w.org\/{rel}","templated":true}]}}