{"id":81,"date":"2020-12-29T23:14:54","date_gmt":"2020-12-30T02:14:54","guid":{"rendered":"http:\/\/blog.ufes.br\/valdineicardoso\/?page_id=81"},"modified":"2020-12-29T23:16:52","modified_gmt":"2020-12-30T02:16:52","slug":"disciplinas-2020-2","status":"publish","type":"page","link":"https:\/\/blog.ufes.br\/valdineicardoso\/disciplinas-2020-2\/","title":{"rendered":"Disciplinas 2020\/2"},"content":{"rendered":"\n<p>DMA06968 &#8211; GEOMETRIA ANAL\u00cdTICA <\/p>\n\n\n\n<p><\/p>\n\n\n\n<p><\/p>\n\n\n\n<p>DMA11162 &#8211; OFICINAS DE ENSINO-APRENDIZAGEM DA MATEM\u00c1TICA <\/p>\n\n\n\n<p><\/p>\n\n\n\n<p><\/p>\n\n\n\n<p>DMA13760 &#8211; PCC2 &#8211; METODOLOGIA DE PESQUISA EDUCACIONAL <\/p>\n\n\n\n<p><\/p>\n\n\n\n<p><\/p>\n\n\n\n<p>PGEB1062 &#8211; DID\u00c1TICA DA MATEM\u00c1TICA FRANCESA<\/p>\n","protected":false},"excerpt":{"rendered":"<div class=\"mh-excerpt\"><p>DMA06968 &#8211; GEOMETRIA ANAL\u00cdTICA DMA11162 &#8211; OFICINAS DE ENSINO-APRENDIZAGEM DA MATEM\u00c1TICA DMA13760 &#8211; PCC2 &#8211; METODOLOGIA DE PESQUISA EDUCACIONAL PGEB1062 &#8211; DID\u00c1TICA DA MATEM\u00c1TICA FRANCESA<\/p>\n<\/div>","protected":false},"author":326,"featured_media":0,"parent":0,"menu_order":0,"comment_status":"closed","ping_status":"closed","template":"","meta":{"_bbp_topic_count":0,"_bbp_reply_count":0,"_bbp_total_topic_count":0,"_bbp_total_reply_count":0,"_bbp_voice_count":0,"_bbp_anonymous_reply_count":0,"_bbp_topic_count_hidden":0,"_bbp_reply_count_hidden":0,"_bbp_forum_subforum_count":0,"_uag_custom_page_level_css":"","footnotes":""},"class_list":["post-81","page","type-page","status-publish","hentry"],"uagb_featured_image_src":{"full":false,"thumbnail":false,"medium":false,"medium_large":false,"large":false,"1536x1536":false,"2048x2048":false,"mh-magazine-lite-slider":false,"mh-magazine-lite-content":false,"mh-magazine-lite-large":false,"mh-magazine-lite-medium":false,"mh-magazine-lite-small":false},"uagb_author_info":{"display_name":"valdinei.cardoso","author_link":"https:\/\/blog.ufes.br\/valdineicardoso\/author\/valdinei-cardoso\/"},"uagb_comment_info":0,"uagb_excerpt":"DMA06968 &#8211; GEOMETRIA ANAL\u00cdTICA DMA11162 &#8211; OFICINAS DE ENSINO-APRENDIZAGEM DA MATEM\u00c1TICA DMA13760 &#8211; PCC2 &#8211; METODOLOGIA DE PESQUISA EDUCACIONAL PGEB1062 &#8211; DID\u00c1TICA DA MATEM\u00c1TICA FRANCESA","_links":{"self":[{"href":"https:\/\/blog.ufes.br\/valdineicardoso\/wp-json\/wp\/v2\/pages\/81","targetHints":{"allow":["GET"]}}],"collection":[{"href":"https:\/\/blog.ufes.br\/valdineicardoso\/wp-json\/wp\/v2\/pages"}],"about":[{"href":"https:\/\/blog.ufes.br\/valdineicardoso\/wp-json\/wp\/v2\/types\/page"}],"author":[{"embeddable":true,"href":"https:\/\/blog.ufes.br\/valdineicardoso\/wp-json\/wp\/v2\/users\/326"}],"replies":[{"embeddable":true,"href":"https:\/\/blog.ufes.br\/valdineicardoso\/wp-json\/wp\/v2\/comments?post=81"}],"version-history":[{"count":3,"href":"https:\/\/blog.ufes.br\/valdineicardoso\/wp-json\/wp\/v2\/pages\/81\/revisions"}],"predecessor-version":[{"id":86,"href":"https:\/\/blog.ufes.br\/valdineicardoso\/wp-json\/wp\/v2\/pages\/81\/revisions\/86"}],"wp:attachment":[{"href":"https:\/\/blog.ufes.br\/valdineicardoso\/wp-json\/wp\/v2\/media?parent=81"}],"curies":[{"name":"wp","href":"https:\/\/api.w.org\/{rel}","templated":true}]}}