{"id":2,"date":"2017-08-01T15:11:30","date_gmt":"2017-08-01T18:11:30","guid":{"rendered":"http:\/\/blog.ufes.br\/vicenzi\/?page_id=2"},"modified":"2017-08-20T16:58:12","modified_gmt":"2017-08-20T19:58:12","slug":"extensao","status":"publish","type":"page","link":"https:\/\/blog.ufes.br\/vicenzi\/extensao\/","title":{"rendered":"Extens\u00e3o"},"content":{"rendered":"<p><span style=\"color: #000000\">Ir para\u00a0<a href=\"https:\/\/blog.ufes.br\/vicenzi\/cordenadoria-do-ccje\">Coordenadoria do Centro de Ci\u00eancias Jur\u00eddicas e Econ\u00f4micas<\/a>.<\/span><\/p>\n<p><span style=\"color: #000000\">Ir para\u00a0<a href=\"https:\/\/blog.ufes.br\/vicenzi\/programasprojetos\">Programas e Projetos de Extens\u00e3o<\/a>.<\/span><\/p>\n","protected":false},"excerpt":{"rendered":"<p>Ir para\u00a0Coordenadoria do Centro de Ci\u00eancias Jur\u00eddicas e Econ\u00f4micas. Ir para\u00a0Programas e Projetos de Extens\u00e3o.<\/p>\n","protected":false},"author":315,"featured_media":0,"parent":0,"menu_order":0,"comment_status":"closed","ping_status":"open","template":"","meta":{"_bbp_topic_count":0,"_bbp_reply_count":0,"_bbp_total_topic_count":0,"_bbp_total_reply_count":0,"_bbp_voice_count":0,"_bbp_anonymous_reply_count":0,"_bbp_topic_count_hidden":0,"_bbp_reply_count_hidden":0,"_bbp_forum_subforum_count":0,"_uag_custom_page_level_css":"","footnotes":""},"class_list":["post-2","page","type-page","status-publish","hentry"],"uagb_featured_image_src":{"full":false,"thumbnail":false,"medium":false,"medium_large":false,"large":false,"1536x1536":false,"2048x2048":false,"post-thumbnail":false},"uagb_author_info":{"display_name":"Brunela Vieira de Vincenzi","author_link":"https:\/\/blog.ufes.br\/vicenzi\/author\/brunela-vicenzi\/"},"uagb_comment_info":0,"uagb_excerpt":"Ir para\u00a0Coordenadoria do Centro de Ci\u00eancias Jur\u00eddicas e Econ\u00f4micas. Ir para\u00a0Programas e Projetos de Extens\u00e3o.","_links":{"self":[{"href":"https:\/\/blog.ufes.br\/vicenzi\/wp-json\/wp\/v2\/pages\/2","targetHints":{"allow":["GET"]}}],"collection":[{"href":"https:\/\/blog.ufes.br\/vicenzi\/wp-json\/wp\/v2\/pages"}],"about":[{"href":"https:\/\/blog.ufes.br\/vicenzi\/wp-json\/wp\/v2\/types\/page"}],"author":[{"embeddable":true,"href":"https:\/\/blog.ufes.br\/vicenzi\/wp-json\/wp\/v2\/users\/315"}],"replies":[{"embeddable":true,"href":"https:\/\/blog.ufes.br\/vicenzi\/wp-json\/wp\/v2\/comments?post=2"}],"version-history":[{"count":2,"href":"https:\/\/blog.ufes.br\/vicenzi\/wp-json\/wp\/v2\/pages\/2\/revisions"}],"predecessor-version":[{"id":186,"href":"https:\/\/blog.ufes.br\/vicenzi\/wp-json\/wp\/v2\/pages\/2\/revisions\/186"}],"wp:attachment":[{"href":"https:\/\/blog.ufes.br\/vicenzi\/wp-json\/wp\/v2\/media?parent=2"}],"curies":[{"name":"wp","href":"https:\/\/api.w.org\/{rel}","templated":true}]}}