{"id":92,"date":"2017-08-01T23:44:54","date_gmt":"2017-08-02T02:44:54","guid":{"rendered":"http:\/\/blog.ufes.br\/vicenzi\/?page_id=92"},"modified":"2017-08-20T17:18:49","modified_gmt":"2017-08-20T20:18:49","slug":"livros","status":"publish","type":"page","link":"https:\/\/blog.ufes.br\/vicenzi\/livros\/","title":{"rendered":"LIVROS E CAP\u00cdTULOS"},"content":{"rendered":"<h2><span style=\"color: #000000\">LIVROS<\/span><\/h2>\n<p><span style=\"color: #000000\">1. <strong>VINCENZI, Brunela Vieira de.<\/strong> <em><strong><a href=\"https:\/\/www.amazon.de\/Zur-Re-Individualisierung-Grundrechtswirkungen-Grundrechts-Religionsfreiheit\/dp\/393943020X\" target=\"_blank\" rel=\"noopener\">Zur Re-Individualisierung der Grundrechtewirkungen<\/a> (Re-individualiza\u00e7\u00e3o dos efeitos dos direitos fundamentais no exemplo do direito \u00e0 liberdade religiosa)<\/strong><\/em>. 1. ed. Berlim: Pro-Business, 2007. v. 1. 156p .<\/span><\/p>\n<p><span style=\"color: #000000\">2. <strong>VINCENZI, Brunela Vieira de<\/strong>. <a href=\"https:\/\/www.saraiva.com.br\/a-boa-fe-no-processo-civil-128881.html\" target=\"_blank\" rel=\"noopener\"><strong><em>A Boa-F\u00e9 no Processo Civil<\/em><\/strong><\/a>. 1. ed. S\u00e3o Paulo-SP: Atlas, 2003. v. 1. 192p .<\/span><\/p>\n<h2><span style=\"color: #000000\"><strong>CAP\u00cdTULOS DE LIVROS<\/strong><\/span><\/h2>\n<p><span style=\"color: #000000\">1.<strong> VINCENZI, Brunela Vieira de<\/strong>; OLIVEIRA, F. P. A. <strong><em>Estamos Indo em Dire\u00e7\u00e3o \u00e0 Fun\u00e7\u00e3o Social da Posse? An\u00e1lise das Inova\u00e7\u00f5es para Julgamento de Conflitos Possess\u00f3rios Coletivos no NovoCPC<\/em><\/strong>. In: Fredie Didier Jr., Lucas Buril de Mac\u00eado, Ravi Peixoto e Alexandre Freire. (Org.). COLE\u00c7\u00c3O NOVO CPC &#8211; DOUTRINA SELECIONADA &#8211; V.4 &#8211; PROCEDIMENTOS ESPECIAIS, TUTELA PROVIS\u00d3RIA E DIREITO TRANSIT\u00d3RIO (2016). 2a.ed.Salvador: Editora Juspodivm, 2016, v. 4, p. 373-392.<\/span><\/p>\n<p><span style=\"color: #000000\">2. Rezende, Ariadi S. ; <strong>VINCENZI, Brunela Vieira .<\/strong> <em><strong>Media\u00e7\u00e3o como forma de reconhecimento e empoderamento do indiv\u00edduo<\/strong><\/em>. In: Hermes Zaneti Jr.; Tr\u00edcia Navarro Xavier Cabral. (Org.). COLE\u00c7\u00c3O GRANDES TEMAS DO NOVO CPC &#8211; V.9 &#8211; JUSTI\u00c7A MULTIPORTAS Media\u00e7\u00e3o, Concilia\u00e7\u00e3o, Arbitragem e outros meios de solu\u00e7\u00e3o adequada de conflitos. 1.ed.Salvador: JusPodivm, 2016, v. V. 9, p. 529-540.<\/span><\/p>\n<p><span style=\"color: #000000\">3. SIVIERO, K. ; <strong>VINCENZI, Brunela Vieira<\/strong> . <em><strong>Experi\u00eancia do Programa de Media\u00e7\u00e3o de Conflitos da Secretaria Municipal de Cidadania<\/strong><\/em>. In: Hermes Zaneti Jr.; Tr\u00edcia Navarro Xavier Cabral. (Org.). experi\u00eancia do Programa de Media\u00e7\u00e3o de Conflitos da Secretaria Municipal de Cidadania. 1.ed.Salvador: JusPodivm, 2016, v. V. 9, p. 569-588.<\/span><\/p>\n<p><span style=\"color: #000000\">4. <strong>VINCENZI, Brunela Vieira<\/strong>; OLIVEIRA, F. P. A. . <strong><em>A cl\u00e1usula geral da boa-f\u00e9 e a media\u00e7\u00e3o no bloco das a\u00e7\u00f5es de fam\u00edlia no novo C\u00f3digo de Processo Civil<\/em><\/strong>. In: Rodrigo Mazzei; Fernanda Tartuce; S\u00e9rgio Barradas Carneiro. (Org.). COLE\u00c7\u00c3O REPERCUSS\u00d5ES DO NOVO CPC &#8211; V.15 &#8211; FAM\u00cdLIAS E SUCESS\u00d5ES. 1a.ed.Salvador: Editora Juspodivm, 2016, v. 15, p. 183-198.<\/span><\/p>\n<p><span style=\"color: #000000\">5. <strong>VINCENZI, Brunela Vieira de;<\/strong> Rezende, Ariadi S. . <strong><em>O Princ\u00edpio do Contradit\u00f3rio como um dos meios de efetiva\u00e7\u00e3o do acesso \u00e0 justi\u00e7a<\/em><\/strong>. In: Luiz Fernando Bellinetti; Maria Goretti Dal Bosco; Gabriela Maia Rebou\u00e7as. (Org.). Acesso \u00e0 Justi\u00e7a III. 1.ed.: CONPEDI 2014, 2015, v. , p. 208-227.<\/span><\/p>\n<p><span style=\"color: #000000\">6. <strong>VINCENZI, Brunela Vieira de<\/strong>; Velten, Paulo . <em><strong>O Modus Operandi da Ditadura Militar e a Seguran\u00e7a Nacional<\/strong><\/em>. In: Ivanice Gon\u00e7alves Muniz; Ediane Esmerila Dias da Silva. (Org.). Mem\u00f3ria, Verdade e Justi\u00e7a de Transi\u00e7\u00e3o. 1.ed.: CONPEDI 2014, 2015, v. , p. 227-240.<\/span><\/p>\n<p><span style=\"color: #000000\">7. <strong>VINCENZI, Brunela;<\/strong> SARTORIO, F. . <em><strong>Violence as an effect of miss recognition<\/strong><\/em>. In: Thiago Paluma; Wagner Menezes; Fernando Rodrigues Martins. (Org.). Estudos Avan\u00e7ados em Direito Internacional. 1ed.Belo Horizonte: Arraes Editores, 2015, v. , p. 165-174.<\/span><\/p>\n<p><span style=\"color: #000000\">8. <strong>VINCENZI, Brunela<\/strong>; BLOTTA, Vitor Souza Lima ; LEVY, W. . <em><strong>Recognition and Transitional Justice in Brazil: a Critical Theory Approach on Reasons for a Truth Commission on the Dictatorial Regime of 1964-1985<\/strong><\/em>. In: Nythamar de Oliveira; Marek Hrubec; Emil Sobottka; Giovani Saavedra. (Org.). Justice and Recognition On Axel Honneth and Critical Theory. 1ed.Prague: Filosofia, 2015, v. 1, p. 239-264.<\/span><\/p>\n<p><span style=\"color: #000000\">9. <strong>VINCENZI, Brunela<\/strong>; OLIVEIRA, F. P. A. . <strong><em>A media\u00e7\u00e3o nas a\u00e7\u00f5es possess\u00f3ria coletivas no novo CPC<\/em>.<\/strong> In: Alexandre Freire, Fredie Didier Jr., Lucas Buril de Mac\u00eado; Ravi Medeiros Peixoto. (Org.). Cole\u00e7\u00e3o Novo CPC &#8211; Doutrina Selecionada &#8211; v.4 &#8211; Procedimentos Especiais, Tutela Provis\u00f3ria e Direito Transit\u00f3rio. 1ed.Salvador: Editora Juspodivm, 2015, v. 4, p. 1-20.<\/span><\/p>\n<p><span style=\"color: #000000\">10. REZENDE, Ariadi S.; <strong>VINCENZI, Brunela Vieira de<\/strong>. <strong><em>A intersubjetividade e o reconhecimento do indiv\u00edduo atrav\u00e9s da media\u00e7\u00e3o sob a perspectiva de Axel Honneth<\/em><\/strong>. In: Ricardo Soares Stersi dos Santos: Jussara Suzi Assis Borges Nasser Ferreira; Daniel Rivor\u00eado Vilas Boas.. (Org.). DIREITO PRIVADO, FORMAS DE RESOLU\u00c7\u00c3O DE CONTROV\u00c9RSIAS E DIREITO FUNDAMENTAIS. 1ed.Florian\u00f3polis: CONPEDI, 2015, v. 1, p. 181-196.<\/span><\/p>\n<p><span style=\"color: #000000\">11. MOSCHEN, V. R. B.; <strong>VINCENZI, Brunela Vieira de<\/strong>. <strong><em>Reforma Processual Brasileira Entre o Multilateralismo e o Nacionalismo: Uma Reflex\u00e3o Sobre as Possibilidade e os Limites da Derogatio Fori no Brasil e sua Ades\u00e3o a Conven\u00e7\u00e3o de Haia de 2005 Sobre as Cl\u00e1usulas de Elei\u00e7\u00e3o de Foro nos Contratos Internacionais.<\/em><\/strong>\u00a0In: Orides Mezzaroba, Fernando Galindo Ayuda. (Org.). Reforma Processual Brasileira Entre o Multilateralismo e o Nacionalismo: Uma Reflex\u00e3o Sobre as Possibilidade e os Limites da Derogatio Fori no Brasil e sua Ades\u00e3o a Conven\u00e7\u00e3o de Haia de 2005 Sobre as Cl\u00e1usulas de Elei\u00e7\u00e3o de Foro nos Contratos Inter.. 1ed.Barcelona: Ediciones Laborum, 2015, v. 09, p. 165-185.<\/span><\/p>\n<p><span style=\"color: #000000\">12. SIVIERO, K. ; <strong>VINCENZI, Brunela Vieira de<\/strong>. <strong><em>A Media\u00e7\u00e3o como instrumento de Justi\u00e7a: uma an\u00e1lise a partir da perspectiva da crise do Judici\u00e1rio<\/em><\/strong>. In: COURA, Alexandre de Castro; CHAI, C\u00e1ssius Guimar\u00e3es. (Org.). Media\u00e7\u00e3o, Sistema de justi\u00e7a e Administra\u00e7\u00e3o P\u00fablica: o Poder Judici\u00e1rio, o Minist\u00e9rio P\u00fablico e a Advocacia P\u00fablica. 1ed.Bras\u00edlia-DF: Jornal da Justi\u00e7a, 2014, v. 1, p. 42-61.<\/span><\/p>\n<p><span style=\"color: #000000\">13. <strong>VINCENZI, Brunela Vieira de<\/strong>; Saito Sampaio, Luiza . <strong><em>International jurisdictions and procedural laws: Brazil<\/em><\/strong>. In: Thomas Thalhofer. (Org.). Handbuch IT-Litigation. 1.ed.K\u00f6ln\/Col\u00f4nia, Alemanha: Verlag Dr. Otto Schidt, 2012, v. , p. 497-521.<\/span><\/p>\n<p><span style=\"color: #000000\">14. <strong>VINCENZI, Brunela Vieira de<\/strong>; LEVY, W. ; BLOTTA, Vitor Souza Lima. <strong><em>Reconhecimento, Mem\u00f3ria Hist\u00f3rica e Justi\u00e7a Transicional no Brasil: argumentos frankfurtianos por uma comiss\u00e3o de verdade sore o regime ditatorial de 1964-1985<\/em><\/strong>. In: Eduardo C. B. Bittar. (Org.). Hist\u00f3ria do Direito Brasileiro. 2.ed.Sao Paulo: Editora Atlas, 2010, v. , p. 461-476.<\/span><\/p>\n<p><span style=\"color: #000000\">15. <strong>VINCENZI, Brunela Vieira de. <a href=\"https:\/\/www.academia.edu\/32145269\/Guinada_Semanti_ca_individuo_pessoa_individualismo_individualizacao_e_sujeito_de_direitos_fundamentais\" target=\"_blank\" rel=\"noopener\"><em>Guinada Sem\u00e2ntica: Indiv\u00edduo, Pessoa, Individualiza\u00e7\u00e3o e Sujeito de Direitos Fundamentais.<\/em><\/a><\/strong> In: CARLINI, Ang\u00e9lica Luci\u00e1; NALINI, Jos\u00e9 Renato. (Org.). Forma\u00e7\u00e3o Jur\u00eddica e Direitos Humanos. 1.ed.: , 2009, v. , p. 99-116.<\/span><\/p>\n","protected":false},"excerpt":{"rendered":"<p>LIVROS 1. VINCENZI, Brunela Vieira de. Zur Re-Individualisierung der Grundrechtewirkungen (Re-individualiza\u00e7\u00e3o dos efeitos dos direitos fundamentais no exemplo do direito \u00e0 liberdade religiosa). 1. ed. Berlim: Pro-Business, 2007. v. 1. 156p . 2. VINCENZI, Brunela Vieira de. A Boa-F\u00e9 no Processo Civil. 1. ed. S\u00e3o Paulo-SP: Atlas, 2003. v. 1. 192p . CAP\u00cdTULOS DE LIVROS [&hellip;]<\/p>\n","protected":false},"author":315,"featured_media":0,"parent":0,"menu_order":0,"comment_status":"closed","ping_status":"closed","template":"","meta":{"_bbp_topic_count":0,"_bbp_reply_count":0,"_bbp_total_topic_count":0,"_bbp_total_reply_count":0,"_bbp_voice_count":0,"_bbp_anonymous_reply_count":0,"_bbp_topic_count_hidden":0,"_bbp_reply_count_hidden":0,"_bbp_forum_subforum_count":0,"_uag_custom_page_level_css":"","footnotes":""},"class_list":["post-92","page","type-page","status-publish","hentry"],"uagb_featured_image_src":{"full":false,"thumbnail":false,"medium":false,"medium_large":false,"large":false,"1536x1536":false,"2048x2048":false,"post-thumbnail":false},"uagb_author_info":{"display_name":"Brunela Vieira de Vincenzi","author_link":"https:\/\/blog.ufes.br\/vicenzi\/author\/brunela-vicenzi\/"},"uagb_comment_info":0,"uagb_excerpt":"LIVROS 1. VINCENZI, Brunela Vieira de. Zur Re-Individualisierung der Grundrechtewirkungen (Re-individualiza\u00e7\u00e3o dos efeitos dos direitos fundamentais no exemplo do direito \u00e0 liberdade religiosa). 1. ed. Berlim: Pro-Business, 2007. v. 1. 156p . 2. VINCENZI, Brunela Vieira de. A Boa-F\u00e9 no Processo Civil. 1. ed. S\u00e3o Paulo-SP: Atlas, 2003. v. 1. 192p . CAP\u00cdTULOS DE LIVROS&hellip;","_links":{"self":[{"href":"https:\/\/blog.ufes.br\/vicenzi\/wp-json\/wp\/v2\/pages\/92","targetHints":{"allow":["GET"]}}],"collection":[{"href":"https:\/\/blog.ufes.br\/vicenzi\/wp-json\/wp\/v2\/pages"}],"about":[{"href":"https:\/\/blog.ufes.br\/vicenzi\/wp-json\/wp\/v2\/types\/page"}],"author":[{"embeddable":true,"href":"https:\/\/blog.ufes.br\/vicenzi\/wp-json\/wp\/v2\/users\/315"}],"replies":[{"embeddable":true,"href":"https:\/\/blog.ufes.br\/vicenzi\/wp-json\/wp\/v2\/comments?post=92"}],"version-history":[{"count":8,"href":"https:\/\/blog.ufes.br\/vicenzi\/wp-json\/wp\/v2\/pages\/92\/revisions"}],"predecessor-version":[{"id":196,"href":"https:\/\/blog.ufes.br\/vicenzi\/wp-json\/wp\/v2\/pages\/92\/revisions\/196"}],"wp:attachment":[{"href":"https:\/\/blog.ufes.br\/vicenzi\/wp-json\/wp\/v2\/media?parent=92"}],"curies":[{"name":"wp","href":"https:\/\/api.w.org\/{rel}","templated":true}]}}